This is the mail archive of the
gcc-testresults@gcc.gnu.org
mailing list for the GCC project.
Results for 4.1.2 20070125 (prerelease) testsuite on i686-pc-linux-gnu
- From: Chris Douty <Chris_Douty at ampex dot com>
- To: gcc-testresults at gcc dot gnu dot org
- Date: Thu, 25 Jan 2007 10:55:39 -0800
- Subject: Results for 4.1.2 20070125 (prerelease) testsuite on i686-pc-linux-gnu
LAST_UPDATED: Thu Jan 25 00:34:00 UTC 2007 (revision 121154)
=== acats tests ===
=== acats Summary ===
# of expected passes 2317
# of unexpected failures 0
Native configuration is i686-pc-linux-gnu
=== gcc tests ===
Running target unix
FAIL: gcc.dg/cleanup-10.c execution test
FAIL: gcc.dg/cleanup-11.c execution test
FAIL: gcc.dg/cleanup-8.c execution test
FAIL: gcc.dg/cleanup-9.c execution test
FAIL: gcc.dg/vect/pr20122.c scan-tree-dump-times vectorized 1 loops 2
=== gcc Summary ===
# of expected passes 38978
# of unexpected failures 5
# of expected failures 101
# of untested testcases 28
# of unsupported tests 246
/localhome/cdouty/src/gcc-stuff/i686-pc-linux-gnu/gcc/xgcc version
4.1.2 20070125 (prerelease)
=== gfortran tests ===
Running target unix
=== gfortran Summary ===
# of expected passes 13590
# of expected failures 13
# of unsupported tests 16
/localhome/cdouty/src/gcc-stuff/i686-pc-linux-gnu/gcc/testsuite/
gfortran/../../gfortran version 4.1.2 20070125 (prerelease)
=== g++ tests ===
Running target unix
XPASS: g++.dg/tree-ssa/pr14814.C scan-tree-dump-times &this 0
XPASS: g++.old-deja/g++.other/init5.C execution test
=== g++ Summary ===
# of expected passes 12430
# of unexpected successes 2
# of expected failures 66
# of unsupported tests 69
/localhome/cdouty/src/gcc-stuff/i686-pc-linux-gnu/gcc/testsuite/g+
+/../../g++ version 4.1.2 20070125 (prerelease)
=== obj-c++ tests ===
Running target unix
FAIL: obj-c++.dg/cxx-ivars-2.mm execution test
FAIL: obj-c++.dg/encode-8.mm execution test
FAIL: obj-c++.dg/isa-field-1.mm (test for excess errors)
FAIL: obj-c++.dg/lookup-2.mm (test for excess errors)
WARNING: obj-c++.dg/lookup-2.mm compilation failed to produce executable
FAIL: obj-c++.dg/try-catch-2.mm (test for excess errors)
WARNING: obj-c++.dg/try-catch-2.mm compilation failed to produce
executable
FAIL: obj-c++.dg/try-catch-9.mm (test for excess errors)
WARNING: obj-c++.dg/try-catch-9.mm compilation failed to produce
executable
=== obj-c++ Summary ===
# of expected passes 423
# of unexpected failures 6
# of unsupported tests 13
/localhome/cdouty/src/gcc-stuff/i686-pc-linux-gnu/gcc/testsuite/obj-c+
+/../../g++ version 4.1.2 20070125 (prerelease)
=== objc tests ===
Running target unix
=== objc Summary ===
# of expected passes 1722
# of unsupported tests 22
/localhome/cdouty/src/gcc-stuff/i686-pc-linux-gnu/gcc/xgcc version
4.1.2 20070125 (prerelease)
=== libffi tests ===
Running target unix
=== libffi Summary ===
# of expected passes 228
# of unsupported tests 2
=== libjava tests ===
Running target unix
=== libjava Summary ===
# of expected passes 4060
# of expected failures 10
# of untested testcases 8
=== libmudflap tests ===
Running target unix
FAIL: libmudflap.cth/pass37-frag.c (-static -DSTATIC) execution test
FAIL: libmudflap.cth/pass37-frag.c (-static -DSTATIC) output pattern
test
FAIL: libmudflap.cth/pass37-frag.c (-static -DSTATIC) (rerun 1)
execution test
FAIL: libmudflap.cth/pass37-frag.c (-static -DSTATIC) (rerun 1)
output pattern test
FAIL: libmudflap.cth/pass37-frag.c (-static -DSTATIC) (rerun 2)
execution test
FAIL: libmudflap.cth/pass37-frag.c (-static -DSTATIC) (rerun 2)
output pattern test
FAIL: libmudflap.cth/pass37-frag.c (-static -DSTATIC) (rerun 3)
execution test
FAIL: libmudflap.cth/pass37-frag.c (-static -DSTATIC) (rerun 3)
output pattern test
FAIL: libmudflap.cth/pass37-frag.c (-static -DSTATIC) (rerun 4)
execution test
FAIL: libmudflap.cth/pass37-frag.c (-static -DSTATIC) (rerun 4)
output pattern test
FAIL: libmudflap.cth/pass37-frag.c (-static -DSTATIC) (rerun 5)
execution test
FAIL: libmudflap.cth/pass37-frag.c (-static -DSTATIC) (rerun 5)
output pattern test
FAIL: libmudflap.cth/pass37-frag.c (-static -DSTATIC) (rerun 6)
execution test
FAIL: libmudflap.cth/pass37-frag.c (-static -DSTATIC) (rerun 6)
output pattern test
FAIL: libmudflap.cth/pass37-frag.c (-static -DSTATIC) (rerun 7)
execution test
FAIL: libmudflap.cth/pass37-frag.c (-static -DSTATIC) (rerun 7)
output pattern test
FAIL: libmudflap.cth/pass37-frag.c (-static -DSTATIC) (rerun 8)
execution test
FAIL: libmudflap.cth/pass37-frag.c (-static -DSTATIC) (rerun 8)
output pattern test
FAIL: libmudflap.cth/pass37-frag.c (-static -DSTATIC) (rerun 9)
execution test
FAIL: libmudflap.cth/pass37-frag.c (-static -DSTATIC) (rerun 9)
output pattern test
FAIL: libmudflap.cth/pass37-frag.c (-static -DSTATIC) (rerun 10)
execution test
FAIL: libmudflap.cth/pass37-frag.c (-static -DSTATIC) (rerun 10)
output pattern test
FAIL: libmudflap.cth/pass37-frag.c (-static -DSTATIC) (rerun 11)
execution test
FAIL: libmudflap.cth/pass37-frag.c (-static -DSTATIC) (rerun 11)
output pattern test
FAIL: libmudflap.cth/pass37-frag.c (-static -DSTATIC) (rerun 12)
execution test
FAIL: libmudflap.cth/pass37-frag.c (-static -DSTATIC) (rerun 12)
output pattern test
FAIL: libmudflap.cth/pass37-frag.c (-static -DSTATIC) (rerun 13)
execution test
FAIL: libmudflap.cth/pass37-frag.c (-static -DSTATIC) (rerun 13)
output pattern test
FAIL: libmudflap.cth/pass37-frag.c (-static -DSTATIC) (rerun 14)
execution test
FAIL: libmudflap.cth/pass37-frag.c (-static -DSTATIC) (rerun 14)
output pattern test
FAIL: libmudflap.cth/pass37-frag.c (-static -DSTATIC) (rerun 15)
execution test
FAIL: libmudflap.cth/pass37-frag.c (-static -DSTATIC) (rerun 15)
output pattern test
FAIL: libmudflap.cth/pass37-frag.c (-static -DSTATIC) (rerun 16)
execution test
FAIL: libmudflap.cth/pass37-frag.c (-static -DSTATIC) (rerun 16)
output pattern test
FAIL: libmudflap.cth/pass37-frag.c (-static -DSTATIC) (rerun 17)
execution test
FAIL: libmudflap.cth/pass37-frag.c (-static -DSTATIC) (rerun 17)
output pattern test
FAIL: libmudflap.cth/pass37-frag.c (-static -DSTATIC) (rerun 18)
execution test
FAIL: libmudflap.cth/pass37-frag.c (-static -DSTATIC) (rerun 18)
output pattern test
FAIL: libmudflap.cth/pass37-frag.c (-static -DSTATIC) (rerun 19)
execution test
FAIL: libmudflap.cth/pass37-frag.c (-static -DSTATIC) (rerun 19)
output pattern test
FAIL: libmudflap.cth/pass39-frag.c (-static -DSTATIC) execution test
FAIL: libmudflap.cth/pass39-frag.c (-static -DSTATIC) output pattern
test
FAIL: libmudflap.cth/pass39-frag.c (-static -DSTATIC) (rerun 1)
execution test
FAIL: libmudflap.cth/pass39-frag.c (-static -DSTATIC) (rerun 1)
output pattern test
FAIL: libmudflap.cth/pass39-frag.c (-static -DSTATIC) (rerun 2)
execution test
FAIL: libmudflap.cth/pass39-frag.c (-static -DSTATIC) (rerun 2)
output pattern test
FAIL: libmudflap.cth/pass39-frag.c (-static -DSTATIC) (rerun 3)
execution test
FAIL: libmudflap.cth/pass39-frag.c (-static -DSTATIC) (rerun 3)
output pattern test
FAIL: libmudflap.cth/pass39-frag.c (-static -DSTATIC) (rerun 4)
execution test
FAIL: libmudflap.cth/pass39-frag.c (-static -DSTATIC) (rerun 4)
output pattern test
FAIL: libmudflap.cth/pass39-frag.c (-static -DSTATIC) (rerun 5)
execution test
FAIL: libmudflap.cth/pass39-frag.c (-static -DSTATIC) (rerun 5)
output pattern test
FAIL: libmudflap.cth/pass39-frag.c (-static -DSTATIC) (rerun 6)
execution test
FAIL: libmudflap.cth/pass39-frag.c (-static -DSTATIC) (rerun 6)
output pattern test
FAIL: libmudflap.cth/pass39-frag.c (-static -DSTATIC) (rerun 7)
execution test
FAIL: libmudflap.cth/pass39-frag.c (-static -DSTATIC) (rerun 7)
output pattern test
FAIL: libmudflap.cth/pass39-frag.c (-static -DSTATIC) (rerun 8)
execution test
FAIL: libmudflap.cth/pass39-frag.c (-static -DSTATIC) (rerun 8)
output pattern test
FAIL: libmudflap.cth/pass39-frag.c (-static -DSTATIC) (rerun 9)
execution test
FAIL: libmudflap.cth/pass39-frag.c (-static -DSTATIC) (rerun 9)
output pattern test
FAIL: libmudflap.cth/pass39-frag.c (-static -DSTATIC) (rerun 10)
execution test
FAIL: libmudflap.cth/pass39-frag.c (-static -DSTATIC) (rerun 10)
output pattern test
FAIL: libmudflap.cth/pass39-frag.c (-static -DSTATIC) (rerun 11)
execution test
FAIL: libmudflap.cth/pass39-frag.c (-static -DSTATIC) (rerun 11)
output pattern test
FAIL: libmudflap.cth/pass39-frag.c (-static -DSTATIC) (rerun 12)
execution test
FAIL: libmudflap.cth/pass39-frag.c (-static -DSTATIC) (rerun 12)
output pattern test
FAIL: libmudflap.cth/pass39-frag.c (-static -DSTATIC) (rerun 13)
execution test
FAIL: libmudflap.cth/pass39-frag.c (-static -DSTATIC) (rerun 13)
output pattern test
FAIL: libmudflap.cth/pass39-frag.c (-static -DSTATIC) (rerun 14)
execution test
FAIL: libmudflap.cth/pass39-frag.c (-static -DSTATIC) (rerun 14)
output pattern test
FAIL: libmudflap.cth/pass39-frag.c (-static -DSTATIC) (rerun 15)
execution test
FAIL: libmudflap.cth/pass39-frag.c (-static -DSTATIC) (rerun 15)
output pattern test
FAIL: libmudflap.cth/pass39-frag.c (-static -DSTATIC) (rerun 16)
execution test
FAIL: libmudflap.cth/pass39-frag.c (-static -DSTATIC) (rerun 16)
output pattern test
FAIL: libmudflap.cth/pass39-frag.c (-static -DSTATIC) (rerun 17)
execution test
FAIL: libmudflap.cth/pass39-frag.c (-static -DSTATIC) (rerun 17)
output pattern test
FAIL: libmudflap.cth/pass39-frag.c (-static -DSTATIC) (rerun 18)
execution test
FAIL: libmudflap.cth/pass39-frag.c (-static -DSTATIC) (rerun 18)
output pattern test
FAIL: libmudflap.cth/pass39-frag.c (-static -DSTATIC) (rerun 19)
execution test
FAIL: libmudflap.cth/pass39-frag.c (-static -DSTATIC) (rerun 19)
output pattern test
FAIL: libmudflap.cth/pass40-frag.c (-static -DSTATIC) execution test
FAIL: libmudflap.cth/pass40-frag.c (-static -DSTATIC) output pattern
test
=== libmudflap Summary ===
# of expected passes 1717
# of unexpected failures 82
=== libstdc++ tests ===
Running target unix
XPASS: 26_numerics/cmath/c99_classification_macros_c.cc (test for
excess errors)
=== libstdc++ Summary ===
# of expected passes 4020
# of unexpected successes 1
# of expected failures 12
# of unsupported tests 13
Compiler version: 4.1.2 20070125 (prerelease)
Platform: i686-pc-linux-gnu
configure flags: --prefix=/opt/gcc412 --enable-shared --enable-
__cxa_atexit --enable-languages=c,ada,c++,fortran,java,objc,obj-c++
SuSE 10.0 with system compiler and binutils as bootstrap.
--
Christopher Douty <Chris_Douty@ampexdata.com> +1-650-367-3129
Senior Engineer, Software & Systems - AMPEX Data Systems Corp.