This is the mail archive of the
gcc-testresults@gcc.gnu.org
mailing list for the GCC project.
Results for 4.3.0 20070108 (experimental) testsuite on i686-pc-linux-gnu
- From: CodeSourcery Automatic Testing System <gcc at codesourcery dot com>
- To: gcc-testresults at gcc dot gnu dot org
- Date: Mon, 8 Jan 2007 06:43:45 -0800
- Subject: Results for 4.3.0 20070108 (experimental) testsuite on i686-pc-linux-gnu
LAST_UPDATED: Mon Jan 8 08:17:00 UTC 2007 (/trunk revision 120570)
Native configuration is i686-pc-linux-gnu
=== g++ tests ===
Running target unix
XPASS: g++.dg/tree-ssa/ivopts-1.C scan-tree-dump-not offset: -4B
XPASS: g++.dg/tree-ssa/ivopts-1.C scan-tree-dump-not &x\\[5\\]
FAIL: g++.dg/warn/Woverflow-1.C (test for excess errors)
FAIL: g++.dg/warn/Woverflow-2.C (test for excess errors)
FAIL: g++.dg/warn/Woverflow-3.C (test for excess errors)
FAIL: g++.dg/warn/multiple-overflow-warn-2.C (test for bogus messages, line 10)
FAIL: g++.dg/warn/multiple-overflow-warn-2.C (test for warnings, line 10)
FAIL: g++.dg/warn/multiple-overflow-warn-2.C (test for warnings, line 10)
FAIL: g++.dg/warn/multiple-overflow-warn-2.C (test for warnings, line 10)
XPASS: g++.dg/warn/overflow-warn-1.C (test for bogus messages, line 14)
FAIL: g++.dg/warn/overflow-warn-1.C enum error (test for errors, line 15)
FAIL: g++.dg/warn/overflow-warn-1.C (test for warnings, line 154)
FAIL: g++.dg/warn/overflow-warn-1.C (test for warnings, line 155)
FAIL: g++.dg/warn/overflow-warn-1.C null (test for errors, line 48)
XPASS: g++.dg/warn/overflow-warn-1.C (test for bogus messages, line 52)
XPASS: g++.dg/warn/overflow-warn-1.C (test for bogus messages, line 14)
FAIL: g++.dg/warn/overflow-warn-1.C enum error (test for errors, line 15)
FAIL: g++.dg/warn/overflow-warn-1.C (test for warnings, line 275)
FAIL: g++.dg/warn/overflow-warn-1.C (test for warnings, line 276)
FAIL: g++.dg/warn/overflow-warn-1.C null (test for errors, line 51)
XPASS: g++.dg/warn/overflow-warn-1.C (test for bogus messages, line 55)
FAIL: g++.dg/warn/overflow-warn-1.C (test for excess errors)
XPASS: g++.dg/warn/overflow-warn-3.C (test for bogus messages, line 14)
FAIL: g++.dg/warn/overflow-warn-3.C enum error (test for errors, line 15)
FAIL: g++.dg/warn/overflow-warn-3.C constant (test for warnings, line 21)
FAIL: g++.dg/warn/overflow-warn-3.C constant (test for warnings, line 24)
FAIL: g++.dg/warn/overflow-warn-3.C (test for warnings, line 162)
FAIL: g++.dg/warn/overflow-warn-3.C (test for warnings, line 163)
FAIL: g++.dg/warn/overflow-warn-3.C constant (test for warnings, line 33)
FAIL: g++.dg/warn/overflow-warn-3.C null (test for errors, line 53)
XPASS: g++.dg/warn/overflow-warn-3.C (test for bogus messages, line 58)
FAIL: g++.dg/warn/overflow-warn-3.C constant (test for warnings, line 67)
XPASS: g++.dg/warn/overflow-warn-3.C (test for bogus messages, line 14)
FAIL: g++.dg/warn/overflow-warn-3.C enum error (test for errors, line 15)
FAIL: g++.dg/warn/overflow-warn-3.C constant (test for warnings, line 21)
FAIL: g++.dg/warn/overflow-warn-3.C constant (test for warnings, line 24)
FAIL: g++.dg/warn/overflow-warn-3.C (test for warnings, line 290)
FAIL: g++.dg/warn/overflow-warn-3.C (test for warnings, line 291)
FAIL: g++.dg/warn/overflow-warn-3.C constant (test for warnings, line 33)
FAIL: g++.dg/warn/overflow-warn-3.C null (test for errors, line 55)
XPASS: g++.dg/warn/overflow-warn-3.C (test for bogus messages, line 60)
FAIL: g++.dg/warn/overflow-warn-3.C constant (test for warnings, line 69)
FAIL: g++.dg/warn/overflow-warn-3.C (test for excess errors)
XPASS: g++.dg/warn/overflow-warn-4.C (test for bogus messages, line 14)
FAIL: g++.dg/warn/overflow-warn-4.C enum error (test for errors, line 15)
FAIL: g++.dg/warn/overflow-warn-4.C constant (test for errors, line 21)
FAIL: g++.dg/warn/overflow-warn-4.C constant (test for errors, line 24)
FAIL: g++.dg/warn/overflow-warn-4.C (test for warnings, line 162)
FAIL: g++.dg/warn/overflow-warn-4.C (test for warnings, line 163)
FAIL: g++.dg/warn/overflow-warn-4.C constant (test for errors, line 33)
FAIL: g++.dg/warn/overflow-warn-4.C null (test for errors, line 53)
XPASS: g++.dg/warn/overflow-warn-4.C (test for bogus messages, line 58)
FAIL: g++.dg/warn/overflow-warn-4.C constant (test for errors, line 67)
XPASS: g++.dg/warn/overflow-warn-4.C (test for bogus messages, line 14)
FAIL: g++.dg/warn/overflow-warn-4.C enum error (test for errors, line 15)
FAIL: g++.dg/warn/overflow-warn-4.C constant (test for errors, line 21)
FAIL: g++.dg/warn/overflow-warn-4.C constant (test for errors, line 24)
FAIL: g++.dg/warn/overflow-warn-4.C (test for warnings, line 290)
FAIL: g++.dg/warn/overflow-warn-4.C (test for warnings, line 291)
FAIL: g++.dg/warn/overflow-warn-4.C constant (test for errors, line 33)
FAIL: g++.dg/warn/overflow-warn-4.C null (test for errors, line 55)
XPASS: g++.dg/warn/overflow-warn-4.C (test for bogus messages, line 60)
FAIL: g++.dg/warn/overflow-warn-4.C constant (test for errors, line 69)
FAIL: g++.dg/warn/overflow-warn-4.C (test for excess errors)
FAIL: g++.dg/warn/overflow-warn-5.C (test for excess errors)
FAIL: g++.dg/warn/overflow-warn-6.C (test for excess errors)
=== g++ Summary ===
# of expected passes 14002
# of unexpected failures 52
# of unexpected successes 14
# of expected failures 93
# of unsupported tests 74
/scratch/gcc/nightly-2007-01-08-mainline/i686-pc-linux-gnu/build_gcc/build/test-mainline-0-i686-pc-linux-gnu/host-i686-pc-linux-gnu/fsf-mainline/bin/c++ version 4.3.0 20070108 (experimental)
=== gcc tests ===
Running target unix
WARNING: program timed out.
FAIL: gcc.c-torture/compile/20001226-1.c -O0 (test for excess errors)
FAIL: gcc.c-torture/execute/mayalias-2.c compilation, -O3 -g (internal compiler error)
UNRESOLVED: gcc.c-torture/execute/mayalias-2.c execution, -O3 -g
FAIL: gcc.c-torture/execute/mayalias-3.c compilation, -O3 -g (internal compiler error)
UNRESOLVED: gcc.c-torture/execute/mayalias-3.c execution, -O3 -g
FAIL: gcc.c-torture/execute/pr15262-1.c execution, -O2
FAIL: gcc.c-torture/execute/pr15262-1.c execution, -O3 -fomit-frame-pointer
FAIL: gcc.c-torture/execute/pr15262-1.c execution, -O3 -g
FAIL: gcc.c-torture/execute/pr15262-1.c execution, -Os
FAIL: gcc.dg/ipa/ipa-1.c (internal compiler error)
FAIL: gcc.dg/ipa/ipa-1.c (test for excess errors)
FAIL: gcc.dg/ipa/ipa-1.c scan-ipa-dump-times versioned function 2
FAIL: gcc.dg/ipa/ipa-1.c scan-ipa-dump-times propagating const 2
FAIL: gcc.dg/ipa/ipa-2.c (internal compiler error)
FAIL: gcc.dg/ipa/ipa-2.c (test for excess errors)
FAIL: gcc.dg/ipa/ipa-3.c (internal compiler error)
FAIL: gcc.dg/ipa/ipa-3.c (test for excess errors)
FAIL: gcc.dg/ipa/ipa-3.c scan-ipa-dump-times propagating const 3
FAIL: gcc.dg/ipa/ipa-4.c (internal compiler error)
FAIL: gcc.dg/ipa/ipa-4.c (test for excess errors)
FAIL: gcc.dg/ipa/ipa-5.c (internal compiler error)
FAIL: gcc.dg/ipa/ipa-5.c (test for excess errors)
FAIL: gcc.dg/ipa/ipa-6.c (internal compiler error)
FAIL: gcc.dg/ipa/ipa-6.c (test for excess errors)
FAIL: gcc.dg/tree-ssa/loadpre1.c scan-tree-dump-times Eliminated: 1 1
XPASS: gcc.dg/vect/vect-57.c scan-tree-dump-times vectorized 1 loops 1
XPASS: gcc.dg/vect/vect-61.c scan-tree-dump-times vectorized 1 loops 1
=== gcc Summary ===
# of expected passes 42720
# of unexpected failures 23
# of unexpected successes 2
# of expected failures 108
# of unresolved testcases 2
# of untested testcases 28
# of unsupported tests 297
/scratch/gcc/nightly-2007-01-08-mainline/i686-pc-linux-gnu/build_gcc/build/test-mainline-0-i686-pc-linux-gnu/host-i686-pc-linux-gnu/fsf-mainline/bin/gcc version 4.3.0 20070108 (experimental)
=== libstdc++ tests ===
Running target unix
=== libstdc++ Summary ===
# of expected passes 4461
# of expected failures 16
# of unsupported tests 2
=== g++ tests ===
Running target unix/-m64
XPASS: g++.dg/tree-ssa/ivopts-1.C scan-tree-dump-not &x\\[5\\]
FAIL: g++.dg/tree-ssa/pr29902.C (test for excess errors)
FAIL: g++.dg/warn/Woverflow-1.C (test for excess errors)
FAIL: g++.dg/warn/Woverflow-2.C (test for excess errors)
FAIL: g++.dg/warn/Woverflow-3.C (test for excess errors)
FAIL: g++.dg/warn/multiple-overflow-warn-2.C (test for bogus messages, line 10)
FAIL: g++.dg/warn/multiple-overflow-warn-2.C (test for warnings, line 10)
FAIL: g++.dg/warn/multiple-overflow-warn-2.C (test for warnings, line 10)
FAIL: g++.dg/warn/multiple-overflow-warn-2.C (test for warnings, line 10)
XPASS: g++.dg/warn/overflow-warn-1.C (test for bogus messages, line 14)
FAIL: g++.dg/warn/overflow-warn-1.C enum error (test for errors, line 15)
FAIL: g++.dg/warn/overflow-warn-1.C (test for warnings, line 154)
FAIL: g++.dg/warn/overflow-warn-1.C (test for warnings, line 155)
FAIL: g++.dg/warn/overflow-warn-1.C null (test for errors, line 48)
XPASS: g++.dg/warn/overflow-warn-1.C (test for bogus messages, line 52)
XPASS: g++.dg/warn/overflow-warn-1.C (test for bogus messages, line 14)
FAIL: g++.dg/warn/overflow-warn-1.C enum error (test for errors, line 15)
FAIL: g++.dg/warn/overflow-warn-1.C (test for warnings, line 275)
FAIL: g++.dg/warn/overflow-warn-1.C (test for warnings, line 276)
FAIL: g++.dg/warn/overflow-warn-1.C null (test for errors, line 51)
XPASS: g++.dg/warn/overflow-warn-1.C (test for bogus messages, line 55)
FAIL: g++.dg/warn/overflow-warn-1.C (test for excess errors)
XPASS: g++.dg/warn/overflow-warn-3.C (test for bogus messages, line 14)
FAIL: g++.dg/warn/overflow-warn-3.C enum error (test for errors, line 15)
FAIL: g++.dg/warn/overflow-warn-3.C constant (test for warnings, line 21)
FAIL: g++.dg/warn/overflow-warn-3.C constant (test for warnings, line 24)
FAIL: g++.dg/warn/overflow-warn-3.C (test for warnings, line 162)
FAIL: g++.dg/warn/overflow-warn-3.C (test for warnings, line 163)
FAIL: g++.dg/warn/overflow-warn-3.C constant (test for warnings, line 33)
FAIL: g++.dg/warn/overflow-warn-3.C null (test for errors, line 53)
XPASS: g++.dg/warn/overflow-warn-3.C (test for bogus messages, line 58)
FAIL: g++.dg/warn/overflow-warn-3.C constant (test for warnings, line 67)
XPASS: g++.dg/warn/overflow-warn-3.C (test for bogus messages, line 14)
FAIL: g++.dg/warn/overflow-warn-3.C enum error (test for errors, line 15)
FAIL: g++.dg/warn/overflow-warn-3.C constant (test for warnings, line 21)
FAIL: g++.dg/warn/overflow-warn-3.C constant (test for warnings, line 24)
FAIL: g++.dg/warn/overflow-warn-3.C (test for warnings, line 290)
FAIL: g++.dg/warn/overflow-warn-3.C (test for warnings, line 291)
FAIL: g++.dg/warn/overflow-warn-3.C constant (test for warnings, line 33)
FAIL: g++.dg/warn/overflow-warn-3.C null (test for errors, line 55)
XPASS: g++.dg/warn/overflow-warn-3.C (test for bogus messages, line 60)
FAIL: g++.dg/warn/overflow-warn-3.C constant (test for warnings, line 69)
FAIL: g++.dg/warn/overflow-warn-3.C (test for excess errors)
XPASS: g++.dg/warn/overflow-warn-4.C (test for bogus messages, line 14)
FAIL: g++.dg/warn/overflow-warn-4.C enum error (test for errors, line 15)
FAIL: g++.dg/warn/overflow-warn-4.C constant (test for errors, line 21)
FAIL: g++.dg/warn/overflow-warn-4.C constant (test for errors, line 24)
FAIL: g++.dg/warn/overflow-warn-4.C (test for warnings, line 162)
FAIL: g++.dg/warn/overflow-warn-4.C (test for warnings, line 163)
FAIL: g++.dg/warn/overflow-warn-4.C constant (test for errors, line 33)
FAIL: g++.dg/warn/overflow-warn-4.C null (test for errors, line 53)
XPASS: g++.dg/warn/overflow-warn-4.C (test for bogus messages, line 58)
FAIL: g++.dg/warn/overflow-warn-4.C constant (test for errors, line 67)
XPASS: g++.dg/warn/overflow-warn-4.C (test for bogus messages, line 14)
FAIL: g++.dg/warn/overflow-warn-4.C enum error (test for errors, line 15)
FAIL: g++.dg/warn/overflow-warn-4.C constant (test for errors, line 21)
FAIL: g++.dg/warn/overflow-warn-4.C constant (test for errors, line 24)
FAIL: g++.dg/warn/overflow-warn-4.C (test for warnings, line 290)
FAIL: g++.dg/warn/overflow-warn-4.C (test for warnings, line 291)
FAIL: g++.dg/warn/overflow-warn-4.C constant (test for errors, line 33)
FAIL: g++.dg/warn/overflow-warn-4.C null (test for errors, line 55)
XPASS: g++.dg/warn/overflow-warn-4.C (test for bogus messages, line 60)
FAIL: g++.dg/warn/overflow-warn-4.C constant (test for errors, line 69)
FAIL: g++.dg/warn/overflow-warn-4.C (test for excess errors)
FAIL: g++.dg/warn/overflow-warn-5.C (test for excess errors)
FAIL: g++.dg/warn/overflow-warn-6.C (test for excess errors)
=== g++ Summary ===
# of expected passes 13916
# of unexpected failures 53
# of unexpected successes 13
# of expected failures 94
# of unsupported tests 103
/scratch/gcc/nightly-2007-01-08-mainline/i686-pc-linux-gnu/build_gcc/build/test-mainline-0-i686-pc-linux-gnu/host-i686-pc-linux-gnu/fsf-mainline/bin/c++ version 4.3.0 20070108 (experimental)
=== gcc tests ===
Running target unix/-m64
WARNING: program timed out.
FAIL: gcc.c-torture/compile/20001226-1.c -O0 (test for excess errors)
FAIL: gcc.c-torture/execute/mayalias-2.c compilation, -O3 -g (internal compiler error)
UNRESOLVED: gcc.c-torture/execute/mayalias-2.c execution, -O3 -g
FAIL: gcc.c-torture/execute/mayalias-3.c compilation, -O3 -g (internal compiler error)
UNRESOLVED: gcc.c-torture/execute/mayalias-3.c execution, -O3 -g
FAIL: gcc.c-torture/execute/pr15262-1.c execution, -O2
FAIL: gcc.c-torture/execute/pr15262-1.c execution, -O3 -fomit-frame-pointer
FAIL: gcc.c-torture/execute/pr15262-1.c execution, -O3 -g
FAIL: gcc.c-torture/execute/pr15262-1.c execution, -Os
FAIL: gcc.dg/ipa/ipa-1.c (internal compiler error)
FAIL: gcc.dg/ipa/ipa-1.c (test for excess errors)
FAIL: gcc.dg/ipa/ipa-1.c scan-ipa-dump-times versioned function 2
FAIL: gcc.dg/ipa/ipa-1.c scan-ipa-dump-times propagating const 2
FAIL: gcc.dg/ipa/ipa-2.c (internal compiler error)
FAIL: gcc.dg/ipa/ipa-2.c (test for excess errors)
FAIL: gcc.dg/ipa/ipa-3.c (internal compiler error)
FAIL: gcc.dg/ipa/ipa-3.c (test for excess errors)
FAIL: gcc.dg/ipa/ipa-3.c scan-ipa-dump-times propagating const 3
FAIL: gcc.dg/ipa/ipa-4.c (internal compiler error)
FAIL: gcc.dg/ipa/ipa-4.c (test for excess errors)
FAIL: gcc.dg/ipa/ipa-5.c (internal compiler error)
FAIL: gcc.dg/ipa/ipa-5.c (test for excess errors)
FAIL: gcc.dg/ipa/ipa-6.c (internal compiler error)
FAIL: gcc.dg/ipa/ipa-6.c (test for excess errors)
UNRESOLVED: gcc.dg/torture/fp-int-convert-float128-timode.c -O0 compilation failed to produce executable
UNRESOLVED: gcc.dg/torture/fp-int-convert-float128-timode.c -O1 compilation failed to produce executable
UNRESOLVED: gcc.dg/torture/fp-int-convert-float128-timode.c -O2 compilation failed to produce executable
UNRESOLVED: gcc.dg/torture/fp-int-convert-float128-timode.c -O3 -fomit-frame-pointer compilation failed to produce executable
UNRESOLVED: gcc.dg/torture/fp-int-convert-float128-timode.c -O3 -g compilation failed to produce executable
UNRESOLVED: gcc.dg/torture/fp-int-convert-float128-timode.c -Os compilation failed to produce executable
UNRESOLVED: gcc.dg/torture/fp-int-convert-float128.c -O0 compilation failed to produce executable
UNRESOLVED: gcc.dg/torture/fp-int-convert-float128.c -O1 compilation failed to produce executable
UNRESOLVED: gcc.dg/torture/fp-int-convert-float128.c -O2 compilation failed to produce executable
UNRESOLVED: gcc.dg/torture/fp-int-convert-float128.c -O3 -fomit-frame-pointer compilation failed to produce executable
UNRESOLVED: gcc.dg/torture/fp-int-convert-float128.c -O3 -g compilation failed to produce executable
UNRESOLVED: gcc.dg/torture/fp-int-convert-float128.c -Os compilation failed to produce executable
FAIL: gcc.dg/tree-prof/stringop-1.c scan-tree-dump memcpy.*4\\)
FAIL: gcc.dg/tree-ssa/loadpre1.c scan-tree-dump-times Eliminated: 1 1
XPASS: gcc.dg/vect/vect-57.c scan-tree-dump-times vectorized 1 loops 1
XPASS: gcc.dg/vect/vect-61.c scan-tree-dump-times vectorized 1 loops 1
=== gcc Summary ===
# of expected passes 42543
# of unexpected failures 24
# of unexpected successes 2
# of expected failures 119
# of unresolved testcases 14
# of untested testcases 28
# of unsupported tests 411
/scratch/gcc/nightly-2007-01-08-mainline/i686-pc-linux-gnu/build_gcc/build/test-mainline-0-i686-pc-linux-gnu/host-i686-pc-linux-gnu/fsf-mainline/bin/gcc version 4.3.0 20070108 (experimental)
=== libstdc++ tests ===
Running target unix/-m64
XPASS: 27_io/fpos/14320-1.cc execution test
=== libstdc++ Summary ===
# of expected passes 4461
# of unexpected successes 1
# of expected failures 15
# of unsupported tests 2
Compiler version: 4.3.0 20070108 (experimental)
Platform: i686-pc-linux-gnu
configure flags: --build=i686-pc-linux-gnu --host=i686-pc-linux-gnu --target=i686-pc-linux-gnu --enable-shared --enable-threads --disable-libmudflap --disable-libssp --disable-libgomp --disable-libstdcxx-pch --enable-targets=all --with-gnu-as --with-gnu-ld --prefix=/opt/codesourcery --enable-languages=c,c++ --disable-nls --with-gmp=/scratch/gcc/nightly-2007-01-08-mainline/i686-pc-linux-gnu/build_gcc/build/host-libs-mainline-0-i686-pc-linux-gnu-i686-pc-linux-gnu/usr --with-mpfr=/scratch/gcc/nightly-2007-01-08-mainline/i686-pc-linux-gnu/build_gcc/build/host-libs-mainline-0-i686-pc-linux-gnu-i686-pc-linux-gnu/usr --with-build-time-tools=/scratch/gcc/nightly-2007-01-08-mainline/i686-pc-linux-gnu/build_gcc/install/i686-pc-linux-gnu/bin --with-build-time-tools=/scratch/gcc/nightly-2007-01-08-mainline/i686-pc-linux-gnu/build_gcc/install/i686-pc-linux-gnu/bin