This is the mail archive of the
gcc-testresults@gcc.gnu.org
mailing list for the GCC project.
Results for 4.2.0 20060923 (experimental) (Debian 4.2-20060923-1) testsuite on hppa-unknown-linux-gnu
- From: Matthias Klose <doko at debian dot org>
- To: gcc-testresults at gcc dot gnu dot org
- Cc: debian-gcc at lists dot debian dot org
- Date: Fri, 05 Jan 2007 17:54:38 -0700
- Subject: Results for 4.2.0 20060923 (experimental) (Debian 4.2-20060923-1) testsuite on hppa-unknown-linux-gnu
- Reply-to: Matthias Klose <doko at debian dot org>
LAST_UPDATED: Sa 23. Sep 12:08:32 UTC 2006 (revision 117170)
Native configuration is hppa-unknown-linux-gnu
=== g++ tests ===
Running target unix
XPASS: g++.dg/tree-ssa/ivopts-1.C scan-tree-dump-not offset: -4B
XPASS: g++.dg/tree-ssa/ivopts-1.C scan-tree-dump-not &x\\[5\\]
=== g++ Summary ===
# of expected passes 12995
# of unexpected successes 2
# of expected failures 66
# of unsupported tests 127
/scratch/packages/gcc/4.2/gcc-4.2-4.2-20060923/build/gcc/testsuite/g++/../../g++ version 4.2.0 20060923 (experimental) (Debian 4.2-20060923-1)
=== gcc tests ===
Running target unix
FAIL: gcc.c-torture/execute/mayalias-2.c compilation, -O3 -g (internal compiler error)
UNRESOLVED: gcc.c-torture/execute/mayalias-2.c execution, -O3 -g
FAIL: gcc.dg/debug/dwarf2/dwarf-file1.c scan-assembler File Entry:
XPASS: gcc.dg/tree-ssa/loop-1.c scan-assembler-times foo 5
=== gcc Summary ===
# of expected passes 39911
# of unexpected failures 2
# of unexpected successes 1
# of expected failures 79
# of unresolved testcases 1
# of untested testcases 28
# of unsupported tests 399
/scratch/packages/gcc/4.2/gcc-4.2-4.2-20060923/build/gcc/xgcc version 4.2.0 20060923 (experimental) (Debian 4.2-20060923-1)
=== gfortran tests ===
Running target unix
=== gfortran Summary ===
# of expected passes 14005
# of expected failures 14
# of unsupported tests 105
/scratch/packages/gcc/4.2/gcc-4.2-4.2-20060923/build/gcc/testsuite/gfortran/../../gfortran version 4.2.0 20060923 (experimental) (Debian 4.2-20060923-1)
=== obj-c++ tests ===
Running target unix
FAIL: obj-c++.dg/cxx-ivars-2.mm execution test
FAIL: obj-c++.dg/encode-8.mm execution test
FAIL: obj-c++.dg/isa-field-1.mm (test for excess errors)
FAIL: obj-c++.dg/lookup-2.mm (test for excess errors)
UNRESOLVED: obj-c++.dg/lookup-2.mm compilation failed to produce executable
FAIL: obj-c++.dg/try-catch-2.mm (test for excess errors)
UNRESOLVED: obj-c++.dg/try-catch-2.mm compilation failed to produce executable
FAIL: obj-c++.dg/try-catch-9.mm (test for excess errors)
UNRESOLVED: obj-c++.dg/try-catch-9.mm compilation failed to produce executable
=== obj-c++ Summary ===
# of expected passes 429
# of unexpected failures 6
# of unresolved testcases 3
# of unsupported tests 13
/scratch/packages/gcc/4.2/gcc-4.2-4.2-20060923/build/gcc/testsuite/obj-c++/../../g++ version 4.2.0 20060923 (experimental) (Debian 4.2-20060923-1)
=== objc tests ===
Running target unix
=== objc Summary ===
# of expected passes 1754
# of expected failures 7
# of unsupported tests 24
/scratch/packages/gcc/4.2/gcc-4.2-4.2-20060923/build/gcc/xgcc version 4.2.0 20060923 (experimental) (Debian 4.2-20060923-1)
=== treelang tests ===
Running target unix
FAIL: treelang/compile/var_defs.tree (test for excess errors)
=== treelang Summary ===
# of expected passes 49
# of unexpected failures 1
=== libffi tests ===
Running target unix
=== libffi Summary ===
# of expected passes 1084
# of unsupported tests 8
=== libgomp tests ===
Running target unix
WARNING: program timed out.
FAIL: libgomp.c++/ctor-1.C -O0 execution test
WARNING: program timed out.
FAIL: libgomp.c++/ctor-1.C -O1 execution test
WARNING: program timed out.
FAIL: libgomp.c++/ctor-1.C -O2 execution test
WARNING: program timed out.
FAIL: libgomp.c++/ctor-1.C -O3 -fomit-frame-pointer execution test
WARNING: program timed out.
FAIL: libgomp.c++/ctor-1.C -O3 -fomit-frame-pointer -funroll-loops execution test
WARNING: program timed out.
FAIL: libgomp.c++/ctor-1.C -O3 -fomit-frame-pointer -funroll-all-loops -finline-functions execution test
WARNING: program timed out.
FAIL: libgomp.c++/ctor-1.C -O3 -g execution test
WARNING: program timed out.
FAIL: libgomp.c++/ctor-1.C -Os execution test
WARNING: program timed out.
FAIL: libgomp.c++/ctor-2.C -O0 execution test
WARNING: program timed out.
FAIL: libgomp.c++/ctor-2.C -O1 execution test
WARNING: program timed out.
FAIL: libgomp.c++/ctor-2.C -O2 execution test
WARNING: program timed out.
FAIL: libgomp.c++/ctor-2.C -O3 -fomit-frame-pointer execution test
WARNING: program timed out.
FAIL: libgomp.c++/ctor-2.C -O3 -fomit-frame-pointer -funroll-loops execution test
WARNING: program timed out.
FAIL: libgomp.c++/ctor-2.C -O3 -fomit-frame-pointer -funroll-all-loops -finline-functions execution test
WARNING: program timed out.
FAIL: libgomp.c++/ctor-2.C -O3 -g execution test
WARNING: program timed out.
FAIL: libgomp.c++/ctor-2.C -Os execution test
WARNING: program timed out.
FAIL: libgomp.c++/ctor-3.C -O0 execution test
WARNING: program timed out.
FAIL: libgomp.c++/ctor-3.C -O1 execution test
WARNING: program timed out.
FAIL: libgomp.c++/ctor-3.C -O2 execution test
WARNING: program timed out.
FAIL: libgomp.c++/ctor-3.C -O3 -fomit-frame-pointer execution test
WARNING: program timed out.
FAIL: libgomp.c++/ctor-3.C -O3 -fomit-frame-pointer -funroll-loops execution test
WARNING: program timed out.
FAIL: libgomp.c++/ctor-3.C -O3 -fomit-frame-pointer -funroll-all-loops -finline-functions execution test
WARNING: program timed out.
FAIL: libgomp.c++/ctor-3.C -O3 -g execution test
WARNING: program timed out.
FAIL: libgomp.c++/ctor-3.C -Os execution test
WARNING: program timed out.
FAIL: libgomp.c++/ctor-4.C -O0 execution test
WARNING: program timed out.
FAIL: libgomp.c++/ctor-4.C -O1 execution test
WARNING: program timed out.
FAIL: libgomp.c++/ctor-4.C -O2 execution test
WARNING: program timed out.
FAIL: libgomp.c++/ctor-4.C -O3 -fomit-frame-pointer execution test
WARNING: program timed out.
FAIL: libgomp.c++/ctor-4.C -O3 -fomit-frame-pointer -funroll-loops execution test
WARNING: program timed out.
FAIL: libgomp.c++/ctor-4.C -O3 -fomit-frame-pointer -funroll-all-loops -finline-functions execution test
WARNING: program timed out.
FAIL: libgomp.c++/ctor-4.C -O3 -g execution test
WARNING: program timed out.
FAIL: libgomp.c++/ctor-4.C -Os execution test
WARNING: program timed out.
FAIL: libgomp.c++/ctor-6.C -O0 execution test
WARNING: program timed out.
FAIL: libgomp.c++/ctor-6.C -O1 execution test
WARNING: program timed out.
FAIL: libgomp.c++/ctor-6.C -O2 execution test
WARNING: program timed out.
FAIL: libgomp.c++/ctor-6.C -O3 -fomit-frame-pointer execution test
WARNING: program timed out.
FAIL: libgomp.c++/ctor-6.C -O3 -fomit-frame-pointer -funroll-loops execution test
WARNING: program timed out.
FAIL: libgomp.c++/ctor-6.C -O3 -fomit-frame-pointer -funroll-all-loops -finline-functions execution test
WARNING: program timed out.
FAIL: libgomp.c++/ctor-6.C -O3 -g execution test
WARNING: program timed out.
FAIL: libgomp.c++/ctor-6.C -Os execution test
WARNING: program timed out.
FAIL: libgomp.c++/ctor-7.C -O0 execution test
WARNING: program timed out.
FAIL: libgomp.c++/ctor-7.C -O1 execution test
WARNING: program timed out.
FAIL: libgomp.c++/ctor-7.C -O2 execution test
WARNING: program timed out.
FAIL: libgomp.c++/ctor-7.C -O3 -fomit-frame-pointer execution test
WARNING: program timed out.
FAIL: libgomp.c++/ctor-7.C -O3 -fomit-frame-pointer -funroll-loops execution test
WARNING: program timed out.
FAIL: libgomp.c++/ctor-7.C -O3 -fomit-frame-pointer -funroll-all-loops -finline-functions execution test
WARNING: program timed out.
FAIL: libgomp.c++/ctor-7.C -O3 -g execution test
WARNING: program timed out.
FAIL: libgomp.c++/ctor-7.C -Os execution test
WARNING: program timed out.
FAIL: libgomp.c++/loop-1.C -O execution test
WARNING: program timed out.
FAIL: libgomp.c++/loop-2.C -O execution test
WARNING: program timed out.
FAIL: libgomp.c++/loop-3.C -O execution test
WARNING: program timed out.
FAIL: libgomp.c++/loop-4.C -O execution test
WARNING: program timed out.
FAIL: libgomp.c++/loop-5.C -O execution test
WARNING: program timed out.
FAIL: libgomp.c++/loop-6.C -O0 execution test
WARNING: program timed out.
FAIL: libgomp.c++/loop-6.C -O1 execution test
WARNING: program timed out.
FAIL: libgomp.c++/loop-6.C -O2 execution test
WARNING: program timed out.
FAIL: libgomp.c++/loop-6.C -O3 -fomit-frame-pointer execution test
WARNING: program timed out.
FAIL: libgomp.c++/loop-6.C -O3 -fomit-frame-pointer -funroll-loops execution test
WARNING: program timed out.
FAIL: libgomp.c++/loop-6.C -O3 -fomit-frame-pointer -funroll-all-loops -finline-functions execution test
WARNING: program timed out.
FAIL: libgomp.c++/loop-6.C -O3 -g execution test
WARNING: program timed out.
FAIL: libgomp.c++/loop-6.C -Os execution test
WARNING: program timed out.
FAIL: libgomp.c++/loop-7.C -O0 execution test
WARNING: program timed out.
FAIL: libgomp.c++/loop-7.C -O1 execution test
WARNING: program timed out.
FAIL: libgomp.c++/loop-7.C -O2 execution test
WARNING: program timed out.
FAIL: libgomp.c++/loop-7.C -O3 -fomit-frame-pointer execution test
WARNING: program timed out.
FAIL: libgomp.c++/loop-7.C -O3 -fomit-frame-pointer -funroll-loops execution test
WARNING: program timed out.
FAIL: libgomp.c++/loop-7.C -O3 -fomit-frame-pointer -funroll-all-loops -finline-functions execution test
WARNING: program timed out.
FAIL: libgomp.c++/loop-7.C -O3 -g execution test
WARNING: program timed out.
FAIL: libgomp.c++/loop-7.C -Os execution test
WARNING: program timed out.
FAIL: libgomp.c++/master-1.C -O0 execution test
WARNING: program timed out.
FAIL: libgomp.c++/master-1.C -O1 execution test
WARNING: program timed out.
FAIL: libgomp.c++/master-1.C -O2 execution test
WARNING: program timed out.
FAIL: libgomp.c++/master-1.C -O3 -fomit-frame-pointer execution test
WARNING: program timed out.
FAIL: libgomp.c++/master-1.C -O3 -fomit-frame-pointer -funroll-loops execution test
WARNING: program timed out.
FAIL: libgomp.c++/master-1.C -O3 -fomit-frame-pointer -funroll-all-loops -finline-functions execution test
WARNING: program timed out.
FAIL: libgomp.c++/master-1.C -O3 -g execution test
WARNING: program timed out.
FAIL: libgomp.c++/master-1.C -Os execution test
WARNING: program timed out.
FAIL: libgomp.c++/nested-1.C -O0 execution test
WARNING: program timed out.
FAIL: libgomp.c++/nested-1.C -O1 execution test
WARNING: program timed out.
FAIL: libgomp.c++/nested-1.C -O2 execution test
WARNING: program timed out.
FAIL: libgomp.c++/nested-1.C -O3 -fomit-frame-pointer execution test
WARNING: program timed out.
FAIL: libgomp.c++/nested-1.C -O3 -fomit-frame-pointer -funroll-loops execution test
WARNING: program timed out.
FAIL: libgomp.c++/nested-1.C -O3 -fomit-frame-pointer -funroll-all-loops -finline-functions execution test
WARNING: program timed out.
FAIL: libgomp.c++/nested-1.C -O3 -g execution test
WARNING: program timed out.
FAIL: libgomp.c++/nested-1.C -Os execution test
WARNING: program timed out.
FAIL: libgomp.c++/parallel-1.C -O execution test
WARNING: program timed out.
FAIL: libgomp.c++/pr26691.C -O execution test
WARNING: program timed out.
FAIL: libgomp.c++/pr26943.C -O0 execution test
WARNING: program timed out.
FAIL: libgomp.c++/pr26943.C -O1 execution test
WARNING: program timed out.
FAIL: libgomp.c++/pr26943.C -O2 execution test
WARNING: program timed out.
FAIL: libgomp.c++/pr26943.C -O3 -fomit-frame-pointer execution test
WARNING: program timed out.
FAIL: libgomp.c++/pr26943.C -O3 -fomit-frame-pointer -funroll-loops execution test
WARNING: program timed out.
FAIL: libgomp.c++/pr26943.C -O3 -fomit-frame-pointer -funroll-all-loops -finline-functions execution test
WARNING: program timed out.
FAIL: libgomp.c++/pr26943.C -O3 -g execution test
WARNING: program timed out.
FAIL: libgomp.c++/pr26943.C -Os execution test
WARNING: program timed out.
FAIL: libgomp.c++/pr27337.C -O0 execution test
WARNING: program timed out.
FAIL: libgomp.c++/pr27337.C -O1 execution test
WARNING: program timed out.
FAIL: libgomp.c++/pr27337.C -O2 execution test
WARNING: program timed out.
FAIL: libgomp.c++/pr27337.C -O3 -fomit-frame-pointer execution test
WARNING: program timed out.
FAIL: libgomp.c++/pr27337.C -O3 -fomit-frame-pointer -funroll-loops execution test
WARNING: program timed out.
FAIL: libgomp.c++/pr27337.C -O3 -fomit-frame-pointer -funroll-all-loops -finline-functions execution test
WARNING: program timed out.
FAIL: libgomp.c++/pr27337.C -O3 -g execution test
WARNING: program timed out.
FAIL: libgomp.c++/pr27337.C -Os execution test
WARNING: program timed out.
FAIL: libgomp.c++/reduction-1.C -O execution test
WARNING: program timed out.
FAIL: libgomp.c++/reduction-2.C -O execution test
WARNING: program timed out.
FAIL: libgomp.c++/reduction-3.C -O execution test
WARNING: program timed out.
FAIL: libgomp.c++/sections-1.C -O execution test
WARNING: program timed out.
FAIL: libgomp.c++/shared-1.C -O execution test
WARNING: program timed out.
FAIL: libgomp.c++/shared-2.C -O execution test
WARNING: program timed out.
FAIL: libgomp.c++/single-1.C -O execution test
WARNING: program timed out.
FAIL: libgomp.c++/single-2.C -O execution test
WARNING: program timed out.
FAIL: libgomp.c++/single-3.C -O execution test
=== libgomp Summary ===
# of expected passes 1154
# of unexpected failures 112
# of unsupported tests 118
=== libjava tests ===
Running target unix
WARNING: program timed out.
FAIL: cxxtest run
FAIL: events output
=== libjava Summary ===
# of expected passes 6995
# of unexpected failures 2
# of expected failures 12
# of untested testcases 9
=== libmudflap tests ===
Running target unix
WARNING: program timed out.
FAIL: libmudflap.cth/pass40-frag.c (-static -DSTATIC) execution test
FAIL: libmudflap.cth/pass40-frag.c (-static -DSTATIC) output pattern test
WARNING: program timed out.
FAIL: libmudflap.cth/pass37-frag.c (-O3) (rerun 5) execution test
FAIL: libmudflap.cth/pass37-frag.c (-O3) (rerun 5) output pattern test
WARNING: program timed out.
FAIL: libmudflap.cth/pass39-frag.c (-O3) execution test
FAIL: libmudflap.cth/pass39-frag.c (-O3) output pattern test
=== libmudflap Summary ===
# of expected passes 1808
# of unexpected failures 6
=== libstdc++ tests ===
Running target unix
WARNING: program timed out.
FAIL: 19_diagnostics/23591_thread-1.c execution test
XPASS: 26_numerics/cmath/c99_classification_macros_c.cc (test for excess errors)
WARNING: program timed out.
FAIL: ext/mt_allocator/22309_thread.cc execution test
WARNING: program timed out.
FAIL: ext/pb_ds/regression/hash_data_map_rand.cc (test for excess errors)
UNRESOLVED: ext/pb_ds/regression/hash_data_map_rand.cc compilation failed to produce executable
WARNING: program timed out.
FAIL: ext/pb_ds/regression/hash_no_data_map_rand.cc (test for excess errors)
UNRESOLVED: ext/pb_ds/regression/hash_no_data_map_rand.cc compilation failed to produce executable
WARNING: program timed out.
FAIL: ext/pb_ds/regression/tree_data_map_rand.cc (test for excess errors)
UNRESOLVED: ext/pb_ds/regression/tree_data_map_rand.cc compilation failed to produce executable
WARNING: program timed out.
FAIL: ext/pb_ds/regression/tree_no_data_map_rand.cc (test for excess errors)
UNRESOLVED: ext/pb_ds/regression/tree_no_data_map_rand.cc compilation failed to produce executable
WARNING: program timed out.
FAIL: ext/pb_ds/regression/trie_data_map_rand.cc (test for excess errors)
UNRESOLVED: ext/pb_ds/regression/trie_data_map_rand.cc compilation failed to produce executable
WARNING: program timed out.
FAIL: thread/18185.cc execution test
WARNING: program timed out.
FAIL: thread/pthread1.cc execution test
WARNING: program timed out.
FAIL: thread/pthread2.cc execution test
WARNING: program timed out.
FAIL: thread/pthread3.cc execution test
WARNING: program timed out.
FAIL: thread/pthread4.cc execution test
WARNING: program timed out.
FAIL: thread/pthread5.cc execution test
WARNING: program timed out.
FAIL: thread/pthread6.cc execution test
WARNING: program timed out.
FAIL: thread/pthread7-rope.cc execution test
WARNING: program timed out.
FAIL: tr1/2_general_utilities/memory/shared_ptr/thread/default_weaktoshared.cc execution test
WARNING: program timed out.
FAIL: tr1/2_general_utilities/memory/shared_ptr/thread/mutex_weaktoshared.cc execution test
=== libstdc++ Summary ===
# of expected passes 3739
# of unexpected failures 17
# of unexpected successes 1
# of expected failures 13
# of unresolved testcases 5
# of unsupported tests 319
Compiler version: 4.2.0 20060923 (experimental) (Debian 4.2-20060923-1)
Platform: hppa-unknown-linux-gnu
configure flags: -v --prefix=/usr --enable-shared --with-system-zlib --libexecdir=/usr/lib --without-included-gettext --enable-threads=posix --enable-nls --program-suffix=-4.2 --enable-__cxa_atexit --enable-clocale=gnu --enable-libstdcxx-debug --enable-java-awt=gtk,qt --enable-gtk-cairo --enable-plugin --with-java-home=/usr/lib/jvm/java-1.4.2-gcj-4.2-1.4.2.0/jre --enable-mpfr --disable-werror --enable-checking=release hppa-linux-gnu --enable-languages=c,c++,fortran,java,objc,obj-c++,treelang
BOOT_CFLAGS=-O2
Build Dependencies:
Desired=Unknown/Install/Remove/Purge/Hold
| Status=Not/Installed/Config-files/Unpacked/Failed-config/Half-installed
|/ Err?=(none)/Hold/Reinst-required/X=both-problems (Status,Err: uppercase=bad)
||/ Name Version Description
+++-==============-==============-==============================================
ii binutils 2.17-2 The GNU assembler, linker and binary utilities
Patches that Debian applied in this version:
rename-info-files:
Allow transformations on info file names. Reference the
transformed info file names in the texinfo files.
gcc-version:
Add package identification to the gcc version string
gcc-textdomain:
Set gettext's domain and textdomain to the versioned package name.
gcc-driver-extra-langs:
Add options and specs for languages that are not built from a source
(but built from separate sources).
libstdc++-pic:
Build and install libstdc++_pic.a library.
libstdc++-doclink:
adjust hrefs to point to the local documentation
gccbug:
Use sensible-editor instead of vi as fallback editor
gccbug-posix:
Make gccbug POSIX compliant (patch by David Weinehall)
http://www.opengroup.org/onlinepubs/009695399/utilities/test.html
libstdc++-doxygen:
libstdc++ doxygen docs: Set SHORT_NAMES to YES
libjava-stacktrace:
libgcj: Lookup source file name and line number in separated
debug files found in /usr/lib/debug
libjava-subdir:
- Set the libjava sublibdir to /usr/lib/gcj-4.2
- Set the default libgcj database dir to /var/lib/gcj-4.2
libjava-lib32subdir:
- When running the i386 binaries on amd64, look in /usr/lib32/gcj-x.y
libjava-jnipath:
- Add /usr/lib/jni to java.library.path.
- When running the i386 binaries on amd64, look in
- /usr/lib32/gcj-x.y and /usr/lib32/jni instead.
libjava-lib32-properties:
- When running the i386 binaries on amd64, adjust the properties
java.home, gnu.classpath.home.url, sun.boot.class.path,
gnu.gcj.precompiled.db.path.
libjava-plugin-binary:
Make the plugin call the versioned gappletviewer.
libffi-configure:
Add --enable-libffi option to toplevel configure script
arm-libffi:
Add closure support to libffi for arm
arm-gij:
Enable gij interpreter on arm
boehm-gc-nocheck:
Disable running the boehm-gc testsuite. Hangs the buildd at least on hppa.
mips-libjava-interp:
Enable the libjava interpreter on mips/mipsel.
deb-protoize:
build protoize/unprotoize binaries
link-libs:
cpu-default-i486:
set default 32bit ix86 architecture to i486
reporting:
Add Debian URL for bug reporting instructions.
gcc-ice-hack:
2004-01-23 Jakub Jelinek <jakub@redhat.com>
* system.h (ICE_EXIT_CODE): Define.
* gcc.c (execute): Don't free first string early, but at the end
of the function. Call retry_ice if compiler exited with
ICE_EXIT_CODE.
(retry_ice): New function.
* diagnostic.c (diagnostic_count_diagnostic,
diagnostic_action_after_output, error_recursion): Exit with
ICE_EXIT_CODE instead of FATAL_EXIT_CODE.
multiarch-include:
biarch-include.dpatch
Adds biarch include directories
/usr/local/include/<arch>-linux-gnu
/usr/include/<arch>-linux-gnu
to the system include paths, depending on 32/64 bit mode.
libjava-qt-peer:
Add standard C++ include directores when building the QT peer library.
ada-driver-check:
Simplify Ada driver check (we always build using the required
Ada version. Needed for warnings on alpha.
Counting all warnings,
there are 0 warnings in stage3 of this bootstrap.
Number of warnings per file:
Number of warning types: