This is the mail archive of the gcc-testresults@gcc.gnu.org mailing list for the GCC project.


Index Nav: [Date Index] [Subject Index] [Author Index] [Thread Index]
Message Nav: [Date Prev] [Date Next] [Thread Prev] [Thread Next]
Other format: [Raw text]

Results for 4.0.3 testsuite on hppa1.1-hp-hpux10.20


LAST_UPDATED: Wed Dec 20 21:47:11 UTC 2006 (revision 120084)

		=== acats tests ===
Native configuration is hppa1.1-hp-hpux10.20

		=== g++ tests ===


Running target unix
WARNING: program timed out.
FAIL: g++.dg/eh/cleanup1.C (test for excess errors)

		=== g++ Summary ===

# of expected passes		11057
# of unexpected failures	1
# of expected failures		70
# of unsupported tests		136
/xxx/gnu/gcc/objdir/gcc/testsuite/../g++  version 4.0.3

		=== gcc tests ===


Running target unix
WARNING: program timed out.
FAIL: gcc.c-torture/compile/20001226-1.c  -O1  (test for excess errors)
WARNING: program timed out.
FAIL: gcc.c-torture/compile/20001226-1.c  -O2  (test for excess errors)
WARNING: program timed out.
FAIL: gcc.c-torture/compile/20001226-1.c  -O3 -fomit-frame-pointer  (test for excess errors)
WARNING: program timed out.
FAIL: gcc.c-torture/compile/20001226-1.c  -O3 -g  (test for excess errors)
WARNING: program timed out.
FAIL: gcc.c-torture/compile/20001226-1.c  -Os  (test for excess errors)
XPASS: gcc.dg/cpp/cmdlne-dI-M.c scan-file (^|\\\\n)cmdlne-dI-M.*:[^\\\\n]*cmdlne-dI-M.c
XPASS: gcc.dg/cpp/cmdlne-dM-M.c scan-file (^|\\\\n)cmdlne-dM-M[^\\\\n]*:[^\\\\n]*cmdlne-dM-M.c
FAIL: gcc.dg/20050922-1.c (test for excess errors)
WARNING: gcc.dg/20050922-1.c compilation failed to produce executable
WARNING: program timed out.
FAIL: gcc.dg/c99-intconst-1.c (test for excess errors)
XPASS: gcc.dg/const-elim-1.c scan-assembler-not L\\\\\$?C[^A-Z]
XPASS: gcc.dg/tree-ssa/20040204-1.c scan-tree-dump-times link_error 0

		=== gcc Summary ===

# of expected passes		34053
# of unexpected failures	7
# of unexpected successes	4
# of expected failures		72
# of untested testcases		28
# of unsupported tests		603
/xxx/gnu/gcc/objdir/gcc/xgcc  version 4.0.3

		=== gfortran tests ===


Running target unix
FAIL: gfortran.dg/gnu_logical_1.F  -O0  (test for excess errors)
WARNING: gfortran.dg/gnu_logical_1.F  -O0  compilation failed to produce executable
FAIL: gfortran.dg/gnu_logical_1.F  -O1  (test for excess errors)
WARNING: gfortran.dg/gnu_logical_1.F  -O1  compilation failed to produce executable
FAIL: gfortran.dg/gnu_logical_1.F  -O2  (test for excess errors)
WARNING: gfortran.dg/gnu_logical_1.F  -O2  compilation failed to produce executable
FAIL: gfortran.dg/gnu_logical_1.F  -O3 -fomit-frame-pointer  (test for excess errors)
WARNING: gfortran.dg/gnu_logical_1.F  -O3 -fomit-frame-pointer  compilation failed to produce executable
FAIL: gfortran.dg/gnu_logical_1.F  -O3 -fomit-frame-pointer -funroll-loops  (test for excess errors)
WARNING: gfortran.dg/gnu_logical_1.F  -O3 -fomit-frame-pointer -funroll-loops  compilation failed to produce executable
FAIL: gfortran.dg/gnu_logical_1.F  -O3 -fomit-frame-pointer -funroll-all-loops -finline-functions  (test for excess errors)
WARNING: gfortran.dg/gnu_logical_1.F  -O3 -fomit-frame-pointer -funroll-all-loops -finline-functions  compilation failed to produce executable
FAIL: gfortran.dg/gnu_logical_1.F  -O3 -g  (test for excess errors)
WARNING: gfortran.dg/gnu_logical_1.F  -O3 -g  compilation failed to produce executable
FAIL: gfortran.dg/gnu_logical_1.F  -Os  (test for excess errors)
WARNING: gfortran.dg/gnu_logical_1.F  -Os  compilation failed to produce executable
FAIL: gfortran.fortran-torture/execute/intrinsic_set_exponent.f90 execution,  -O0 
FAIL: gfortran.fortran-torture/execute/intrinsic_set_exponent.f90 execution,  -O1 
FAIL: gfortran.fortran-torture/execute/intrinsic_set_exponent.f90 execution,  -O2 
FAIL: gfortran.fortran-torture/execute/intrinsic_set_exponent.f90 execution,  -O3 -fomit-frame-pointer 
FAIL: gfortran.fortran-torture/execute/intrinsic_set_exponent.f90 execution,  -O3 -fomit-frame-pointer -funroll-loops 
FAIL: gfortran.fortran-torture/execute/intrinsic_set_exponent.f90 execution,  -O3 -fomit-frame-pointer -funroll-all-loops -finline-functions 
FAIL: gfortran.fortran-torture/execute/intrinsic_set_exponent.f90 execution,  -O3 -g 
FAIL: gfortran.fortran-torture/execute/intrinsic_set_exponent.f90 execution,  -Os 

		=== gfortran Summary ===

# of expected passes		8797
# of unexpected failures	16
# of expected failures		1
# of unsupported tests		17
/xxx/gnu/gcc/objdir/gcc/testsuite/../gfortran  version 4.0.3

		=== objc tests ===


Running target unix

		=== objc Summary ===

# of expected passes		1552
# of unsupported tests		11
/xxx/gnu/gcc/objdir/gcc/xgcc  version 4.0.3

		=== libstdc++ tests ===


Running target unix
FAIL: 17_intro/.svn/prop-base/header_cassert.cc.svn-base (test for excess errors)
WARNING: 17_intro/.svn/prop-base/header_cassert.cc.svn-base compilation failed to produce executable
FAIL: 17_intro/.svn/prop-base/header_cerrno.cc.svn-base (test for excess errors)
WARNING: 17_intro/.svn/prop-base/header_cerrno.cc.svn-base compilation failed to produce executable
...

		=== libstdc++ Summary ===

# of expected passes		2602
# of unexpected failures	4197
# of expected failures		16

Compiler version: 4.0.3 
Platform: hppa1.1-hp-hpux10.20
configure flags: --with-gnu-as --with-as=/usr/local/bin/as --enable-shared --with-local-prefix=/usr/local --prefix=/opt/gnu/gcc/gcc-4.0.4 --with-gmp=/opt/gnu/gcc/gcc-4.0.4 --enable-debug=no --disable-nls --disable-checking --enable-languages=c,ada,c++,f95,java,objc


Index Nav: [Date Index] [Subject Index] [Author Index] [Thread Index]
Message Nav: [Date Prev] [Date Next] [Thread Prev] [Thread Next]