This is the mail archive of the gcc-testresults@gcc.gnu.org mailing list for the GCC project.


Index Nav: [Date Index] [Subject Index] [Author Index] [Thread Index]
Message Nav: [Date Prev] [Date Next] [Thread Prev] [Thread Next]
Other format: [Raw text]

Results for gcc gcc testsuite on powerpc-ibm-aix5.3.0.0


LAST_UPDATED: 
Native configuration is powerpc-ibm-aix5.3.0.0

		=== gcc tests ===


Running target unix
FAIL: gcc.c-torture/execute/eeprof-1.c execution,  -O0 
FAIL: gcc.c-torture/execute/eeprof-1.c execution,  -O1 
FAIL: gcc.c-torture/execute/eeprof-1.c execution,  -O2 
FAIL: gcc.c-torture/execute/eeprof-1.c execution,  -O3 -fomit-frame-pointer 
FAIL: gcc.c-torture/execute/eeprof-1.c execution,  -O3 -g 
FAIL: gcc.c-torture/execute/eeprof-1.c execution,  -Os 
FAIL: gcc.dg/cpp/assert4.c (test for excess errors)
FAIL: gcc.dg/20020103-1.c scan-assembler-not LC
WARNING: gcc.dg/altivec-1.c compilation failed to produce executable
ERROR: gcc.dg/altivec-11.c: error executing dg-final: couldn't open "altivec-11.s": no such file or directory
UNRESOLVED: gcc.dg/altivec-11.c: error executing dg-final: couldn't open "altivec-11.s": no such file or directory
WARNING: gcc.dg/altivec-12.c compilation failed to produce executable
FAIL: gcc.dg/altivec-14.c  (test for warnings, line 8)
FAIL: gcc.dg/altivec-14.c  (test for warnings, line 9)
FAIL: gcc.dg/altivec-14.c  (test for warnings, line 10)
FAIL: gcc.dg/altivec-14.c  (test for warnings, line 11)
FAIL: gcc.dg/altivec-14.c  (test for warnings, line 12)
FAIL: gcc.dg/altivec-14.c  (test for warnings, line 14)
FAIL: gcc.dg/altivec-14.c  (test for warnings, line 15)
FAIL: gcc.dg/altivec-14.c  (test for warnings, line 16)
FAIL: gcc.dg/altivec-14.c  (test for warnings, line 20)
FAIL: gcc.dg/altivec-14.c  (test for warnings, line 21)
FAIL: gcc.dg/altivec-14.c  (test for warnings, line 22)
FAIL: gcc.dg/altivec-14.c (test for excess errors)
WARNING: gcc.dg/altivec-3.c compilation failed to produce executable
WARNING: gcc.dg/altivec-varargs-1.c compilation failed to produce executable
FAIL: gcc.dg/array-quals-1.c scan-assembler-not \\\\.data(?!\\\\.rel\\\\.ro)
FAIL: gcc.dg/asm-names.c scan-assembler-not ____frob14
ERROR: gcc.dg/const-elim-2.c: error executing dg-final: bad switch "-inline": must be -indices, -nocase, -about, -expanded, -line, -linestop, -lineanchor, or --
UNRESOLVED: gcc.dg/const-elim-2.c: error executing dg-final: bad switch "-inline": must be -indices, -nocase, -about, -expanded, -line, -linestop, -lineanchor, or --
FAIL: gcc.dg/darwin-longlong.c (test for excess errors)
WARNING: gcc.dg/darwin-longlong.c compilation failed to produce executable
FAIL: gcc.dg/pch/static-1.c -O0 -g assembly comparison
FAIL: gcc.dg/pch/static-2.c -O0 -g assembly comparison
FAIL: gcc.dg/pch/static-3.c -O0 -g assembly comparison
FAIL: gcc.dg/pch/system-1.c -O0 -g assembly comparison
FAIL: largefile.c -O0 -g (test for excess errors)
FAIL: largefile.c  -O0  (test for excess errors)
FAIL: largefile.c  -O1  (test for excess errors)
FAIL: largefile.c  -O2  (test for excess errors)
FAIL: largefile.c  -O3 -fomit-frame-pointer  (test for excess errors)
FAIL: largefile.c  -O3 -g  (test for excess errors)
FAIL: largefile.c  -Os  (test for excess errors)
XPASS: gcc.dg/special/gcsec-1.c execution test
FAIL: gcc.dg/torture/builtin-noret-1.c  -O0  (test for excess errors)
FAIL: gcc.dg/torture/builtin-noret-1.c  -O1  (test for excess errors)
FAIL: gcc.dg/torture/builtin-noret-1.c  -O2  (test for excess errors)
FAIL: gcc.dg/torture/builtin-noret-1.c  -O3 -fomit-frame-pointer  (test for excess errors)
FAIL: gcc.dg/torture/builtin-noret-1.c  -O3 -g  (test for excess errors)
FAIL: gcc.dg/torture/builtin-noret-1.c  -Os  (test for excess errors)
FAIL: gcc.dg/torture/builtin-noret-2.c  -O0  (test for excess errors)
FAIL: gcc.dg/torture/builtin-noret-2.c  -O1  (test for excess errors)
FAIL: gcc.dg/torture/builtin-noret-2.c  -O2  (test for excess errors)
FAIL: gcc.dg/torture/builtin-noret-2.c  -O3 -fomit-frame-pointer  (test for excess errors)
FAIL: gcc.dg/torture/builtin-noret-2.c  -O3 -g  (test for excess errors)
FAIL: gcc.dg/torture/builtin-noret-2.c  -Os  (test for excess errors)

		=== gcc Summary ===

# of expected passes		24526
# of unexpected failures	46
# of unexpected successes	1
# of expected failures		85
# of unresolved testcases	2
# of untested testcases		14
# of unsupported tests		368

Compiler version: gcc gcc 
Platform: powerpc-ibm-aix5.3.0.0
configure flags: --with-as=/usr/bin/as --with-ld=/usr/bin-ld --disable-nls --enable-languages=c --prefix=/home/jonatha/gcc/build --enable-threads --enable-version-specific-runtime-libs : (reconfigured) ./configure --prefix=/home/jonatha/build --with-ld=/home/jonatha/mytools/ld : (reconfigured) ./configure --prefix=/build --with-ld=/home/jonatha/mytools/ld --with-as=/usr/bin/as --enable-languages=c,;t t


Index Nav: [Date Index] [Subject Index] [Author Index] [Thread Index]
Message Nav: [Date Prev] [Date Next] [Thread Prev] [Thread Next]