This is the mail archive of the gcc-testresults@gcc.gnu.org mailing list for the GCC project.


Index Nav: [Date Index] [Subject Index] [Author Index] [Thread Index]
Message Nav: [Date Prev] [Date Next] [Thread Prev] [Thread Next]
Other format: [Raw text]

Results for 4.3.0 20061215 (experimental) testsuite on x86_64-redhat-linux-gnu


LAST_UPDATED: Fri Dec 15 17:22:37 UTC 2006 (revision 119886)

Native configuration is x86_64-redhat-linux-gnu

=== g++ tests ===


Running target unix
XPASS: g++.dg/tree-ssa/ivopts-1.C scan-tree-dump-not &x\[5\]

=== g++ Summary ===

# of expected passes 13627
# of unexpected successes 1
# of expected failures 68
# of unsupported tests 104
/home/testbot/bootstrap/008502/bld/gcc/testsuite/g++/../../g++ version 4.3.0 20061215 (experimental)

=== gcc tests ===


Running target unix
FAIL: gcc.c-torture/execute/mayalias-2.c compilation, -O3 -g (internal compiler error)
UNRESOLVED: gcc.c-torture/execute/mayalias-2.c execution, -O3 -g
FAIL: gcc.c-torture/execute/mayalias-3.c compilation, -O3 -g (internal compiler error)
UNRESOLVED: gcc.c-torture/execute/mayalias-3.c execution, -O3 -g
WARNING: gcc.dg/torture/fp-int-convert-float128-timode.c -O0 compilation failed to produce executable
WARNING: gcc.dg/torture/fp-int-convert-float128-timode.c -O1 compilation failed to produce executable
WARNING: gcc.dg/torture/fp-int-convert-float128-timode.c -O2 compilation failed to produce executable
WARNING: gcc.dg/torture/fp-int-convert-float128-timode.c -O3 -fomit-frame-pointer compilation failed to produce executable
WARNING: gcc.dg/torture/fp-int-convert-float128-timode.c -O3 -g compilation failed to produce executable
WARNING: gcc.dg/torture/fp-int-convert-float128-timode.c -Os compilation failed to produce executable
WARNING: gcc.dg/torture/fp-int-convert-float128.c -O0 compilation failed to produce executable
WARNING: gcc.dg/torture/fp-int-convert-float128.c -O1 compilation failed to produce executable
WARNING: gcc.dg/torture/fp-int-convert-float128.c -O2 compilation failed to produce executable
WARNING: gcc.dg/torture/fp-int-convert-float128.c -O3 -fomit-frame-pointer compilation failed to produce executable
WARNING: gcc.dg/torture/fp-int-convert-float128.c -O3 -g compilation failed to produce executable
WARNING: gcc.dg/torture/fp-int-convert-float128.c -Os compilation failed to produce executable
FAIL: gcc.dg/tree-prof/stringop-1.c scan-tree-dump memcpy.*4\)
FAIL: gcc.dg/tree-ssa/loadpre1.c scan-tree-dump-times Eliminated: 1 1
XPASS: gcc.dg/vect/vect-57.c scan-tree-dump-times vectorized 1 loops 1
XPASS: gcc.dg/vect/vect-61.c scan-tree-dump-times vectorized 1 loops 1

=== gcc Summary ===

# of expected passes 42346
# of unexpected failures 4
# of unexpected successes 2
# of expected failures 121
# of unresolved testcases 2
# of untested testcases 28
# of unsupported tests 406
/home/testbot/bootstrap/008502/bld/gcc/xgcc version 4.3.0 20061215 (experimental)

=== gfortran tests ===


Running target unix
FAIL: gfortran.dg/csqrt_2.f -O0 execution test
FAIL: gfortran.dg/csqrt_2.f -O1 execution test
FAIL: gfortran.dg/csqrt_2.f -O2 execution test
FAIL: gfortran.dg/csqrt_2.f -O2 -fomit-frame-pointer -finline-functions execution test
FAIL: gfortran.dg/csqrt_2.f -O2 -fomit-frame-pointer -finline-functions -funroll-loops execution test
FAIL: gfortran.dg/csqrt_2.f -O2 -fbounds-check execution test
FAIL: gfortran.dg/csqrt_2.f -O3 -g execution test
FAIL: gfortran.dg/csqrt_2.f -Os execution test
FAIL: gfortran.dg/csqrt_2.f -O2 -ftree-vectorize -msse2 execution test

=== gfortran Summary ===

# of expected passes 17352
# of unexpected failures 9
# of expected failures 7
# of unsupported tests 19
/home/testbot/bootstrap/008502/bld/gcc/testsuite/gfortran/../../gfortran version 4.3.0 20061215 (experimental)

=== objc tests ===


Running target unix

=== objc Summary ===

# of expected passes 1766
# of expected failures 7
# of unsupported tests 24
/home/testbot/bootstrap/008502/bld/gcc/xgcc version 4.3.0 20061215 (experimental)

=== libffi tests ===


Running target unix

=== libffi Summary ===

# of expected passes 1096
# of unsupported tests 8
=== libgomp tests ===


Running target unix
=== libjava tests ===


Running target unix
FAIL: /home/testbot/bootstrap/008502/src/libjava/testsuite/libjava.jar/simple.jar execution - gij test
FAIL: PR18116 run
FAIL: jniutf execution - gij test
FAIL: throwit execution - gij test
FAIL: Array_1 execution - gij test
FAIL: Array_2 execution - gij test
FAIL: FileHandleGcTest execution - gij test
FAIL: FileHandleGcTest execution - gij test
FAIL: FileHandleGcTest execution - gij test
FAIL: FileHandleGcTest execution - gij test
FAIL: Float_1 execution - gij test
FAIL: G19990303_02 execution - gij test
FAIL: InvokeInterface execution - gij test
FAIL: N19990310_5 execution - gij test
FAIL: Overflow execution - gij test
FAIL: PR12350 execution - gij test
FAIL: PR12656 execution - gij test
FAIL: PR19870 execution - gij test
FAIL: PR19921 execution - gij test
FAIL: PR260 execution - gij test
FAIL: PR260 execution - gij test
FAIL: PR27908 -O3 execution - source compiled test
FAIL: PR29013 execution - gij test
FAIL: PR3731 execution - gij test
FAIL: PR5057 execution - gij test
FAIL: PR5057_2 execution - gij test
FAIL: PR6085 -findirect-dispatch execution - bytecode->native test
FAIL: PR6085 execution - gij test
FAIL: PR6204 execution - gij test
FAIL: Process_2 execution - gij test
FAIL: Process_3 -findirect-dispatch execution - bytecode->native test
FAIL: Process_3 -O3 execution - source compiled test
FAIL: Process_5 execution - gij test
FAIL: Process_6 execution - gij test
FAIL: Process_6 -findirect-dispatch execution - bytecode->native test
FAIL: StringBuffer_1 execution - bytecode->native test
FAIL: StringBuffer_overflow execution - gij test
FAIL: String_overflow execution - gij test
FAIL: Thread_HoldsLock execution - gij test
FAIL: Thread_Monitor execution - gij test
FAIL: Throw_2 execution - gij test
FAIL: anon4 execution - gij test
FAIL: assign2 execution - gij test
FAIL: direct_read execution - gij test
FAIL: direct_write execution - gij test
FAIL: err11 execution - gij test
FAIL: err11 execution - gij test
FAIL: err12 execution - gij test
FAIL: err2 execution - bytecode->native test
FAIL: err2 execution - gij test
FAIL: err4 execution - gij test
FAIL: err8 execution - gij test
FAIL: indirect_write execution - gij test
FAIL: initfield execution - gij test
FAIL: inner1 execution - gij test
FAIL: inner_array execution - gij test
FAIL: instinit -findirect-dispatch execution - bytecode->native test
FAIL: instinit execution - gij test
FAIL: invoke_from_inner execution - gij test
FAIL: nested_with_ctor execution - gij test
FAIL: override execution - gij test
FAIL: pr109 execution - gij test
FAIL: pr26990 execution - gij test
FAIL: pr26990 execution - gij test
FAIL: pr26990 execution - gij test
FAIL: pr83 execution - gij test
FAIL: pr8415 -findirect-dispatch execution - bytecode->native test
FAIL: private_direct_read execution - gij test
FAIL: stacktrace -O3 execution - bytecode->native test
FAIL: stub -findirect-dispatch execution - bytecode->native test
FAIL: utilTest execution - gij test

=== libjava Summary ===

# of expected passes 6893
# of unexpected failures 71
# of expected failures 12
# of untested testcases 79
=== libmudflap tests ===


Running target unix
FAIL: libmudflap.cth/pass59-frag.c (test for excess errors)
FAIL: libmudflap.cth/pass59-frag.c (-static -DSTATIC) (test for excess errors)
FAIL: libmudflap.cth/pass59-frag.c (-O2) (test for excess errors)
FAIL: libmudflap.cth/pass59-frag.c (-O3) (test for excess errors)

=== libmudflap Summary ===

# of expected passes 1822
# of unexpected failures 4
=== libstdc++ tests ===


Running target unix
FAIL: abi_check
XPASS: 26_numerics/cmath/c99_classification_macros_c.cc (test for excess errors)
XPASS: 27_io/fpos/14320-1.cc execution test

=== libstdc++ Summary ===

# of expected passes 4464
# of unexpected failures 1
# of unexpected successes 2
# of expected failures 14

Compiler version: 4.3.0 20061215 (experimental)
Platform: x86_64-redhat-linux-gnu
configure flags: --prefix=/home/testbot/bootstrap/008502/usr --program-suffix=-43 -enable-shared --enable-threads=posix --enable-checking --with-system-zlib --enable-__cxa_atexit --host=x86_64-redhat-linux --enable-languages=c,c++,fortran,java,objc


Index Nav: [Date Index] [Subject Index] [Author Index] [Thread Index]
Message Nav: [Date Prev] [Date Next] [Thread Prev] [Thread Next]