This is the mail archive of the
gcc-testresults@gcc.gnu.org
mailing list for the GCC project.
Results for 4.3.0 20061213 (experimental) testsuite on i686-pc-linux-gnu
- From: fxcoudert at localhost dot localdomain
- To: gcc-testresults at gcc dot gnu dot org
- Date: Wed, 13 Dec 2006 07:23:04 +0100 (CET)
- Subject: Results for 4.3.0 20061213 (experimental) testsuite on i686-pc-linux-gnu
LAST_UPDATED: Wed Dec 13 03:01:44 UTC 2006 (revision 119816)
Native configuration is i686-pc-linux-gnu
=== gcc tests ===
Running target unix
FAIL: gcc.c-torture/execute/mayalias-2.c compilation, -O3 -g (internal compiler error)
UNRESOLVED: gcc.c-torture/execute/mayalias-2.c execution, -O3 -g
FAIL: gcc.c-torture/execute/mayalias-3.c compilation, -O3 -g (internal compiler error)
UNRESOLVED: gcc.c-torture/execute/mayalias-3.c execution, -O3 -g
FAIL: gcc.dg/pr19633-1.c (test for excess errors)
WARNING: gcc.dg/pr19633-1.c compilation failed to produce executable
FAIL: gcc.dg/tree-ssa/loadpre1.c scan-tree-dump-times Eliminated: 1 1
XPASS: gcc.dg/vect/vect-57.c scan-tree-dump-times vectorized 1 loops 1
XPASS: gcc.dg/vect/vect-61.c scan-tree-dump-times vectorized 1 loops 1
=== gcc Summary ===
# of expected passes 42459
# of unexpected failures 4
# of unexpected successes 2
# of expected failures 110
# of unresolved testcases 2
# of untested testcases 28
# of unsupported tests 296
/home/fxcoudert/gfortran_nightbuild/ibin-20061213/gcc/xgcc version 4.3.0 20061213 (experimental)
=== gfortran tests ===
Running target unix
FAIL: gfortran.dg/actual_array_constructor_3.f90 -O2 -ftree-vectorize -msse2 execution test
FAIL: gfortran.dg/array-1.f90 -O2 -ftree-vectorize -msse2 execution test
FAIL: gfortran.dg/array_constructor_1.f90 -O2 -ftree-vectorize -msse2 execution test
FAIL: gfortran.dg/array_constructor_4.f90 -O2 -ftree-vectorize -msse2 execution test
FAIL: gfortran.dg/array_constructor_5.f90 -O2 -ftree-vectorize -msse2 execution test
FAIL: gfortran.dg/arrayio_1.f90 -O2 -ftree-vectorize -msse2 execution test
FAIL: gfortran.dg/arrayio_9.f90 -O2 -ftree-vectorize -msse2 execution test
FAIL: gfortran.dg/bounds_check_2.f -O2 -ftree-vectorize -msse2 execution test
FAIL: gfortran.dg/char_result_3.f90 -O2 -ftree-vectorize -msse2 execution test
FAIL: gfortran.dg/char_result_4.f90 -O2 -ftree-vectorize -msse2 execution test
FAIL: gfortran.dg/char_result_5.f90 -O2 -ftree-vectorize -msse2 execution test
FAIL: gfortran.dg/char_result_6.f90 -O2 -ftree-vectorize -msse2 execution test
FAIL: gfortran.dg/cray_pointers_2.f90 -O2 -ftree-vectorize -msse2 execution test
FAIL: gfortran.dg/csqrt_2.f -O0 execution test
FAIL: gfortran.dg/csqrt_2.f -O1 execution test
FAIL: gfortran.dg/csqrt_2.f -O2 execution test
FAIL: gfortran.dg/csqrt_2.f -O2 -fomit-frame-pointer -finline-functions execution test
FAIL: gfortran.dg/csqrt_2.f -O2 -fomit-frame-pointer -finline-functions -funroll-loops execution test
FAIL: gfortran.dg/csqrt_2.f -O2 -fbounds-check execution test
FAIL: gfortran.dg/csqrt_2.f -O3 -g execution test
FAIL: gfortran.dg/csqrt_2.f -Os execution test
FAIL: gfortran.dg/csqrt_2.f -O2 -ftree-vectorize -msse2 execution test
FAIL: gfortran.dg/equiv_6.f90 -O2 -ftree-vectorize -msse2 execution test
FAIL: gfortran.dg/forall_4.f90 -O2 -ftree-vectorize -msse2 execution test
FAIL: gfortran.dg/func_derived_1.f90 -O2 -ftree-vectorize -msse2 execution test
FAIL: gfortran.dg/intrinsic_modulo_1.f90 -O2 -ftree-vectorize -msse2 execution test
FAIL: gfortran.dg/list_read_4.f90 -O2 -ftree-vectorize -msse2 execution test
FAIL: gfortran.dg/matmul_2.f90 -O2 -ftree-vectorize -msse2 execution test
FAIL: gfortran.dg/namelist_13.f90 -O2 -ftree-vectorize -msse2 execution test
FAIL: gfortran.dg/namelist_14.f90 -O2 -ftree-vectorize -msse2 execution test
FAIL: gfortran.dg/overload_1.f90 -O2 -ftree-vectorize -msse2 execution test
FAIL: gfortran.dg/pr19928-2.f90 -O2 -ftree-vectorize -msse2 execution test
FAIL: gfortran.dg/pr20257.f90 -O2 -ftree-vectorize -msse2 execution test
FAIL: gfortran.dg/read_eof_1.f90 -O2 -ftree-vectorize -msse2 execution test
FAIL: gfortran.dg/read_eof_2.f90 -O2 -ftree-vectorize -msse2 execution test
FAIL: gfortran.dg/read_eof_3.f90 -O2 -ftree-vectorize -msse2 execution test
FAIL: gfortran.dg/reshape-alloc.f90 -O2 -ftree-vectorize -msse2 execution test
FAIL: gfortran.dg/save_2.f90 -O2 -ftree-vectorize -msse2 execution test
FAIL: gfortran.dg/streamio_10.f90 -O2 -ftree-vectorize -msse2 execution test
FAIL: gfortran.dg/streamio_3.f90 -O2 -ftree-vectorize -msse2 execution test
FAIL: gfortran.dg/string_ctor_1.f90 -O2 -ftree-vectorize -msse2 execution test
FAIL: gfortran.dg/transfer_array_intrinsic_2.f90 -O2 -ftree-vectorize -msse2 execution test
FAIL: gfortran.dg/unformatted_subrecord_1.f90 -O2 -ftree-vectorize -msse2 execution test
FAIL: gfortran.dg/vector_subscript_1.f90 -O2 -ftree-vectorize -msse2 execution test
FAIL: gfortran.dg/vector_subscript_2.f90 -O2 -ftree-vectorize -msse2 execution test
FAIL: gfortran.dg/zero_sized_1.f90 -O2 -ftree-vectorize -msse2 execution test
FAIL: gfortran.dg/g77/dnrm2.f -O2 -ftree-vectorize -msse2 execution test
FAIL: gfortran.fortran-torture/execute/arrayarg2.f90 execution, -O2 -ftree-vectorize -msse2
FAIL: gfortran.fortran-torture/execute/common.f90 execution, -O2 -ftree-vectorize -msse2
FAIL: gfortran.fortran-torture/execute/common_size.f90 execution, -O2 -ftree-vectorize -msse2
FAIL: gfortran.fortran-torture/execute/constructor.f90 execution, -O2 -ftree-vectorize -msse2
FAIL: gfortran.fortran-torture/execute/entry_6.f90 execution, -O2 -ftree-vectorize -msse2
FAIL: gfortran.fortran-torture/execute/in-pack.f90 execution, -O2 -ftree-vectorize -msse2
FAIL: gfortran.fortran-torture/execute/intrinsic_mmloc_2.f90 execution, -O2 -ftree-vectorize -msse2
FAIL: gfortran.fortran-torture/execute/nestcons.f90 execution, -O2 -ftree-vectorize -msse2
FAIL: gfortran.fortran-torture/execute/scalarize.f90 execution, -O2 -ftree-vectorize -msse2
FAIL: gfortran.fortran-torture/execute/stack_varsize.f90 execution, -O2 -ftree-vectorize -msse2
FAIL: gfortran.fortran-torture/execute/test_slice.f90 execution, -O2 -ftree-vectorize -msse2
FAIL: gfortran.fortran-torture/execute/where18.f90 execution, -O2 -ftree-vectorize -msse2
FAIL: gfortran.fortran-torture/execute/where19.f90 execution, -O2 -ftree-vectorize -msse2
FAIL: gfortran.fortran-torture/execute/where20.f90 execution, -O2 -ftree-vectorize -msse2
FAIL: gfortran.fortran-torture/execute/where_10.f90 execution, -O2 -ftree-vectorize -msse2
FAIL: gfortran.fortran-torture/execute/where_11.f90 execution, -O2 -ftree-vectorize -msse2
FAIL: gfortran.fortran-torture/execute/where_14.f90 execution, -O2 -ftree-vectorize -msse2
FAIL: gfortran.fortran-torture/execute/where_15.f90 execution, -O2 -ftree-vectorize -msse2
FAIL: gfortran.fortran-torture/execute/where_16.f90 execution, -O2 -ftree-vectorize -msse2
FAIL: gfortran.fortran-torture/execute/where_2.f90 execution, -O2 -ftree-vectorize -msse2
FAIL: gfortran.fortran-torture/execute/where_3.f90 execution, -O2 -ftree-vectorize -msse2
FAIL: gfortran.fortran-torture/execute/where_4.f90 execution, -O2 -ftree-vectorize -msse2
FAIL: gfortran.fortran-torture/execute/where_5.f90 execution, -O2 -ftree-vectorize -msse2
=== gfortran Summary ===
# of expected passes 17292
# of unexpected failures 70
# of expected failures 7
# of unsupported tests 18
/home/fxcoudert/gfortran_nightbuild/ibin-20061213/gcc/testsuite/gfortran/../../gfortran version 4.3.0 20061213 (experimental)
Compiler version: 4.3.0 20061213 (experimental)
Platform: i686-pc-linux-gnu
configure flags: --prefix=/home/fxcoudert/gfortran_nightbuild/irun-20061213 --with-gmp=/home/fxcoudert/gfortran_nightbuild/software --enable-languages=c,fortran