This is the mail archive of the gcc-testresults@gcc.gnu.org mailing list for the GCC project.


Index Nav: [Date Index] [Subject Index] [Author Index] [Thread Index]
Message Nav: [Date Prev] [Date Next] [Thread Prev] [Thread Next]
Other format: [Raw text]

Results for 4.3.0 20061211 (experimental) testsuite on i686-pc-cygwin


CYGWIN_NT-5.1 calttws189 1.5.22(0.156/4/2) 2006-11-13 17:01 i686 Cygwin

Using local build of gmp-4.2 and mfpr-2.2
cxg2014 added to gcc/gcc/testsuite/ada/acats/norun.lst
treelang testsuite failure is PR 27376

LAST_UPDATED: Mon Dec 11 07:16:25 UTC 2006 (revision 119729)

Native configuration is i686-pc-cygwin

		=== g++ tests ===


Running target unix
FAIL: g++.dg/abi/local1.C execution test
FAIL: g++.dg/abi/rtti1.C scan-assembler-dem-not \\ntypeinfo for A[:
\\t\\n]
FAIL: g++.dg/abi/rtti3.C scan-assembler .weak[ \\t]_?_ZTSPP1A
FAIL: g++.dg/abi/thunk4.C scan-assembler .weak[
\\t]_?_ZThn._N7Derived3FooEv
FAIL: g++.dg/ext/dllimport7.C C++ specific error (test for errors, line
24)
FAIL: g++.dg/opt/alias4.C execution test
FAIL: g++.dg/opt/complex3.C (internal compiler error)
FAIL: g++.dg/opt/complex3.C (test for excess errors)
FAIL: g++.dg/opt/vt1.C scan-assembler-not
section[^\\n\\r]*_ZTV1S[^\\n\\r]*"[^w"\\n\\r]*"
FAIL: g++.dg/other/unused1.C scan-assembler
(string|ascii?)z?\\t"class2("|\\\\\\\\000)
FAIL: g++.dg/other/unused1.C scan-assembler
(string|ascii?)z?\\t"printer("|\\\\\\\\000)
XPASS: g++.dg/tree-ssa/ivopts-1.C scan-tree-dump-not &x\\[5\\]
FAIL: g++.dg/pch/externc-1.C -g assembly comparison
FAIL: g++.dg/pch/externc-1.C -O2 -g assembly comparison
FAIL: g++.dg/pch/static-1.C -g assembly comparison
FAIL: g++.dg/pch/static-1.C -O2 -g assembly comparison
FAIL: g++.dg/pch/system-1.C -g assembly comparison
FAIL: g++.dg/pch/system-1.C -O2 -g assembly comparison
FAIL: g++.dg/pch/system-2.C -g assembly comparison
FAIL: g++.dg/pch/system-2.C -O2 -g assembly comparison
FAIL: g++.dg/pch/uninst.C -g assembly comparison
FAIL: g++.dg/pch/uninst.C -O2 -g assembly comparison
FAIL: g++.dg/pch/wchar-1.C -g assembly comparison
FAIL: g++.dg/pch/wchar-1.C -O2 -g assembly comparison
FAIL: g++.old-deja/g++.eh/badalloc1.C execution test
XPASS: g++.old-deja/g++.ext/attrib5.C execution test
FAIL: g++.old-deja/g++.other/init18.C execution test
FAIL: g++.old-deja/g++.other/init19.C execution test
FAIL: g++.old-deja/g++.other/init5.C execution test

		=== g++ Summary ===

# of expected passes		13449
# of unexpected failures	27
# of unexpected successes	2
# of expected failures		68
# of unsupported tests		167
/usr/local/obj/gcc/gcc/testsuite/g++/../../g++  version 4.3.0 20061211
(experimental)

		=== gcc tests ===


Running target unix
FAIL: gcc.c-torture/compile/20001226-1.c (test for excess errors)
FAIL: gcc.c-torture/execute/20010422-1.c execution,  -O1
FAIL: gcc.c-torture/execute/20010422-1.c execution,  -O2
XPASS: gcc.dg/cpp/cmdlne-dI-M.c scan-file
(^|\\\\n)cmdlne-dI-M.*:[^\\\\n]*cmdlne-dI-M.c
XPASS: gcc.dg/cpp/cmdlne-dM-M.c scan-file
(^|\\\\n)cmdlne-dM-M[^\\\\n]*:[^\\\\n]*cmdlne-dM-M.c
FAIL: gcc.dg/cpp/trad/include.c (test for excess errors)
FAIL: gcc.dg/cpp/trad/include.c (test for excess errors)
FAIL: gcc.dg/20021014-1.c (test for excess errors)
WARNING: gcc.dg/20021014-1.c compilation failed to produce executable
FAIL: gcc.dg/builtins-57.c scan-tree-dump trunc
FAIL: gcc.dg/pr25993.c (test for excess errors)
FAIL: gcc.dg/setjmp-3.c (test for excess errors)
WARNING: gcc.dg/setjmp-3.c compilation failed to produce executable
FAIL: gcc.dg/setjmp-4.c (test for excess errors)
WARNING: gcc.dg/setjmp-4.c compilation failed to produce executable
FAIL: largefile.c (test for excess errors)
FAIL: largefile.c (test for excess errors)
FAIL: largefile.c (test for excess errors)
FAIL: largefile.c (test for excess errors)
FAIL: largefile.c (test for excess errors)
FAIL: largefile.c (test for excess errors)
FAIL: largefile.c (test for excess errors)
FAIL: gcc.dg/tree-ssa/loadpre1.c scan-tree-dump-times Eliminated: 1 1
FAIL: gcc.dg/tree-ssa/loop-1.c scan-assembler-times foo 5
FAIL: gcc.dg/vect/vect-101.c scan-tree-dump-times vectorized 1 loops 0
FAIL: gcc.dg/vect/vect-101.c scan-tree-dump-times can't determine
dependence 1
FAIL: compiler driver --coverage option(s) (compiler options)
FAIL: gcc.target/i386/pic-1.c  (test for errors, line 10)
FAIL: gcc.target/i386/math-torture/lceil.c (internal compiler error)
FAIL: gcc.target/i386/math-torture/lceil.c (test for excess errors)
FAIL: gcc.target/i386/math-torture/lceil.c (internal compiler error)
FAIL: gcc.target/i386/math-torture/lceil.c (test for excess errors)
FAIL: gcc.target/i386/math-torture/lceil.c (internal compiler error)
FAIL: gcc.target/i386/math-torture/lceil.c (test for excess errors)
FAIL: gcc.target/i386/math-torture/lceil.c (internal compiler error)
FAIL: gcc.target/i386/math-torture/lceil.c (test for excess errors)
FAIL: gcc.target/i386/math-torture/lceil.c (internal compiler error)
FAIL: gcc.target/i386/math-torture/lceil.c (test for excess errors)
FAIL: gcc.target/i386/math-torture/lceil.c (internal compiler error)
FAIL: gcc.target/i386/math-torture/lceil.c (test for excess errors)
FAIL: gcc.target/i386/math-torture/lfloor.c (internal compiler error)
FAIL: gcc.target/i386/math-torture/lfloor.c (test for excess errors)
FAIL: gcc.target/i386/math-torture/lfloor.c (internal compiler error)
FAIL: gcc.target/i386/math-torture/lfloor.c (test for excess errors)
FAIL: gcc.target/i386/math-torture/lfloor.c (internal compiler error)
FAIL: gcc.target/i386/math-torture/lfloor.c (test for excess errors)
FAIL: gcc.target/i386/math-torture/lfloor.c (internal compiler error)
FAIL: gcc.target/i386/math-torture/lfloor.c (test for excess errors)
FAIL: gcc.target/i386/math-torture/lfloor.c (internal compiler error)
FAIL: gcc.target/i386/math-torture/lfloor.c (test for excess errors)
FAIL: gcc.target/i386/math-torture/lfloor.c (internal compiler error)
FAIL: gcc.target/i386/math-torture/lfloor.c (test for excess errors)
FAIL: gcc.target/i386/math-torture/lceil.c (internal compiler error)
FAIL: gcc.target/i386/math-torture/lceil.c (test for excess errors)
FAIL: gcc.target/i386/math-torture/lceil.c (internal compiler error)
FAIL: gcc.target/i386/math-torture/lceil.c (test for excess errors)
FAIL: gcc.target/i386/math-torture/lceil.c (internal compiler error)
FAIL: gcc.target/i386/math-torture/lceil.c (test for excess errors)
FAIL: gcc.target/i386/math-torture/lceil.c (internal compiler error)
FAIL: gcc.target/i386/math-torture/lceil.c (test for excess errors)
FAIL: gcc.target/i386/math-torture/lceil.c (internal compiler error)
FAIL: gcc.target/i386/math-torture/lceil.c (test for excess errors)
FAIL: gcc.target/i386/math-torture/lceil.c (internal compiler error)
FAIL: gcc.target/i386/math-torture/lceil.c (test for excess errors)
FAIL: gcc.target/i386/math-torture/lfloor.c (internal compiler error)
FAIL: gcc.target/i386/math-torture/lfloor.c (test for excess errors)
FAIL: gcc.target/i386/math-torture/lfloor.c (internal compiler error)
FAIL: gcc.target/i386/math-torture/lfloor.c (test for excess errors)
FAIL: gcc.target/i386/math-torture/lfloor.c (internal compiler error)
FAIL: gcc.target/i386/math-torture/lfloor.c (test for excess errors)
FAIL: gcc.target/i386/math-torture/lfloor.c (internal compiler error)
FAIL: gcc.target/i386/math-torture/lfloor.c (test for excess errors)
FAIL: gcc.target/i386/math-torture/lfloor.c (internal compiler error)
FAIL: gcc.target/i386/math-torture/lfloor.c (test for excess errors)
FAIL: gcc.target/i386/math-torture/lfloor.c (internal compiler error)
FAIL: gcc.target/i386/math-torture/lfloor.c (test for excess errors)

		=== gcc Summary ===

# of expected passes		44037
# of unexpected failures	71
# of unexpected successes	2
# of expected failures		113
# of untested testcases		35
# of unsupported tests		364
/usr/local/obj/gcc/gcc/xgcc  version 4.3.0 20061211 (experimental)

		=== gfortran tests ===


Running target unix

		=== gfortran Summary ===

# of expected passes		15444
# of expected failures		7
# of unsupported tests		86
/usr/local/obj/gcc/gcc/testsuite/gfortran/../../gfortran  version 4.3.0
20061211 (experimental)

		=== objc tests ===


Running target unix

		=== objc Summary ===

# of expected passes		1824
# of expected failures		7
# of unsupported tests		24
/usr/local/obj/gcc/gcc/xgcc  version 4.3.0 20061211 (experimental)

		=== treelang tests ===


Running target unix
ERROR: tcl error sourcing
/usr/local/src/gcc/gcc/testsuite/treelang/output/output.exp.
ERROR: rm: cannot remove \`treelang/output-1': No such file or directory

		=== treelang Summary ===

# of expected passes		52
		=== libstdc++ tests ===


Running target unix
FAIL: 26_numerics/cmath/c99_classification_macros_c.cc (test for excess
errors)
FAIL: 27_io/basic_filebuf/seekoff/char/1-io.cc execution test
FAIL: 27_io/basic_filebuf/seekoff/char/1-io.cc execution test
FAIL: 27_io/basic_filebuf/seekoff/char/2-io.cc execution test
FAIL: 27_io/basic_filebuf/seekoff/char/2-io.cc execution test
FAIL: 27_io/basic_filebuf/seekpos/char/1-io.cc execution test
FAIL: 27_io/basic_filebuf/seekpos/char/1-io.cc execution test
FAIL: 27_io/basic_filebuf/seekpos/char/2-io.cc execution test
FAIL: 27_io/basic_filebuf/seekpos/char/2-io.cc execution test
FAIL: 27_io/basic_filebuf/sgetn/char/1-in.cc execution test
FAIL: 27_io/basic_filebuf/sgetn/char/1-in.cc execution test
FAIL: 27_io/basic_filebuf/sgetn/char/1-in.cc execution test
FAIL: 27_io/basic_filebuf/sgetn/char/1-io.cc execution test
FAIL: 27_io/basic_filebuf/sgetn/char/1-io.cc execution test
FAIL: 27_io/basic_filebuf/sgetn/char/1-io.cc execution test
FAIL: 27_io/basic_filebuf/sgetn/char/2-in.cc execution test
FAIL: 27_io/basic_filebuf/sgetn/char/2-in.cc execution test
FAIL: 27_io/basic_filebuf/sgetn/char/2-in.cc execution test
FAIL: 27_io/basic_filebuf/sgetn/char/2-io.cc execution test
FAIL: 27_io/basic_filebuf/sgetn/char/2-io.cc execution test
FAIL: 27_io/basic_filebuf/sgetn/char/2-io.cc execution test
FAIL: 27_io/basic_istream/extractors_arithmetic/char/12.cc execution test
FAIL: 27_io/basic_istream/extractors_arithmetic/char/12.cc execution test
FAIL: 27_io/basic_istream/extractors_arithmetic/char/12.cc execution test
FAIL: 27_io/basic_istream/readsome/char/6746-2.cc execution test
FAIL: 27_io/basic_istream/readsome/char/6746-2.cc execution test
FAIL: 27_io/basic_istream/readsome/char/6746-2.cc execution test
FAIL: ext/pb_ds/example/priority_queue_dijkstra.cc execution test
FAIL: ext/pb_ds/example/priority_queue_dijkstra.cc execution test
WARNING: program timed out.
FAIL: thread/pthread2.cc execution test
WARNING: program timed out.
FAIL: thread/pthread3.cc execution test
FAIL:
tr1/2_general_utilities/memory/shared_ptr/thread/default_weaktoshared.cc
execution test
FAIL:
tr1/2_general_utilities/memory/shared_ptr/thread/mutex_weaktoshared.cc
execution test

		=== libstdc++ Summary ===

# of expected passes		6980
# of unexpected failures	33
# of expected failures		31
# of unsupported tests		447

Compiler version: 4.3.0 20061211 (experimental)
Platform: i686-pc-cygwin
configure
flags: --prefix=/usr/local/gcc-4_3 --enable-threads=posix --disable-libgcj
 --enable-sjlj-exceptions --with-system-zlib --enable-nls --disable-libmud
flap --enable-version-specific-runtime-libs --without-included-gettext --d
isable-shared --enable-languages=c,c++,fortran,java,objc,treelang
Counting all warnings,
there are 0 warnings in stage3 of this bootstrap.

Number of warnings per file:

Number of warning types:


NOTICE
This e-mail and any attachments are private and confidential and may
contain privileged information. If you are not an authorised recipient,
the copying or distribution of this e-mail and any attachments is
prohibited and you must not read, print or act in reliance on this e-mail
or attachments.
This notice should not be removed.


Index Nav: [Date Index] [Subject Index] [Author Index] [Thread Index]
Message Nav: [Date Prev] [Date Next] [Thread Prev] [Thread Next]