This is the mail archive of the
gcc-testresults@gcc.gnu.org
mailing list for the GCC project.
Results for 3.4.6 testsuite on sparc-sun-solaris2.10
- From: Nathan Smith <nate at netapp dot com>
- To: gcc-testresults at gcc dot gnu dot org
- Date: Wed, 20 Sep 2006 18:07:30 -0700 (PDT)
- Subject: Results for 3.4.6 testsuite on sparc-sun-solaris2.10
config-guess: sparc-sun-solaris2.10
uname: SunOS 5.10 Generic_118822-25 sun4u sparc SUNW,Sun-Fire-V210
hardware: sparc-sun-solaris10, Sun-Fire-V210, 2xCPU, 1336MHz, 4096MB
configuration options:
Bootstrapped with Solaris 10 distribution sfw gcc:
Reading specs from /usr/sfw/lib/gcc/sparc-sun-solaris2.10/3.4.3/specs
Configured with: /gates/sfw10/builds/sfw10-gate/usr/src/cmd/gcc/gcc-3.4.3/configure --prefix=/usr/sfw --with-as=/usr/sfw/bin/gas --with-gnu-as --with-ld=/usr/ccs/bin/ld --without-gnu-ld --enable-languages=c,c++ --enable-shared
Thread model: posix
gcc version 3.4.3 (csl-sol210-3_4-branch+sol_rpath)
LAST_UPDATED: Obtained from SVN: tags/gcc_3_4_6_release revision 111785
Native configuration is sparc-sun-solaris2.10
=== g++ tests ===
Running target unix
ERROR: g++.dg/abi/rtti1.C: error executing dg-final: couldn't execute "c++filt": no such file or directory
UNRESOLVED: g++.dg/abi/rtti1.C: error executing dg-final: couldn't execute "c++filt": no such file or directory
WARNING: g++.dg/eh/simd-1.C compilation failed to produce executable
WARNING: g++.dg/eh/simd-2.C compilation failed to produce executable
=== g++ Summary ===
# of expected passes 9949
# of expected failures 68
# of unresolved testcases 1
# of unsupported tests 77
/usr/software/src/objdir-gcc-3.4.6-sysdisk-cc-onlyc-cpp/gcc/testsuite/../g++ version 3.4.6
=== gcc tests ===
Running target unix
UNRESOLVED: gcc.c-torture/execute/simd-4.c execution, -O0
UNRESOLVED: gcc.dg/compat/vector-1 c_compat_x_tst.o-c_compat_y_tst.o link
UNRESOLVED: gcc.dg/compat/vector-1 c_compat_x_tst.o-c_compat_y_tst.o execute
UNRESOLVED: gcc.dg/compat/vector-2 c_compat_x_tst.o-c_compat_y_tst.o link
UNRESOLVED: gcc.dg/compat/vector-2 c_compat_x_tst.o-c_compat_y_tst.o execute
XPASS: gcc.dg/uninit-4.c uninitialized variable warning (test for bogus messages, line 26)
UNRESOLVED: gcc.dg/visibility-1.c
UNRESOLVED: gcc.dg/visibility-2.c
UNRESOLVED: gcc.dg/visibility-3.c
UNRESOLVED: gcc.dg/visibility-4.c
UNRESOLVED: gcc.dg/visibility-5.c
UNRESOLVED: gcc.dg/visibility-6.c
UNRESOLVED: gcc.dg/visibility-7.c
UNRESOLVED: gcc.dg/visibility-8.c
FAIL: largefile.c -O0 -g (test for excess errors)
FAIL: largefile.c -O0 (test for excess errors)
FAIL: largefile.c -O1 (test for excess errors)
FAIL: largefile.c -O2 (test for excess errors)
FAIL: largefile.c -O3 -fomit-frame-pointer (test for excess errors)
FAIL: largefile.c -O3 -g (test for excess errors)
FAIL: largefile.c -Os (test for excess errors)
=== gcc Summary ===
# of expected passes 24908
# of unexpected failures 7
# of unexpected successes 1
# of expected failures 79
# of unresolved testcases 13
# of untested testcases 14
# of unsupported tests 365
/usr/software/src/objdir-gcc-3.4.6-sysdisk-cc-onlyc-cpp/gcc/xgcc version 3.4.6
=== libstdc++ tests ===
Running target unix
XPASS: 22_locale/locale/cons/12658_thread.cc execution test
XPASS: 27_io/basic_istream/extractors_arithmetic/char/12.cc execution test
=== libstdc++ Summary ===
# of expected passes 2736
# of unexpected successes 2
# of expected failures 5
Compiler version: 3.4.6
Platform: sparc-sun-solaris2.10
configure flags: --prefix=/usr/software --program-suffix=-3.4.6 --enable-languages=c,c++