This is the mail archive of the
gcc-testresults@gcc.gnu.org
mailing list for the GCC project.
Results for 3.4.6 testsuite on i386-unknown-freebsd6.0
- From: Nathan Smith <nate at netapp dot com>
- To: gcc-testresults at gcc dot gnu dot org
- Date: Tue, 19 Sep 2006 16:59:00 -0700 (PDT)
- Subject: Results for 3.4.6 testsuite on i386-unknown-freebsd6.0
i386-unknown-freebsd6.0
FreeBSD 6.0-RELEASE FreeBSD 6.0-RELEASE #0: Thu Nov 3 09:36:13 UTC 2005 root@x64.samsco.home:/usr/obj/usr/src/sys/GENERIC i386
i386-bsd-freebsd6.0, Intel(R) Xeon(TM) CPU 3.00GHz, 1xCPU, 3000MHz, 2038MB
Configure options: --prefix=/usr/software --program-suffix=-3.4.6 --enable-languages=c,c++
Bootstrapped with:
Reading specs from /usr/software/lib/gcc/i386-unknown-freebsd6.0/3.4.6/specs
Configured with: /usr/software/src/gcc-3.4.6/configure --prefix=/usr/software --program-suffix=-3.4.6 --enable-languages=c,c++
Thread model: posix
gcc version 3.4.6
LAST_UPDATED: Obtained from SVN: tags/gcc_3_4_6_release revision 111785
Native configuration is i386-unknown-freebsd6.0
=== g++ tests ===
Running target unix
FAIL: g++.old-deja/g++.law/profile1.C (test for excess errors)
=== g++ Summary ===
# of expected passes 10001
# of unexpected failures 1
# of expected failures 67
# of unsupported tests 54
/usr/software/src/objdir-gcc-3.4.6-sysdisk-cc-onlyc-cpp-selfhost/gcc/testsuite/../g++ version 3.4.6
=== gcc tests ===
Running target unix
FAIL: gcc.c-torture/execute/conversion.c execution, -O0
FAIL: gcc.c-torture/execute/conversion.c execution, -O1
FAIL: gcc.c-torture/execute/conversion.c execution, -O2
FAIL: gcc.c-torture/execute/conversion.c execution, -Os
FAIL: gcc.c-torture/execute/va-arg-25.c execution, -Os
FAIL: gcc.c-torture/execute/ieee/rbug.c execution, -O3 -fomit-frame-pointer
FAIL: gcc.c-torture/execute/ieee/rbug.c execution, -O3 -g
FAIL: gcc.dg/builtins-20.c (test for excess errors)
FAIL: gcc.dg/const-elim-1.c scan-assembler-not L\\\\\$?C[^A-Z]
FAIL: gcc.dg/i386-387-3.c scan-assembler fldpi
FAIL: gcc.dg/i386-387-4.c scan-assembler fldpi
FAIL: largefile.c -O0 -g (test for excess errors)
FAIL: largefile.c -O0 (test for excess errors)
FAIL: largefile.c -O1 (test for excess errors)
FAIL: largefile.c -O2 (test for excess errors)
FAIL: largefile.c -O3 -fomit-frame-pointer (test for excess errors)
FAIL: largefile.c -O3 -g (test for excess errors)
FAIL: largefile.c -Os (test for excess errors)
=== gcc Summary ===
# of expected passes 25307
# of unexpected failures 18
# of expected failures 70
# of untested testcases 14
# of unsupported tests 223
/usr/software/src/objdir-gcc-3.4.6-sysdisk-cc-onlyc-cpp-selfhost/gcc/xgcc version 3.4.6
=== libstdc++ tests ===
Running target unix
FAIL: 22_locale/collate/compare/wchar_t/2.cc (test for excess errors)
WARNING: 22_locale/collate/compare/wchar_t/2.cc compilation failed to produce executable
FAIL: 22_locale/collate/compare/wchar_t/wrapped_env.cc (test for excess errors)
WARNING: 22_locale/collate/compare/wchar_t/wrapped_env.cc compilation failed to produce executable
FAIL: 22_locale/collate/compare/wchar_t/wrapped_locale.cc (test for excess errors)
WARNING: 22_locale/collate/compare/wchar_t/wrapped_locale.cc compilation failed to produce executable
FAIL: 22_locale/collate/hash/wchar_t/2.cc (test for excess errors)
WARNING: 22_locale/collate/hash/wchar_t/2.cc compilation failed to produce executable
FAIL: 22_locale/collate/hash/wchar_t/wrapped_env.cc (test for excess errors)
WARNING: 22_locale/collate/hash/wchar_t/wrapped_env.cc compilation failed to produce executable
FAIL: 22_locale/collate/hash/wchar_t/wrapped_locale.cc (test for excess errors)
WARNING: 22_locale/collate/hash/wchar_t/wrapped_locale.cc compilation failed to produce executable
FAIL: 22_locale/collate/transform/wchar_t/2.cc (test for excess errors)
WARNING: 22_locale/collate/transform/wchar_t/2.cc compilation failed to produce executable
FAIL: 22_locale/collate/transform/wchar_t/wrapped_env.cc (test for excess errors)
WARNING: 22_locale/collate/transform/wchar_t/wrapped_env.cc compilation failed to produce executable
FAIL: 22_locale/collate/transform/wchar_t/wrapped_locale.cc (test for excess errors)
WARNING: 22_locale/collate/transform/wchar_t/wrapped_locale.cc compilation failed to produce executable
FAIL: 22_locale/ctype/is/wchar_t/1.cc execution test
FAIL: 22_locale/ctype/scan/wchar_t/1.cc execution test
XPASS: 22_locale/locale/cons/12658_thread.cc execution test
=== libstdc++ Summary ===
# of expected passes 2717
# of unexpected failures 11
# of unexpected successes 1
# of expected failures 5
Compiler version: 3.4.6
Platform: i386-unknown-freebsd6.0
configure flags: --prefix=/usr/software --program-suffix=-3.4.6 --enable-languages=c,c++