This is the mail archive of the gcc-testresults@gcc.gnu.org mailing list for the GCC project.


Index Nav: [Date Index] [Subject Index] [Author Index] [Thread Index]
Message Nav: [Date Prev] [Date Next] [Thread Prev] [Thread Next]
Other format: [Raw text]

Results for 4.2.0 20060913 (experimental) testsuite on hppa-unknown-linux-gnu


LAST_UPDATED: Wed Sep 13 01:09:01 UTC 2006 (revision 116916)

		=== acats tests ===
FAIL:	c35507m
FAIL:	c37215h
FAIL:	cd2a23e
FAIL:	cxh1001

		=== acats Summary ===
# of expected passes		2313
# of unexpected failures	4
Native configuration is hppa-unknown-linux-gnu

		=== g++ tests ===


Running target unix
XPASS: g++.dg/tree-ssa/ivopts-1.C scan-tree-dump-not offset: -4B
XPASS: g++.dg/tree-ssa/ivopts-1.C scan-tree-dump-not &x\\[5\\]

		=== g++ Summary ===

# of expected passes		13067
# of unexpected successes	2
# of expected failures		66
# of unsupported tests		113
/home/dave/gcc-4.2/objdir/gcc/testsuite/g++/../../g++  version 4.2.0 20060913 (experimental)

		=== gcc tests ===


Running target unix
WARNING: program timed out.
FAIL: gcc.c-torture/compile/20001226-1.c  -O2  (test for excess errors)
WARNING: program timed out.
FAIL: gcc.c-torture/compile/20001226-1.c  -O3 -fomit-frame-pointer  (test for excess errors)
WARNING: program timed out.
FAIL: gcc.c-torture/compile/20001226-1.c  -O3 -g  (test for excess errors)
WARNING: program timed out.
FAIL: gcc.c-torture/compile/20001226-1.c  -Os  (test for excess errors)
FAIL: gcc.c-torture/execute/mayalias-2.c compilation,  -O3 -g  (internal compiler error)
UNRESOLVED: gcc.c-torture/execute/mayalias-2.c execution,  -O3 -g 
FAIL: gcc.dg/debug/dwarf2/dwarf-file1.c scan-assembler File Entry:
FAIL: gcc.dg/torture/pr26565.c  -O0  execution test
XPASS: gcc.dg/tree-ssa/loop-1.c scan-assembler-times foo 5

		=== gcc Summary ===

# of expected passes		39943
# of unexpected failures	7
# of unexpected successes	1
# of expected failures		80
# of unresolved testcases	1
# of untested testcases		28
# of unsupported tests		364
/home/dave/gcc-4.2/objdir/gcc/xgcc  version 4.2.0 20060913 (experimental)

		=== gfortran tests ===


Running target unix

		=== gfortran Summary ===

# of expected passes		14013
# of expected failures		14
# of unsupported tests		91
/home/dave/gcc-4.2/objdir/gcc/testsuite/gfortran/../../gfortran  version 4.2.0 20060913 (experimental)

		=== gnat tests ===


Running target unix

		=== gnat Summary ===

# of expected passes		26
		=== obj-c++ tests ===


Running target unix
FAIL: obj-c++.dg/comp-types-10.mm (internal compiler error)
FAIL: obj-c++.dg/comp-types-10.mm (test for excess errors)
FAIL: obj-c++.dg/cxx-ivars-2.mm execution test
FAIL: obj-c++.dg/encode-3.mm (test for excess errors)
FAIL: obj-c++.dg/encode-8.mm execution test
FAIL: obj-c++.dg/isa-field-1.mm (test for excess errors)
FAIL: obj-c++.dg/lookup-2.mm (test for excess errors)
UNRESOLVED: obj-c++.dg/lookup-2.mm compilation failed to produce executable
FAIL: obj-c++.dg/try-catch-2.mm (test for excess errors)
UNRESOLVED: obj-c++.dg/try-catch-2.mm compilation failed to produce executable
FAIL: obj-c++.dg/try-catch-9.mm (internal compiler error)
FAIL: obj-c++.dg/try-catch-9.mm (test for excess errors)
UNRESOLVED: obj-c++.dg/try-catch-9.mm compilation failed to produce executable

		=== obj-c++ Summary ===

# of expected passes		427
# of unexpected failures	10
# of unresolved testcases	3
# of unsupported tests		13
/home/dave/gcc-4.2/objdir/gcc/testsuite/obj-c++/../../g++  version 4.2.0 20060913 (experimental)

		=== objc tests ===


Running target unix

		=== objc Summary ===

# of expected passes		1754
# of expected failures		7
# of unsupported tests		24
/home/dave/gcc-4.2/objdir/gcc/xgcc  version 4.2.0 20060913 (experimental)

		=== libffi tests ===


Running target unix

		=== libffi Summary ===

# of expected passes		1084
# of unsupported tests		8
		=== libgomp tests ===


Running target unix

		=== libgomp Summary ===

# of expected passes		1268
# of unsupported tests		116
		=== libjava tests ===


Running target unix

		=== libjava Summary ===

# of expected passes		6959
# of expected failures		12
# of untested testcases		8
		=== libmudflap tests ===


Running target unix
FAIL: libmudflap.cth/pass39-frag.c (rerun 1) output pattern test
FAIL: libmudflap.cth/pass39-frag.c (-O3) (rerun 10) execution test
FAIL: libmudflap.cth/pass39-frag.c (-O3) (rerun 10) output pattern test

		=== libmudflap Summary ===

# of expected passes		1811
# of unexpected failures	3
		=== libstdc++ tests ===


Running target unix
XPASS: 26_numerics/cmath/c99_classification_macros_c.cc (test for excess errors)

		=== libstdc++ Summary ===

# of expected passes		3727
# of unexpected successes	1
# of expected failures		13
# of unsupported tests		319

Compiler version: 4.2.0 20060913 (experimental) 
Platform: hppa-unknown-linux-gnu
configure flags: --with-gnu-as --with-gnu-ld --enable-shared --enable-nls --prefix=/home/dave/opt/gnu/gcc/gcc-4.2.0 --with-local-prefix=/home/dave/opt/gnu --enable-threads=posix --enable-__cxa_atexit --host=hppa-linux --enable-clocale=gnu --enable-java-gc=boehm --enable-java-awt=xlib --enable-languages=c,ada,c++,fortran,java,objc,obj-c++


Index Nav: [Date Index] [Subject Index] [Author Index] [Thread Index]
Message Nav: [Date Prev] [Date Next] [Thread Prev] [Thread Next]