This is the mail archive of the
gcc-testresults@gcc.gnu.org
mailing list for the GCC project.
Results for 4.2.0 20060903 (experimental) testsuite on hppa2.0w-hp-hpux11.11
- From: John David Anglin <dave at hiauly3 dot hia dot nrc dot ca>
- To: dave at hiauly3 dot hia dot nrc dot ca, gcc-testresults at gcc dot gnu dot org
- Date: Mon, 4 Sep 2006 13:17:52 -0400 (EDT)
- Subject: Results for 4.2.0 20060903 (experimental) testsuite on hppa2.0w-hp-hpux11.11
LAST_UPDATED: Sun Sep 3 23:53:09 UTC 2006 (revision 116671M)
=== acats tests ===
FAIL: c35507m
FAIL: cd2a23e
FAIL: cxh1001
=== acats Summary ===
# of expected passes 2314
# of unexpected failures 3
Native configuration is hppa2.0w-hp-hpux11.11
=== g++ tests ===
Running target unix
XPASS: g++.dg/tree-ssa/ivopts-1.C scan-tree-dump-not &x\\[5\\]
=== g++ Summary ===
# of expected passes 12800
# of unexpected successes 1
# of expected failures 70
# of unsupported tests 179
/test/gnu/gcc/objdir/gcc/testsuite/g++/../../g++ version 4.2.0 20060903 (experimental)
=== gcc tests ===
Running target unix
WARNING: program timed out.
FAIL: gcc.c-torture/compile/20001226-1.c -O2 (test for excess errors)
WARNING: program timed out.
FAIL: gcc.c-torture/compile/20001226-1.c -O3 -fomit-frame-pointer (test for excess errors)
WARNING: program timed out.
FAIL: gcc.c-torture/compile/20001226-1.c -O3 -g (test for excess errors)
FAIL: gcc.c-torture/execute/mayalias-2.c compilation, -O3 -g (internal compiler error)
UNRESOLVED: gcc.c-torture/execute/mayalias-2.c execution, -O3 -g
XPASS: gcc.dg/cpp/cmdlne-dI-M.c scan-file (^|\\\\n)cmdlne-dI-M.*:[^\\\\n]*cmdlne-dI-M.c
XPASS: gcc.dg/cpp/cmdlne-dM-M.c scan-file (^|\\\\n)cmdlne-dM-M[^\\\\n]*:[^\\\\n]*cmdlne-dM-M.c
FAIL: gcc.dg/nrv3.c scan-tree-dump-times return slot optimization 2
=== gcc Summary ===
# of expected passes 39496
# of unexpected failures 5
# of unexpected successes 2
# of expected failures 79
# of unresolved testcases 1
# of untested testcases 28
# of unsupported tests 489
/test/gnu/gcc/objdir/gcc/xgcc version 4.2.0 20060903 (experimental)
=== gfortran tests ===
Running target unix
=== gfortran Summary ===
# of expected passes 13909
# of expected failures 6
# of unsupported tests 105
/test/gnu/gcc/objdir/gcc/testsuite/gfortran/../../gfortran version 4.2.0 20060903 (experimental)
=== gnat tests ===
Running target unix
=== gnat Summary ===
# of expected passes 26
=== obj-c++ tests ===
Running target unix
FAIL: obj-c++.dg/bitfield-1.mm (internal compiler error)
FAIL: obj-c++.dg/bitfield-1.mm (test for excess errors)
WARNING: obj-c++.dg/bitfield-1.mm compilation failed to produce executable
FAIL: obj-c++.dg/comp-types-10.mm (internal compiler error)
FAIL: obj-c++.dg/comp-types-10.mm (test for excess errors)
FAIL: obj-c++.dg/cxx-ivars-2.mm execution test
FAIL: obj-c++.dg/encode-3.mm (test for excess errors)
FAIL: obj-c++.dg/encode-8.mm execution test
FAIL: obj-c++.dg/isa-field-1.mm (test for excess errors)
FAIL: obj-c++.dg/lookup-2.mm (test for excess errors)
WARNING: obj-c++.dg/lookup-2.mm compilation failed to produce executable
FAIL: obj-c++.dg/try-catch-2.mm (test for excess errors)
WARNING: obj-c++.dg/try-catch-2.mm compilation failed to produce executable
FAIL: obj-c++.dg/try-catch-9.mm (internal compiler error)
FAIL: obj-c++.dg/try-catch-9.mm (test for excess errors)
WARNING: obj-c++.dg/try-catch-9.mm compilation failed to produce executable
=== obj-c++ Summary ===
# of expected passes 423
# of unexpected failures 12
# of unsupported tests 14
/test/gnu/gcc/objdir/gcc/testsuite/obj-c++/../../g++ version 4.2.0 20060903 (experimental)
=== objc tests ===
Running target unix
=== objc Summary ===
# of expected passes 1748
# of expected failures 7
# of unsupported tests 27
/test/gnu/gcc/objdir/gcc/xgcc version 4.2.0 20060903 (experimental)
=== libffi tests ===
Running target unix
=== libffi Summary ===
# of expected passes 1084
# of unsupported tests 8
=== libgomp tests ===
Running target unix
FAIL: libgomp.fortran/vla6.f90 -O3 -g execution test
=== libgomp Summary ===
# of expected passes 1265
# of unexpected failures 1
# of unsupported tests 118
=== libjava tests ===
Running target unix
FAIL: LargeFile execution - source compiled test
FAIL: LargeFile execution - gij test
FAIL: LargeFile execution - bytecode->native test
FAIL: LargeFile execution - gij test
FAIL: LargeFile -findirect-dispatch execution - bytecode->native test
FAIL: LargeFile -O3 execution - source compiled test
FAIL: LargeFile execution - gij test
FAIL: LargeFile -O3 execution - bytecode->native test
FAIL: LargeFile execution - gij test
FAIL: LargeFile -O3 -findirect-dispatch execution - bytecode->native test
FAIL: PR18699 execution - gij test
FAIL: PR18699 execution - gij test
FAIL: SyncTest execution - gij test
FAIL: SyncTest execution - gij test
FAIL: SyncTest execution - gij test
=== libjava Summary ===
# of expected passes 6899
# of unexpected failures 15
# of expected failures 12
# of untested testcases 23
=== libstdc++ tests ===
Running target unix
FAIL: ext/pb_ds/example/basic_map.cc (test for excess errors)
WARNING: ext/pb_ds/example/basic_map.cc compilation failed to produce executable
FAIL: ext/pb_ds/example/basic_multimap.cc (test for excess errors)
WARNING: ext/pb_ds/example/basic_multimap.cc compilation failed to produce executable
FAIL: ext/pb_ds/example/basic_multiset.cc (test for excess errors)
WARNING: ext/pb_ds/example/basic_multiset.cc compilation failed to produce executable
FAIL: ext/pb_ds/example/basic_priority_queue.cc (test for excess errors)
WARNING: ext/pb_ds/example/basic_priority_queue.cc compilation failed to produce executable
FAIL: ext/pb_ds/example/basic_set.cc (test for excess errors)
WARNING: ext/pb_ds/example/basic_set.cc compilation failed to produce executable
FAIL: ext/pb_ds/example/erase_if.cc (test for excess errors)
WARNING: ext/pb_ds/example/erase_if.cc compilation failed to produce executable
FAIL: ext/pb_ds/example/hash_find_neg.cc (test for excess errors)
FAIL: ext/pb_ds/example/hash_illegal_resize.cc (test for excess errors)
WARNING: ext/pb_ds/example/hash_illegal_resize.cc compilation failed to produce executable
FAIL: ext/pb_ds/example/hash_initial_size.cc (test for excess errors)
WARNING: ext/pb_ds/example/hash_initial_size.cc compilation failed to produce executable
FAIL: ext/pb_ds/example/hash_load_set_change.cc (test for excess errors)
WARNING: ext/pb_ds/example/hash_load_set_change.cc compilation failed to produce executable
FAIL: ext/pb_ds/example/hash_mod.cc (test for excess errors)
WARNING: ext/pb_ds/example/hash_mod.cc compilation failed to produce executable
FAIL: ext/pb_ds/example/hash_resize.cc (test for excess errors)
WARNING: ext/pb_ds/example/hash_resize.cc compilation failed to produce executable
FAIL: ext/pb_ds/example/hash_shift_mask.cc (test for excess errors)
WARNING: ext/pb_ds/example/hash_shift_mask.cc compilation failed to produce executable
FAIL: ext/pb_ds/example/priority_queue_dijkstra.cc (test for excess errors)
WARNING: ext/pb_ds/example/priority_queue_dijkstra.cc compilation failed to produce executable
FAIL: ext/pb_ds/example/priority_queue_erase_if.cc (test for excess errors)
WARNING: ext/pb_ds/example/priority_queue_erase_if.cc compilation failed to produce executable
FAIL: ext/pb_ds/example/priority_queue_split_join.cc (test for excess errors)
WARNING: ext/pb_ds/example/priority_queue_split_join.cc compilation failed to produce executable
FAIL: ext/pb_ds/example/priority_queue_xref.cc (test for excess errors)
WARNING: ext/pb_ds/example/priority_queue_xref.cc compilation failed to produce executable
FAIL: ext/pb_ds/example/ranged_hash.cc (test for excess errors)
WARNING: ext/pb_ds/example/ranged_hash.cc compilation failed to produce executable
FAIL: ext/pb_ds/example/store_hash.cc (test for excess errors)
WARNING: ext/pb_ds/example/store_hash.cc compilation failed to produce executable
FAIL: ext/pb_ds/example/tree_intervals.cc (test for excess errors)
WARNING: ext/pb_ds/example/tree_intervals.cc compilation failed to produce executable
FAIL: ext/pb_ds/example/tree_join.cc (test for excess errors)
WARNING: ext/pb_ds/example/tree_join.cc compilation failed to produce executable
FAIL: ext/pb_ds/example/tree_order_statistics.cc (test for excess errors)
WARNING: ext/pb_ds/example/tree_order_statistics.cc compilation failed to produce executable
FAIL: ext/pb_ds/example/tree_order_statistics_join.cc (test for excess errors)
WARNING: ext/pb_ds/example/tree_order_statistics_join.cc compilation failed to produce executable
FAIL: ext/pb_ds/example/trie_dna.cc (test for excess errors)
WARNING: ext/pb_ds/example/trie_dna.cc compilation failed to produce executable
FAIL: ext/pb_ds/example/trie_prefix_search.cc (test for excess errors)
WARNING: ext/pb_ds/example/trie_prefix_search.cc compilation failed to produce executable
FAIL: ext/pb_ds/example/trie_split.cc (test for excess errors)
WARNING: ext/pb_ds/example/trie_split.cc compilation failed to produce executable
FAIL: ext/pb_ds/regression/associative_containers.cc (test for excess errors)
WARNING: ext/pb_ds/regression/associative_containers.cc compilation failed to produce executable
FAIL: ext/pb_ds/regression/hash_data_map_rand.cc (test for excess errors)
WARNING: ext/pb_ds/regression/hash_data_map_rand.cc compilation failed to produce executable
FAIL: ext/pb_ds/regression/hash_no_data_map_rand.cc (test for excess errors)
WARNING: ext/pb_ds/regression/hash_no_data_map_rand.cc compilation failed to produce executable
FAIL: ext/pb_ds/regression/priority_queue_rand.cc (test for excess errors)
WARNING: ext/pb_ds/regression/priority_queue_rand.cc compilation failed to produce executable
FAIL: ext/pb_ds/regression/priority_queues.cc (test for excess errors)
WARNING: ext/pb_ds/regression/priority_queues.cc compilation failed to produce executable
FAIL: ext/pb_ds/regression/tree_data_map_rand.cc (test for excess errors)
WARNING: ext/pb_ds/regression/tree_data_map_rand.cc compilation failed to produce executable
FAIL: ext/pb_ds/regression/tree_no_data_map_rand.cc (test for excess errors)
WARNING: ext/pb_ds/regression/tree_no_data_map_rand.cc compilation failed to produce executable
FAIL: ext/pb_ds/regression/trie_data_map_rand.cc (test for excess errors)
WARNING: ext/pb_ds/regression/trie_data_map_rand.cc compilation failed to produce executable
FAIL: ext/pb_ds/regression/trie_no_data_map_rand.cc (test for excess errors)
WARNING: ext/pb_ds/regression/trie_no_data_map_rand.cc compilation failed to produce executable
=== libstdc++ Summary ===
# of expected passes 3634
# of unexpected failures 35
# of expected failures 13
# of unsupported tests 331
Compiler version: 4.2.0 20060903 (experimental)
Platform: hppa2.0w-hp-hpux11.11
configure flags: --with-gnu-as --with-as=/opt/gnu/bin/as --enable-shared --disable-nls --with-local-prefix=/opt/gnu --prefix=/opt/gnu/gcc/gcc-4.2.0 --enable-debug=no --enable-threads=posix --with-gmp=/opt/gnu/gcc/gcc-4.2.0 --disable-libmudflap --enable-languages=c,ada,c++,fortran,java,objc,obj-c++