This is the mail archive of the
gcc-testresults@gcc.gnu.org
mailing list for the GCC project.
Results for 4.1.2 20060901 (prerelease) (Debian 4.1.1-13) testsuite on x86_64-pc-linux-gnu
- From: Matthias Klose <doko at debian dot org>
- To: gcc-testresults at gcc dot gnu dot org
- Cc: debian-gcc at lists dot debian dot org
- Date: Sat, 02 Sep 2006 17:54:14 -0600
- Subject: Results for 4.1.2 20060901 (prerelease) (Debian 4.1.1-13) testsuite on x86_64-pc-linux-gnu
- Reply-to: Matthias Klose <doko at debian dot org>
LAST_UPDATED: Fri Sep 1 06:19:56 UTC 2006 (revision 116619)
Native configuration is x86_64-pc-linux-gnu
=== g++ tests ===
Running target unix
FAIL: g++.dg/lookup/linkage1.C (test for errors, line 3)
FAIL: g++.dg/lookup/linkage1.C (test for errors, line 4)
FAIL: g++.dg/lookup/linkage2.C (test for excess errors)
XPASS: g++.dg/tree-ssa/pr14814.C scan-tree-dump-times &this 0
XPASS: g++.old-deja/g++.other/init5.C execution test
=== g++ Summary for unix ===
# of expected passes 12228
# of unexpected failures 3
# of unexpected successes 2
# of expected failures 66
# of unsupported tests 96
Running target unix/-m32
FAIL: g++.dg/lookup/linkage1.C (test for errors, line 3)
FAIL: g++.dg/lookup/linkage1.C (test for errors, line 4)
FAIL: g++.dg/lookup/linkage2.C (test for excess errors)
XPASS: g++.dg/tree-ssa/pr14814.C scan-tree-dump-times &this 0
XPASS: g++.old-deja/g++.other/init5.C execution test
=== g++ Summary for unix/-m32 ===
# of expected passes 12313
# of unexpected failures 3
# of unexpected successes 2
# of expected failures 66
# of unsupported tests 67
=== g++ Summary ===
# of expected passes 24541
# of unexpected failures 6
# of unexpected successes 4
# of expected failures 132
# of unsupported tests 163
/build/buildd/gcc-4.1-4.1.1ds1/build/gcc/testsuite/g++/../../g++ version 4.1.2 20060901 (prerelease) (Debian 4.1.1-13)
=== gcc tests ===
Running target unix
=== gcc Summary for unix ===
# of expected passes 38502
# of expected failures 100
# of untested testcases 28
# of unsupported tests 359
Running target unix/-m32
FAIL: gcc.dg/vect/pr20122.c scan-tree-dump-times vectorized 1 loops 2
=== gcc Summary for unix/-m32 ===
# of expected passes 38605
# of unexpected failures 1
# of expected failures 101
# of untested testcases 28
# of unsupported tests 257
=== gcc Summary ===
# of expected passes 77107
# of unexpected failures 1
# of expected failures 201
# of untested testcases 56
# of unsupported tests 616
/build/buildd/gcc-4.1-4.1.1ds1/build/gcc/xgcc version 4.1.2 20060901 (prerelease) (Debian 4.1.1-13)
=== gfortran tests ===
Running target unix
XPASS: gfortran.dg/vect/vect-5.f90 -O scan-tree-dump-times vectorized 2 loops 1
XPASS: gfortran.dg/vect/vect-5.f90 -O scan-tree-dump-times Alignment of access forced using peeling 1
XPASS: gfortran.dg/vect/vect-5.f90 -O scan-tree-dump-times Vectorizing an unaligned access 2
=== gfortran Summary for unix ===
# of expected passes 13222
# of unexpected successes 3
# of expected failures 13
# of unsupported tests 16
Running target unix/-m32
=== gfortran Summary for unix/-m32 ===
# of expected passes 13225
# of expected failures 13
# of unsupported tests 16
=== gfortran Summary ===
# of expected passes 26447
# of unexpected successes 3
# of expected failures 26
# of unsupported tests 32
/build/buildd/gcc-4.1-4.1.1ds1/build/gcc/testsuite/gfortran/../../gfortran version 4.1.2 20060901 (prerelease) (Debian 4.1.1-13)
=== obj-c++ tests ===
Running target unix
FAIL: obj-c++.dg/bitfield-1.mm (test for excess errors)
FAIL: obj-c++.dg/bitfield-4.mm (test for excess errors)
FAIL: obj-c++.dg/cxx-ivars-2.mm execution test
FAIL: obj-c++.dg/encode-3.mm execution test
FAIL: obj-c++.dg/encode-8.mm execution test
FAIL: obj-c++.dg/isa-field-1.mm (test for excess errors)
FAIL: obj-c++.dg/layout-1.mm (test for excess errors)
FAIL: obj-c++.dg/lookup-2.mm (test for excess errors)
UNRESOLVED: obj-c++.dg/lookup-2.mm compilation failed to produce executable
FAIL: obj-c++.dg/try-catch-2.mm (test for excess errors)
UNRESOLVED: obj-c++.dg/try-catch-2.mm compilation failed to produce executable
FAIL: obj-c++.dg/try-catch-9.mm (test for excess errors)
UNRESOLVED: obj-c++.dg/try-catch-9.mm compilation failed to produce executable
=== obj-c++ Summary for unix ===
# of expected passes 419
# of unexpected failures 10
# of unresolved testcases 3
# of unsupported tests 13
Running target unix/-m32
FAIL: obj-c++.dg/cxx-ivars-2.mm execution test
FAIL: obj-c++.dg/encode-8.mm execution test
FAIL: obj-c++.dg/isa-field-1.mm (test for excess errors)
FAIL: obj-c++.dg/lookup-2.mm (test for excess errors)
UNRESOLVED: obj-c++.dg/lookup-2.mm compilation failed to produce executable
FAIL: obj-c++.dg/try-catch-2.mm (test for excess errors)
UNRESOLVED: obj-c++.dg/try-catch-2.mm compilation failed to produce executable
FAIL: obj-c++.dg/try-catch-9.mm (test for excess errors)
UNRESOLVED: obj-c++.dg/try-catch-9.mm compilation failed to produce executable
=== obj-c++ Summary for unix/-m32 ===
# of expected passes 423
# of unexpected failures 6
# of unresolved testcases 3
# of unsupported tests 13
=== obj-c++ Summary ===
# of expected passes 842
# of unexpected failures 16
# of unresolved testcases 6
# of unsupported tests 26
/build/buildd/gcc-4.1-4.1.1ds1/build/gcc/testsuite/obj-c++/../../g++ version 4.1.2 20060901 (prerelease) (Debian 4.1.1-13)
=== objc tests ===
Running target unix
=== objc Summary for unix ===
# of expected passes 1686
# of unsupported tests 22
Running target unix/-m32
=== objc Summary for unix/-m32 ===
# of expected passes 1686
# of unsupported tests 22
=== objc Summary ===
# of expected passes 3372
# of unsupported tests 44
/build/buildd/gcc-4.1-4.1.1ds1/build/gcc/xgcc version 4.1.2 20060901 (prerelease) (Debian 4.1.1-13)
=== treelang tests ===
Running target unix
=== treelang Summary for unix ===
# of expected passes 50
Running target unix/-m32
=== treelang Summary for unix/-m32 ===
# of expected passes 50
=== treelang Summary ===
# of expected passes 100
=== libffi tests ===
Running target unix
=== libffi Summary for unix ===
# of expected passes 1084
# of unsupported tests 8
Running target unix/-m32
FAIL: libffi.call/return_fl2.c -O0 -W -Wall execution test
FAIL: libffi.call/return_fl2.c -O2 execution test
FAIL: libffi.call/return_fl2.c -O3 execution test
FAIL: libffi.call/return_fl2.c -Os execution test
=== libffi Summary for unix/-m32 ===
# of expected passes 1080
# of unexpected failures 4
# of unsupported tests 8
=== libffi Summary ===
# of expected passes 2164
# of unexpected failures 4
# of unsupported tests 16
=== libmudflap tests ===
Running target unix
=== libmudflap Summary for unix ===
# of expected passes 1799
Running target unix/-m32
=== libmudflap Summary for unix/-m32 ===
# of expected passes 1799
=== libmudflap Summary ===
# of expected passes 3598
=== libstdc++ tests ===
Running target unix
XPASS: 26_numerics/cmath/c99_classification_macros_c.cc (test for excess errors)
XPASS: 27_io/fpos/14320-1.cc execution test
=== libstdc++ Summary for unix ===
# of expected passes 3412
# of unexpected successes 2
# of expected failures 11
# of unsupported tests 315
Running target unix/-m32
XPASS: 26_numerics/cmath/c99_classification_macros_c.cc (test for excess errors)
=== libstdc++ Summary for unix/-m32 ===
# of expected passes 3412
# of unexpected successes 1
# of expected failures 12
# of unsupported tests 315
=== libstdc++ Summary ===
# of expected passes 6824
# of unexpected successes 3
# of expected failures 23
# of unsupported tests 630
Compiler version: 4.1.2 20060901 (prerelease) (Debian 4.1.1-13)
Platform: x86_64-pc-linux-gnu
configure flags: -v --prefix=/usr --enable-shared --with-system-zlib --libexecdir=/usr/lib --without-included-gettext --enable-threads=posix --enable-nls --program-suffix=-4.1 --enable-__cxa_atexit --enable-clocale=gnu --enable-libstdcxx-debug --enable-mpfr --enable-checking=release x86_64-linux-gnu --enable-languages=c,c++,fortran,objc,obj-c++,treelang
BOOT_CFLAGS=-O2
Build Dependencies:
Desired=Unknown/Install/Remove/Purge/Hold
| Status=Not/Installed/Config-files/Unpacked/Failed-config/Half-installed
|/ Err?=(none)/Hold/Reinst-required/X=both-problems (Status,Err: uppercase=bad)
||/ Name Version Description
+++-==============-==============-==============================================
ii binutils 2.17-2 The GNU assembler, linker and binary utilities
Patches that Debian applied in this version:
svn-updates:
SVN updates from the 4.1 branch upto 20060901.
libjava-backport:
gcc/java / libjava backport / classpath-0.92
gcc-version:
Add package identification to the gcc version string
gcc-textdomain:
Set gettext's domain and textdomain to the versioned package name.
gcc-driver-extra-langs:
Add options and specs for languages that are not built from a source
(but built from separate sources).
libstdc++-pic:
Build and install libstdc++_pic.a library.
libstdc++-doclink:
adjust hrefs to point to the local documentation
gccbug:
Use sensible-editor instead of vi as fallback editor
gccbug-posix:
Make gccbug POSIX compliant (patch by David Weinehall)
http://www.opengroup.org/onlinepubs/009695399/utilities/test.html
boehm-gc-nocheck:
Disable running the boehm-gc testsuite. Hangs the buildd at least on hppa.
fastjar-version:
Append GCC version to the fastjar version string.
fastjar-doc:
fastjar.texi: Directly define the gcctabopt and gccoptlist macros.
libstdc++-doxygen:
libstdc++ doxygen docs: Set SHORT_NAMES to YES
libjava-native-libdir:
Set the native libjava libdir to gcj-4.2.
libjava-library-path:
- Add /usr/lib/jni to java.library.path.
- When running the i386 binaries on amd64, look in
- /usr/lib32/gcj-x.y and /usr/lib32/jni instead.
libjava-stacktrace:
libgcj: Lookup source file name and line number in separated
debug files found in /usr/lib/debug
libjava-hppa:
2006-06-13 John David Anglin <dave.anglin@nrc-cnrc.gc.ca>
* configure.host (hppa*-*): Set 'enable_hash_synchronization_default' to
no.
libjava-plugin-binary:
Make the plugin call the versioned gappletviewer.
libjava-soname:
Bump the libgcj soversion.
libffi-configure:
Add --enable-libffi option to toplevel configure script
libffi-backport:
libffi backport
libffi-backport2:
Add missing bits for the libffi backport from the trunk
- parisc chunks
- missing testcases in testsuite/libffi.call
arm-libffi:
Add closure support to libffi for arm
arm-gij:
Enable gij interpreter on arm
hppa-cbranch:
Fix for PR target/26743 (hppa)
Backport from gcc trunk 2006-04-12 by tausq@debian.org
hppa-cbranch2:
Fix for PR target/26743 (hppa)
Backport from gcc trunk 2006-04-12 by tausq@debian.org
m68k-fjump:
gcc/config/m68k/m68k.md:
always use as fjcc pseudo op, we rely heavily on as
to generate the right size for the jump instructions
fixes #359281
m68k-gc:
boehm-gc:
the thread suspend handler has to save all registers
reenable MPROTECT_VDB, it should work, otherwise it's probably a kernel bug
change STACKBOTTOM to LINUX_STACKBOTTOM so it works with 2.6 kernel
m68k-save_pic:
gcc/config/m68k/m68k.c:
correctly save the pic register, when not done by reload()
(fixes _Unwind_RaiseException and thus exception handling)
fixes 345574
m68k-libffi:
add closure support to libffi for m68k
m68k-dwarf:
correct the dwarf frame information, but preserve compatibility
m68k-limit_reload:
correctly limit reload class
fixes 375522
m68k-split_shift:
use correct predicates for long long shifts and use more splits
fixes 381572
m68k-prevent-qipush:
prevent combine from creating a byte push on the stack (invalid on m68k)
pr25524:
Backport PR libstdc++/25524 from the trunk
pr26885:
Proposed patch for PR driver/26885
pr26864:
Backport fix for PR libmudflap/26864 from the trunk.
pr27227:
Revert the patch to fix PR c++/27227.
pr28634:
Proposed patch for PR rtl-optimization/28634.
pr28698:
<your description>
pr26208:
PR other/26208
pr26208-r111674:
PR other/26208, fix arm pasto
pr28908:
Proposed patch for PR fortran/28908
deb-protoize:
build protoize/unprotoize binaries
link-libs:
cpu-default-i486:
set default 32bit ix86 architecture to i486
reporting:
Add Debian URL for bug reporting instructions.
gcc-ice-hack:
2004-01-23 Jakub Jelinek <jakub@redhat.com>
* system.h (ICE_EXIT_CODE): Define.
* gcc.c (execute): Don't free first string early, but at the end
of the function. Call retry_ice if compiler exited with
ICE_EXIT_CODE.
(retry_ice): New function.
* diagnostic.c (diagnostic_count_diagnostic,
diagnostic_action_after_output, error_recursion): Exit with
ICE_EXIT_CODE instead of FATAL_EXIT_CODE.
multiarch-include:
biarch-include.dpatch
Adds biarch include directories
/usr/local/include/<arch>-linux-gnu
/usr/include/<arch>-linux-gnu
to the system include paths, depending on 32/64 bit mode.
disable-biarch-check:
For biarch builds, disable the testsuite for the non-default architecture
for runtime libraries, which are not built by default (libjava).
config-ml:
disable some biarch libraries for biarch builds
libjava-biarch-alsa:
Fix linking with the correct biarch asound library
amd64-biarch:
Set MULTILIB_OSDIRNAMES to the correct multilib path names for amd64.
libjava-ia32fix:
fix/hack to build 32bit libjava on amd64.
Counting all warnings,
there are 37 warnings in stage3 of this bootstrap.
Number of warnings per file:
11 treelang/lex.c
11 gengtype-lex.c
5 gcc/gcc.c
4 gcc/config/i386/i386.md
3 SYSCALLS.c
2 gcc/objc/lang-specs.h
1 gcc/protoize.c
Number of warning types:
22 no previous prototype for `???'
8 string length `???' is greater than the length `???' ISO C89 compilers are required to support
3 conflicting types for built-in function `???'
2 operand 1 missing mode?
1 passing argument 2 of `???' from incompatible pointer type
1 argument `???' might be clobbered by `???' or `???'