This is the mail archive of the
gcc-testresults@gcc.gnu.org
mailing list for the GCC project.
Results for 4.1.2 20060902 (prerelease) testsuite on i686-pc-linux-gnu
- From: CodeSourcery Automatic Testing System <gcc at codesourcery dot com>
- To: gcc-testresults at gcc dot gnu dot org
- Date: Sat, 2 Sep 2006 14:24:14 -0700
- Subject: Results for 4.1.2 20060902 (prerelease) testsuite on i686-pc-linux-gnu
LAST_UPDATED: Sat Sep 2 07:14:01 UTC 2006 (/branches/gcc-4_1-branch revision 116658)
Native configuration is i686-pc-linux-gnu
=== g++ tests ===
Running target unix
XPASS: g++.dg/tree-ssa/pr14814.C scan-tree-dump-times &this 0
=== g++ Summary ===
# of expected passes 12319
# of unexpected successes 1
# of expected failures 67
# of unsupported tests 67
/scratch/gcc/nightly-2006-09-02-4.1/i686-pc-linux-gnu/build_gcc/install/bin/c++ version 4.1.2 20060902 (prerelease)
=== gcc tests ===
Running target unix
=== gcc Summary ===
# of expected passes 38641
# of expected failures 101
# of untested testcases 28
# of unsupported tests 246
/scratch/gcc/nightly-2006-09-02-4.1/i686-pc-linux-gnu/build_gcc/install/bin/gcc version 4.1.2 20060902 (prerelease)
=== libstdc++ tests ===
Running target unix
FAIL: 22_locale/messages/members/char/1.cc execution test
FAIL: 22_locale/messages/members/char/2.cc execution test
FAIL: 22_locale/messages/members/char/wrapped_env.cc execution test
FAIL: 22_locale/messages/members/char/wrapped_locale.cc execution test
FAIL: 22_locale/messages_byname/named_equivalence.cc execution test
=== libstdc++ Summary ===
# of expected passes 4024
# of unexpected failures 5
# of expected failures 13
# of unsupported tests 6
Compiler version: 4.1.2 20060902 (prerelease)
Platform: i686-pc-linux-gnu
configure flags: --build=i686-pc-linux-gnu --host=i686-pc-linux-gnu --target=i686-pc-linux-gnu --enable-languages=c,c++ --enable-shared --enable-threads --disable-libmudflap --disable-libssp --disable-libgomp --disable-libstdcxx-pch --with-gnu-as --with-gnu-ld --prefix=/scratch/gcc/nightly-2006-09-02-4.1/i686-pc-linux-gnu/build_gcc/install --disable-nls