This is the mail archive of the
gcc-testresults@gcc.gnu.org
mailing list for the GCC project.
Results for 4.2.0 20060901 (experimental) gcc testsuite on mips-unknown-elf
- From: mstein at phenix dot rootshell dot be (mstein)
- To: gcc-testresults at gcc dot gnu dot org
- Date: Sat, 2 Sep 2006 07:02:10 +0200 (CEST)
- Subject: Results for 4.2.0 20060901 (experimental) gcc testsuite on mips-unknown-elf
Ubuntu 5 on pentium3-smp
cross tool versions:
GNU assembler 2.17.50 20060827
GNU gdb 6.5.50.20060827-cvs
GNU ld version 2.17.50 20060827
GNU Make 3.80
expect version 5.42.1
host gcc version: gcc (GCC) 4.2.0 20060831 (experimental)
LAST_UPDATED: Fri Sep 1 00:21:31 UTC 2006 (revision 116618)
Target is mips-unknown-elf
Host is i686-pc-linux-gnu
=== gcc tests ===
Running target mips-sim
FAIL: gcc.c-torture/execute/20060102-1.c execution, -O0
FAIL: gcc.c-torture/execute/20060102-1.c execution, -O1
FAIL: gcc.c-torture/execute/20060102-1.c execution, -O2
FAIL: gcc.c-torture/execute/20060102-1.c execution, -O3 -fomit-frame-pointer
FAIL: gcc.c-torture/execute/20060102-1.c execution, -O3 -g
FAIL: gcc.c-torture/execute/20060102-1.c execution, -Os
FAIL: gcc.c-torture/execute/mayalias-2.c compilation, -O3 -g (internal compiler error)
UNRESOLVED: gcc.c-torture/execute/mayalias-2.c execution, -O3 -g
FAIL: gcc.c-torture/execute/pr28289.c execution, -O0
FAIL: gcc.c-torture/execute/pr28289.c execution, -O1
FAIL: gcc.c-torture/execute/pr28289.c execution, -O2
FAIL: gcc.c-torture/execute/pr28289.c execution, -O3 -fomit-frame-pointer
FAIL: gcc.c-torture/execute/pr28289.c execution, -O3 -g
FAIL: gcc.c-torture/execute/pr28289.c execution, -Os
FAIL: gcc.dg/cpp/_Pragma6.c (test for excess errors)
FAIL: gcc.dg/attr-weakref-1.c (test for excess errors)
WARNING: gcc.dg/attr-weakref-1.c compilation failed to produce executable
FAIL: gcc.dg/tls/alias-1.c (test for excess errors)
XPASS: gcc.dg/tree-ssa/20040204-1.c scan-tree-dump-times link_error 0
=== gcc Summary ===
# of expected passes 39609
# of unexpected failures 16
# of unexpected successes 1
# of expected failures 74
# of unresolved testcases 1
# of untested testcases 28
# of unsupported tests 358
/home/mstein/sim/mips-elf/build/gcc/xgcc version 4.2.0 20060901 (experimental)
Compiler version: 4.2.0 20060901 (experimental) gcc
Platform: mips-unknown-elf
configure flags: --target=mips-elf --prefix=/n/07/mstein/cross-local/mips-elf --disable-nls --disable-build-warnings --with-ld=/n/07/mstein/cross-local/mips-elf/bin/mips-elf-ld --with-as=/n/07/mstein/cross-local/mips-elf/bin/mips-elf-as --disable-libssp --enable-languages=c