This is the mail archive of the gcc-testresults@gcc.gnu.org mailing list for the GCC project.
Index Nav: | [Date Index] [Subject Index] [Author Index] [Thread Index] | |
---|---|---|
Message Nav: | [Date Prev] [Date Next] | [Thread Prev] [Thread Next] |
Other format: | [Raw text] |
LAST_UPDATED: Sun Jul 23 20:51:02 UTC 2006 (revision 115689) Native configuration is x86_64-unknown-linux-gnu === gcc tests === Running target unix FAIL: gcc.dg/visibility-11.c scan-assembler memcpy@PLT === gcc Summary === # of expected passes 38312 # of unexpected failures 1 # of expected failures 100 # of untested testcases 28 # of unsupported tests 358 /home/toon/compilers/obj-41/gcc/xgcc version 4.1.2 20060723 (prerelease) === gfortran tests === Running target unix === gfortran Summary === # of expected passes 13034 # of expected failures 16 # of unsupported tests 16 /home/toon/compilers/obj-41/gcc/testsuite/gfortran/../../gfortran version 4.1.2 20060723 (prerelease) === g++ tests === Running target unix XPASS: g++.dg/tree-ssa/pr14814.C scan-tree-dump-times &this 0 === g++ Summary === # of expected passes 12159 # of unexpected successes 1 # of expected failures 67 # of unsupported tests 95 /home/toon/compilers/obj-41/gcc/testsuite/g++/../../g++ version 4.1.2 20060723 (prerelease) === objc tests === Running target unix === objc Summary === # of expected passes 1686 # of unsupported tests 22 /home/toon/compilers/obj-41/gcc/xgcc version 4.1.2 20060723 (prerelease) === libffi tests === Running target unix === libffi Summary === # of expected passes 228 # of unsupported tests 2 === libjava tests === Running target unix === libjava Summary === # of expected passes 4060 # of expected failures 10 # of untested testcases 8 === libmudflap tests === Running target unix FAIL: libmudflap.c/fail1-frag.c (-static) crash test FAIL: libmudflap.c/fail10-frag.c (-static) crash test FAIL: libmudflap.c/fail11-frag.c (-static) crash test FAIL: libmudflap.c/fail12-frag.c (-static) crash test FAIL: libmudflap.c/fail13-frag.c (-static) crash test FAIL: libmudflap.c/fail14-frag.c (-static) crash test FAIL: libmudflap.c/fail15-frag.c (-static) crash test FAIL: libmudflap.c/fail16-frag.c (-static) crash test FAIL: libmudflap.c/fail17-frag.c (-static) crash test FAIL: libmudflap.c/fail18-frag.c (-static) crash test FAIL: libmudflap.c/fail19-frag.c (-static) crash test FAIL: libmudflap.c/fail2-frag.c (-static) crash test FAIL: libmudflap.c/fail21-frag.c (-static) crash test FAIL: libmudflap.c/fail22-frag.c (-static) crash test FAIL: libmudflap.c/fail23-frag.c (-static) crash test FAIL: libmudflap.c/fail25-frag.c (-static) crash test FAIL: libmudflap.c/fail27-frag.c (-static) crash test FAIL: libmudflap.c/fail28-frag.c (-static) crash test FAIL: libmudflap.c/fail29-frag.c (-static) crash test FAIL: libmudflap.c/fail3-frag.c (-static) crash test FAIL: libmudflap.c/fail30-frag.c (-static) crash test FAIL: libmudflap.c/fail31-frag.c (-static) crash test FAIL: libmudflap.c/fail32-frag.c (-static) crash test FAIL: libmudflap.c/fail33-frag.c (-static) crash test FAIL: libmudflap.c/fail34-frag.c (-static) crash test FAIL: libmudflap.c/fail35-frag.c (-static) crash test FAIL: libmudflap.c/fail36-frag.c (-static) crash test FAIL: libmudflap.c/fail37-frag.c (-static) crash test FAIL: libmudflap.c/fail38-frag.c (-static) crash test FAIL: libmudflap.c/fail39-frag.c (-static) crash test FAIL: libmudflap.c/fail4-frag.c (-static) crash test FAIL: libmudflap.c/fail40-frag.c (-static) crash test FAIL: libmudflap.c/fail5-frag.c (-static) crash test FAIL: libmudflap.c/fail6-frag.c (-static) crash test FAIL: libmudflap.c/fail7-frag.c (-static) crash test FAIL: libmudflap.c/fail8-frag.c (-static) crash test FAIL: libmudflap.c/fail9-frag.c (-static) crash test FAIL: libmudflap.c/pass36-frag.c (-static) output pattern test FAIL: libmudflap.c/pass36-frag.c (-static) output pattern test FAIL: libmudflap.c++/fail24-frag.cxx (-static) crash test === libmudflap Summary === # of expected passes 1759 # of unexpected failures 40 === libstdc++ tests === Running target unix FAIL: abi_check XPASS: 26_numerics/cmath/c99_classification_macros_c.cc (test for excess errors) XPASS: 27_io/fpos/14320-1.cc execution test === libstdc++ Summary === # of expected passes 3403 # of unexpected failures 1 # of unexpected successes 2 # of expected failures 11 # of unsupported tests 319 Compiler version: 4.1.2 20060723 (prerelease) Platform: x86_64-unknown-linux-gnu configure flags: --disable-nls --disable-multilib --prefix=/usr/rel --enable-languages=c,c++,fortran,java,objc
Index Nav: | [Date Index] [Subject Index] [Author Index] [Thread Index] | |
---|---|---|
Message Nav: | [Date Prev] [Date Next] | [Thread Prev] [Thread Next] |