This is the mail archive of the
gcc-testresults@gcc.gnu.org
mailing list for the GCC project.
Results for 4.2.0 20060710 (experimental) testsuite on x86_64-suse-linux-gnu
- From: aj at suse dot de (Andreas Jaeger)
- To: gcc-testresults at gcc dot gnu dot org
- Date: Mon, 10 Jul 2006 12:43:24 UT
- Subject: Results for 4.2.0 20060710 (experimental) testsuite on x86_64-suse-linux-gnu
Bootstrap and regtesting on x86_64-suse-linux-gnu.
SVN sources: mainline.
LAST_UPDATED: Mon Jul 10 08:06:31 UTC 2006 (revision 115305M)
=== acats tests ===
FAIL: c35507m
FAIL: cd2a23e
FAIL: cdd2a02
FAIL: cxh1001
=== acats Summary ===
# of expected passes 2313
# of unexpected failures 4
Native configuration is x86_64-suse-linux-gnu
=== gcc tests ===
Running target unix/-m32
XPASS: gcc.dg/cpp/cmdlne-dI-M.c scan-file (^|\\\\n)cmdlne-dI-M.*:[^\\\\n]*cmdlne-dI-M.c
XPASS: gcc.dg/cpp/cmdlne-dM-M.c scan-file (^|\\\\n)cmdlne-dM-M[^\\\\n]*:[^\\\\n]*cmdlne-dM-M.c
=== gcc Summary for unix/-m32 ===
# of expected passes 39777
# of unexpected successes 2
# of expected failures 110
# of untested testcases 28
# of unsupported tests 291
Running target unix
XPASS: gcc.dg/cpp/cmdlne-dI-M.c scan-file (^|\\\\n)cmdlne-dI-M.*:[^\\\\n]*cmdlne-dI-M.c
XPASS: gcc.dg/cpp/cmdlne-dM-M.c scan-file (^|\\\\n)cmdlne-dM-M[^\\\\n]*:[^\\\\n]*cmdlne-dM-M.c
FAIL: gcc.dg/visibility-11.c scan-assembler memcpy@PLT
WARNING: gcc.dg/torture/fp-int-convert-float128-timode.c -O0 compilation failed to produce executable
WARNING: gcc.dg/torture/fp-int-convert-float128-timode.c -O1 compilation failed to produce executable
WARNING: gcc.dg/torture/fp-int-convert-float128-timode.c -O2 compilation failed to produce executable
WARNING: gcc.dg/torture/fp-int-convert-float128-timode.c -O3 -fomit-frame-pointer compilation failed to produce executable
WARNING: gcc.dg/torture/fp-int-convert-float128-timode.c -O3 -g compilation failed to produce executable
WARNING: gcc.dg/torture/fp-int-convert-float128-timode.c -Os compilation failed to produce executable
WARNING: gcc.dg/torture/fp-int-convert-float128.c -O0 compilation failed to produce executable
WARNING: gcc.dg/torture/fp-int-convert-float128.c -O1 compilation failed to produce executable
WARNING: gcc.dg/torture/fp-int-convert-float128.c -O2 compilation failed to produce executable
WARNING: gcc.dg/torture/fp-int-convert-float128.c -O3 -fomit-frame-pointer compilation failed to produce executable
WARNING: gcc.dg/torture/fp-int-convert-float128.c -O3 -g compilation failed to produce executable
WARNING: gcc.dg/torture/fp-int-convert-float128.c -Os compilation failed to produce executable
=== gcc Summary for unix ===
# of expected passes 39666
# of unexpected failures 1
# of unexpected successes 2
# of expected failures 121
# of untested testcases 28
# of unsupported tests 384
=== gcc Summary ===
# of expected passes 79443
# of unexpected failures 1
# of unexpected successes 4
# of expected failures 231
# of untested testcases 56
# of unsupported tests 675
/abuild/aj/gcc/gcc/xgcc version 4.2.0 20060710 (experimental)
=== gfortran tests ===
Running target unix/-m32
XPASS: gfortran.dg/csqrt_2.f -O0 execution test
XPASS: gfortran.dg/csqrt_2.f -O1 execution test
XPASS: gfortran.dg/csqrt_2.f -O2 execution test
XPASS: gfortran.dg/csqrt_2.f -O3 -fomit-frame-pointer execution test
XPASS: gfortran.dg/csqrt_2.f -O3 -fomit-frame-pointer -funroll-loops execution test
XPASS: gfortran.dg/csqrt_2.f -O3 -fomit-frame-pointer -funroll-all-loops -finline-functions execution test
XPASS: gfortran.dg/csqrt_2.f -O3 -g execution test
XPASS: gfortran.dg/csqrt_2.f -Os execution test
=== gfortran Summary for unix/-m32 ===
# of expected passes 13635
# of unexpected successes 8
# of expected failures 7
# of unsupported tests 16
Running target unix
XPASS: gfortran.dg/csqrt_2.f -O0 execution test
XPASS: gfortran.dg/csqrt_2.f -O1 execution test
XPASS: gfortran.dg/csqrt_2.f -O2 execution test
XPASS: gfortran.dg/csqrt_2.f -O3 -fomit-frame-pointer execution test
XPASS: gfortran.dg/csqrt_2.f -O3 -fomit-frame-pointer -funroll-loops execution test
XPASS: gfortran.dg/csqrt_2.f -O3 -fomit-frame-pointer -funroll-all-loops -finline-functions execution test
XPASS: gfortran.dg/csqrt_2.f -O3 -g execution test
XPASS: gfortran.dg/csqrt_2.f -Os execution test
XPASS: gfortran.dg/vect/vect-5.f90 -O scan-tree-dump-times vectorized 2 loops 1
XPASS: gfortran.dg/vect/vect-5.f90 -O scan-tree-dump-times Alignment of access forced using peeling 1
XPASS: gfortran.dg/vect/vect-5.f90 -O scan-tree-dump-times Vectorizing an unaligned access 2
=== gfortran Summary for unix ===
# of expected passes 13631
# of unexpected successes 11
# of expected failures 7
# of unsupported tests 17
=== gfortran Summary ===
# of expected passes 27266
# of unexpected successes 19
# of expected failures 14
# of unsupported tests 33
/abuild/aj/gcc/gcc/testsuite/gfortran/../../gfortran version 4.2.0 20060710 (experimental)
=== g++ tests ===
Running target unix/-m32
XPASS: g++.dg/tree-ssa/ivopts-1.C scan-tree-dump-not offset: -4B
=== g++ Summary for unix/-m32 ===
# of expected passes 12815
# of unexpected successes 1
# of expected failures 66
# of unsupported tests 69
Running target unix
=== g++ Summary for unix ===
# of expected passes 12730
# of expected failures 67
# of unsupported tests 98
=== g++ Summary ===
# of expected passes 25545
# of unexpected successes 1
# of expected failures 133
# of unsupported tests 167
/abuild/aj/gcc/gcc/testsuite/g++/../../g++ version 4.2.0 20060710 (experimental)
=== gnat tests ===
Running target unix/-m32
FAIL: gnat.dg/address_conversion.adb (test for excess errors)
FAIL: gnat.dg/address_conversion.adb execution test
FAIL: gnat.dg/pointer_conversion.adb (test for excess errors)
FAIL: gnat.dg/pointer_conversion.adb execution test
FAIL: gnat.dg/scalar_mode_agg_compare.adb (test for excess errors)
FAIL: gnat.dg/scalar_mode_agg_compare.adb execution test
FAIL: gnat.dg/string_slice.adb (test for excess errors)
FAIL: gnat.dg/string_slice.adb execution test
=== gnat Summary for unix/-m32 ===
# of expected passes 8
# of unexpected failures 8
Running target unix
FAIL: gnat.dg/address_conversion.adb (test for excess errors)
FAIL: gnat.dg/address_conversion.adb execution test
FAIL: gnat.dg/frame_overflow.adb (test for errors, line 12)
FAIL: gnat.dg/frame_overflow.adb (test for errors, line 21)
FAIL: gnat.dg/pointer_conversion.adb (test for excess errors)
FAIL: gnat.dg/pointer_conversion.adb execution test
FAIL: gnat.dg/scalar_mode_agg_compare.adb (test for excess errors)
FAIL: gnat.dg/scalar_mode_agg_compare.adb execution test
FAIL: gnat.dg/string_slice.adb (test for excess errors)
=== gnat Summary for unix ===
# of expected passes 7
# of unexpected failures 9
=== gnat Summary ===
# of expected passes 15
# of unexpected failures 17
=== objc tests ===
Running target unix/-m32
=== objc Summary for unix/-m32 ===
# of expected passes 1754
# of expected failures 7
# of unsupported tests 24
Running target unix
=== objc Summary for unix ===
# of expected passes 1754
# of expected failures 7
# of unsupported tests 24
=== objc Summary ===
# of expected passes 3508
# of expected failures 14
# of unsupported tests 48
/abuild/aj/gcc/gcc/xgcc version 4.2.0 20060710 (experimental)
=== treelang tests ===
Running target unix/-m32
=== treelang Summary for unix/-m32 ===
# of expected passes 50
Running target unix
=== treelang Summary for unix ===
# of expected passes 50
=== treelang Summary ===
# of expected passes 100
=== libffi tests ===
Running target unix/-m32
FAIL: libffi.call/return_fl2.c -O0 -W -Wall execution test
FAIL: libffi.call/return_fl2.c -O2 execution test
FAIL: libffi.call/return_fl2.c -O3 execution test
FAIL: libffi.call/return_fl2.c -Os execution test
=== libffi Summary for unix/-m32 ===
# of expected passes 1068
# of unexpected failures 4
# of unsupported tests 8
Running target unix
=== libffi Summary for unix ===
# of expected passes 1072
# of unsupported tests 8
=== libffi Summary ===
# of expected passes 2140
# of unexpected failures 4
# of unsupported tests 16
=== libgomp tests ===
Running target unix/-m32
FAIL: libgomp.c/ordered-2.c (test for excess errors)
WARNING: libgomp.c/ordered-2.c compilation failed to produce executable
=== libgomp Summary for unix/-m32 ===
# of expected passes 1496
# of unexpected failures 1
Running target unix
=== libgomp Summary for unix ===
# of expected passes 1498
=== libgomp Summary ===
# of expected passes 2994
# of unexpected failures 1
=== libjava tests ===
Running target unix/-m32
=== libjava Summary for unix/-m32 ===
# of expected passes 6929
# of expected failures 12
# of untested testcases 8
Running target unix
FAIL: PR18699 execution - gij test
=== libjava Summary for unix ===
# of expected passes 6927
# of unexpected failures 1
# of expected failures 12
# of untested testcases 9
=== libjava Summary ===
# of expected passes 13856
# of unexpected failures 1
# of expected failures 24
# of untested testcases 17
=== libmudflap tests ===
Running target unix/-m32
=== libmudflap Summary for unix/-m32 ===
# of expected passes 1814
Running target unix
=== libmudflap Summary for unix ===
# of expected passes 1814
=== libmudflap Summary ===
# of expected passes 3628
=== libstdc++ tests ===
Running target unix/-m32
XPASS: 26_numerics/cmath/c99_classification_macros_c.cc (test for excess errors)
=== libstdc++ Summary for unix/-m32 ===
# of expected passes 4313
# of unexpected successes 1
# of expected failures 13
# of unsupported tests 4
Running target unix
XPASS: 26_numerics/cmath/c99_classification_macros_c.cc (test for excess errors)
XPASS: 27_io/fpos/14320-1.cc execution test
=== libstdc++ Summary for unix ===
# of expected passes 4313
# of unexpected successes 2
# of expected failures 12
# of unsupported tests 4
=== libstdc++ Summary ===
# of expected passes 8626
# of unexpected successes 3
# of expected failures 25
# of unsupported tests 8
Compiler version: 4.2.0 20060710 (experimental)
Platform: x86_64-suse-linux-gnu
configure flags: --prefix=/opt/gcc/4.2-devel --enable-checking=yes,rtl --enable-threads=posix --enable-clocale=gnu --enable-__cxa_atexit --enable-shared --with-system-zlib x86_64-suse-linux-gnu --enable-languages=c,ada,c++,fortran,java,objc,treelang
Version of binutils: GNU ld version 2.16.91.0.5 20051219 (SUSE Linux)
Version of glibc (/lib/libc.so.6): 2.4 (20060526)
Version of glibc (/lib64/libc.so.6): 2.4 (20060526)