This is the mail archive of the
gcc-testresults@gcc.gnu.org
mailing list for the GCC project.
Results for 4.2.0 20060626 (experimental) testsuite on powerpc64-suse-linux-gnu
- From: Andreas Schwab <schwab at suse dot de>
- To: gcc-testresults at gcc dot gnu dot org
- Date: Mon, 26 Jun 2006 21:19:32 +0200
- Subject: Results for 4.2.0 20060626 (experimental) testsuite on powerpc64-suse-linux-gnu
LAST_UPDATED: Mon Jun 26 09:46:59 UTC 2006 (revision 115006M)
=== acats tests ===
FAIL: c35507m
FAIL: c9a011b
FAIL: cd2a23e
FAIL: cxh1001
=== acats Summary ===
# of expected passes 2313
# of unexpected failures 4
Native configuration is powerpc64-suse-linux-gnu
=== g++ tests ===
Running target unix/-m64
=== g++ Summary for unix/-m64 ===
# of expected passes 12699
# of expected failures 65
# of unsupported tests 108
Running target unix
FAIL: g++.old-deja/g++.law/profile1.C execution test
=== g++ Summary for unix ===
# of expected passes 12758
# of unexpected failures 1
# of expected failures 65
# of unsupported tests 94
=== g++ Summary ===
# of expected passes 25457
# of unexpected failures 1
# of expected failures 130
# of unsupported tests 202
/tmp/cvs/gcc-20060626/Build/gcc/testsuite/g++/../../g++ version 4.2.0 20060626 (experimental)
=== gcc tests ===
Running target unix/-m64
XPASS: gcc.dg/tree-ssa/sra-2.c scan-tree-dump-times link_error 0
FAIL: gcc.target/powerpc/ppc-negeq0-1.c scan-assembler-not cntlzw
=== gcc Summary for unix/-m64 ===
# of expected passes 40481
# of unexpected failures 1
# of unexpected successes 1
# of expected failures 111
# of untested testcases 28
# of unsupported tests 450
Running target unix
WARNING: program timed out.
FAIL: gcc.dg/nest.c execution test
WARNING: program timed out.
FAIL: gcc.dg/nested-func-4.c execution test
=== gcc Summary for unix ===
# of expected passes 40657
# of unexpected failures 2
# of expected failures 111
# of untested testcases 28
# of unsupported tests 371
=== gcc Summary ===
# of expected passes 81138
# of unexpected failures 3
# of unexpected successes 1
# of expected failures 222
# of untested testcases 56
# of unsupported tests 821
/tmp/cvs/gcc-20060626/Build/gcc/xgcc version 4.2.0 20060626 (experimental)
=== gfortran tests ===
Running target unix/-m64
XPASS: gfortran.dg/csqrt_2.f -O0 execution test
XPASS: gfortran.dg/csqrt_2.f -O1 execution test
XPASS: gfortran.dg/csqrt_2.f -O2 execution test
XPASS: gfortran.dg/csqrt_2.f -O3 -fomit-frame-pointer execution test
XPASS: gfortran.dg/csqrt_2.f -O3 -fomit-frame-pointer -funroll-loops execution test
XPASS: gfortran.dg/csqrt_2.f -O3 -fomit-frame-pointer -funroll-all-loops -finline-functions execution test
XPASS: gfortran.dg/csqrt_2.f -O3 -g execution test
XPASS: gfortran.dg/csqrt_2.f -Os execution test
FAIL: gfortran.dg/large_real_kind_form_io_2.f90 -O0 execution test
FAIL: gfortran.dg/large_real_kind_form_io_2.f90 -O1 execution test
FAIL: gfortran.dg/large_real_kind_form_io_2.f90 -O2 execution test
FAIL: gfortran.dg/large_real_kind_form_io_2.f90 -O3 -fomit-frame-pointer execution test
FAIL: gfortran.dg/large_real_kind_form_io_2.f90 -O3 -fomit-frame-pointer -funroll-loops execution test
FAIL: gfortran.dg/large_real_kind_form_io_2.f90 -O3 -fomit-frame-pointer -funroll-all-loops -finline-functions execution test
FAIL: gfortran.dg/large_real_kind_form_io_2.f90 -O3 -g execution test
FAIL: gfortran.dg/large_real_kind_form_io_2.f90 -Os execution test
XPASS: gfortran.dg/vect/vect-5.f90 -O scan-tree-dump-times vectorized 2 loops 1
XPASS: gfortran.dg/vect/vect-5.f90 -O scan-tree-dump-times Alignment of access forced using peeling 1
XPASS: gfortran.dg/vect/vect-5.f90 -O scan-tree-dump-times Vectorizing an unaligned access 2
=== gfortran Summary for unix/-m64 ===
# of expected passes 13516
# of unexpected failures 8
# of unexpected successes 11
# of expected failures 7
# of unsupported tests 18
Running target unix
XPASS: gfortran.dg/csqrt_2.f -O0 execution test
XPASS: gfortran.dg/csqrt_2.f -O1 execution test
XPASS: gfortran.dg/csqrt_2.f -O2 execution test
XPASS: gfortran.dg/csqrt_2.f -O3 -fomit-frame-pointer execution test
XPASS: gfortran.dg/csqrt_2.f -O3 -fomit-frame-pointer -funroll-loops execution test
XPASS: gfortran.dg/csqrt_2.f -O3 -fomit-frame-pointer -funroll-all-loops -finline-functions execution test
XPASS: gfortran.dg/csqrt_2.f -O3 -g execution test
XPASS: gfortran.dg/csqrt_2.f -Os execution test
FAIL: gfortran.dg/large_real_kind_form_io_2.f90 -O0 execution test
FAIL: gfortran.dg/large_real_kind_form_io_2.f90 -O1 execution test
FAIL: gfortran.dg/large_real_kind_form_io_2.f90 -O2 execution test
FAIL: gfortran.dg/large_real_kind_form_io_2.f90 -O3 -fomit-frame-pointer execution test
FAIL: gfortran.dg/large_real_kind_form_io_2.f90 -O3 -fomit-frame-pointer -funroll-loops execution test
FAIL: gfortran.dg/large_real_kind_form_io_2.f90 -O3 -fomit-frame-pointer -funroll-all-loops -finline-functions execution test
FAIL: gfortran.dg/large_real_kind_form_io_2.f90 -O3 -g execution test
FAIL: gfortran.dg/large_real_kind_form_io_2.f90 -Os execution test
=== gfortran Summary for unix ===
# of expected passes 13487
# of unexpected failures 8
# of unexpected successes 8
# of expected failures 7
# of unsupported tests 34
=== gfortran Summary ===
# of expected passes 27003
# of unexpected failures 16
# of unexpected successes 19
# of expected failures 14
# of unsupported tests 52
/tmp/cvs/gcc-20060626/Build/gcc/testsuite/gfortran/../../gfortran version 4.2.0 20060626 (experimental)
=== gnat tests ===
Running target unix/-m64
FAIL: gnat.dg/scalar_mode_agg_compare.adb (test for excess errors)
WARNING: gnat.dg/scalar_mode_agg_compare.adb compilation failed to produce executable
=== gnat Summary for unix/-m64 ===
# of expected passes 3
# of unexpected failures 1
Running target unix
FAIL: gnat.dg/scalar_mode_agg_compare.adb (test for excess errors)
WARNING: gnat.dg/scalar_mode_agg_compare.adb compilation failed to produce executable
=== gnat Summary for unix ===
# of expected passes 3
# of unexpected failures 1
=== gnat Summary ===
# of expected passes 6
# of unexpected failures 2
=== objc tests ===
Running target unix/-m64
=== objc Summary for unix/-m64 ===
# of expected passes 1754
# of expected failures 7
# of unsupported tests 24
Running target unix
=== objc Summary for unix ===
# of expected passes 1754
# of expected failures 7
# of unsupported tests 24
=== objc Summary ===
# of expected passes 3508
# of expected failures 14
# of unsupported tests 48
/tmp/cvs/gcc-20060626/Build/gcc/xgcc version 4.2.0 20060626 (experimental)
=== libffi tests ===
Running target unix/-m64
=== libffi Summary for unix/-m64 ===
# of expected passes 1072
# of unsupported tests 8
Running target unix
=== libffi Summary for unix ===
# of expected passes 1072
# of unsupported tests 8
=== libffi Summary ===
# of expected passes 2144
# of unsupported tests 16
=== libgomp tests ===
Running target unix/-m64
=== libgomp Summary for unix/-m64 ===
# of expected passes 1498
Running target unix
=== libgomp Summary for unix ===
# of expected passes 1498
=== libgomp Summary ===
# of expected passes 2996
=== libjava tests ===
Running target unix/-m64
FAIL: PR27908 execution - gij test
FAIL: PR27908 execution - gij test
=== libjava Summary for unix/-m64 ===
# of expected passes 6858
# of unexpected failures 2
# of expected failures 12
# of untested testcases 10
Running target unix
FAIL: PR27908 execution - source compiled test
FAIL: PR27908 execution - gij test
FAIL: PR27908 execution - bytecode->native test
FAIL: PR27908 execution - gij test
FAIL: PR27908 -findirect-dispatch execution - bytecode->native test
FAIL: PR27908 -O3 execution - source compiled test
FAIL: PR27908 -O3 execution - bytecode->native test
=== libjava Summary for unix ===
# of expected passes 6848
# of unexpected failures 7
# of expected failures 12
# of untested testcases 15
=== libjava Summary ===
# of expected passes 13706
# of unexpected failures 9
# of expected failures 24
# of untested testcases 25
=== libmudflap tests ===
Running target unix/-m64
FAIL: libmudflap.c/fail27-frag.c output pattern test
FAIL: libmudflap.c/fail27-frag.c (-static) output pattern test
FAIL: libmudflap.c/fail27-frag.c (-O2) output pattern test
FAIL: libmudflap.c/fail27-frag.c (-O3) output pattern test
WARNING: program timed out.
FAIL: libmudflap.cth/pass37-frag.c (-O3) (rerun 15) execution test
FAIL: libmudflap.cth/pass37-frag.c (-O3) (rerun 15) output pattern test
WARNING: program timed out.
FAIL: libmudflap.cth/pass39-frag.c (-O3) (rerun 1) execution test
WARNING: program timed out.
FAIL: libmudflap.cth/pass39-frag.c (-O3) (rerun 2) execution test
FAIL: libmudflap.cth/pass39-frag.c (-O3) (rerun 2) output pattern test
WARNING: program timed out.
FAIL: libmudflap.cth/pass40-frag.c (-O3) execution test
FAIL: libmudflap.cth/pass40-frag.c (-O3) output pattern test
=== libmudflap Summary for unix/-m64 ===
# of expected passes 1803
# of unexpected failures 11
Running target unix
WARNING: program timed out.
FAIL: libmudflap.cth/pass37-frag.c (rerun 4) execution test
WARNING: program timed out.
FAIL: libmudflap.cth/pass37-frag.c (rerun 14) execution test
FAIL: libmudflap.cth/pass37-frag.c (rerun 14) output pattern test
WARNING: program timed out.
FAIL: libmudflap.cth/pass39-frag.c execution test
FAIL: libmudflap.cth/pass39-frag.c output pattern test
WARNING: program timed out.
FAIL: libmudflap.cth/pass39-frag.c (rerun 5) execution test
=== libmudflap Summary for unix ===
# of expected passes 1808
# of unexpected failures 6
=== libmudflap Summary ===
# of expected passes 3611
# of unexpected failures 17
=== libstdc++ tests ===
Running target unix/-m64
FAIL: abi_check
XPASS: 26_numerics/cmath/c99_classification_macros_c.cc (test for excess errors)
FAIL: 26_numerics/complex/13450.cc execution test
XPASS: 27_io/fpos/14320-1.cc execution test
=== libstdc++ Summary for unix/-m64 ===
# of expected passes 3680
# of unexpected failures 2
# of unexpected successes 2
# of expected failures 12
# of unsupported tests 319
Running target unix
FAIL: abi_check
XPASS: 26_numerics/cmath/c99_classification_macros_c.cc (test for excess errors)
FAIL: 26_numerics/complex/13450.cc execution test
=== libstdc++ Summary for unix ===
# of expected passes 4310
# of unexpected failures 2
# of unexpected successes 1
# of expected failures 13
# of unsupported tests 4
=== libstdc++ Summary ===
# of expected passes 7990
# of unexpected failures 4
# of unexpected successes 3
# of expected failures 25
# of unsupported tests 323
Compiler version: 4.2.0 20060626 (experimental)
Platform: powerpc64-suse-linux-gnu
configure flags: --prefix=/tmp/cvs/gcc-20060626/Build/root --host=powerpc64-suse-linux --enable-shared --enable-threads --enable-__cxa_atexit --with-system-zlib --with-cpu=default32 --enable-secureplt --with-long-double-128 --enable-languages=c,ada,c++,fortran,java,objc