This is the mail archive of the
gcc-testresults@gcc.gnu.org
mailing list for the GCC project.
[Fwd: Results for 4.2.0 20060620 (experimental) testsuite on sh-unknown-elf]
- From: Joern RENNECKE <joern dot rennecke at st dot com>
- To: gcc-testresults at gcc dot gnu dot org
- Date: Wed, 21 Jun 2006 14:48:13 +0100
- Subject: [Fwd: Results for 4.2.0 20060620 (experimental) testsuite on sh-unknown-elf]
Revision: 114810
-------- Original Message --------
Subject: Results for 4.2.0 20060620 (experimental) testsuite on
sh-unknown-elf
Date: Wed, 21 Jun 2006 14:43:25 +0100
From: Joern Rennecke <renneckej@bristol.st.com>
To: joern.rennecke@st.com
LAST_UPDATED:
Target is sh-unknown-elf
Host is i686-pc-linux-gnu
=== gcc tests ===
Running target sh-hms-sim
WARNING: program timed out.
FAIL: gcc.c-torture/compile/20001226-1.c -O3 -g (test for excess errors)
FAIL: gcc.dg/cpp/_Pragma3.c (test for excess errors)
FAIL: gcc.dg/builtin-apply4.c execution test
FAIL: gcc.dg/torture/pr26565.c -O0 execution test
=== gcc Summary for sh-hms-sim ===
# of expected passes 38127
# of unexpected failures 4
# of expected failures 76
# of untested testcases 28
# of unsupported tests 369
Running target sh-hms-sim/-m4/-ml
WARNING: program timed out.
FAIL: gcc.c-torture/compile/20001226-1.c -O2 (test for excess errors)
WARNING: program timed out.
FAIL: gcc.c-torture/compile/20001226-1.c -O3 -fomit-frame-pointer (test for excess errors)
WARNING: program timed out.
FAIL: gcc.c-torture/compile/20001226-1.c -O3 -g (test for excess errors)
WARNING: program timed out.
FAIL: gcc.c-torture/compile/20001226-1.c -Os (test for excess errors)
FAIL: gcc.dg/cpp/_Pragma3.c (test for excess errors)
FAIL: gcc.dg/torture/pr26565.c -O0 execution test
=== gcc Summary for sh-hms-sim/-m4/-ml ===
# of expected passes 38125
# of unexpected failures 6
# of expected failures 76
# of untested testcases 28
# of unsupported tests 369
=== gcc Summary ===
# of expected passes 76252
# of unexpected failures 10
# of expected failures 152
# of untested testcases 56
# of unsupported tests 738
/mnt/scratch/nightly/2006-06-20/sh-elf/gcc/xgcc version 4.2.0 20060620 (experimental)
Host is i686-pc-linux-gnu
=== g++ tests ===
Running target sh-hms-sim
XPASS: g++.dg/other/packed1.C execution test
FAIL: g++.dg/tls/static-1.C execution test
XPASS: g++.old-deja/g++.jason/thunk3.C execution test
FAIL: g++.old-deja/g++.other/init18.C execution test
FAIL: g++.old-deja/g++.other/init19.C execution test
=== g++ Summary for sh-hms-sim ===
# of expected passes 12261
# of unexpected failures 3
# of unexpected successes 2
# of expected failures 64
# of unsupported tests 129
Running target sh-hms-sim/-m4/-ml
XPASS: g++.dg/other/packed1.C execution test
FAIL: g++.dg/tls/static-1.C execution test
XPASS: g++.old-deja/g++.jason/thunk3.C execution test
FAIL: g++.old-deja/g++.other/init18.C execution test
FAIL: g++.old-deja/g++.other/init19.C execution test
=== g++ Summary for sh-hms-sim/-m4/-ml ===
# of expected passes 12261
# of unexpected failures 3
# of unexpected successes 2
# of expected failures 64
# of unsupported tests 129
=== g++ Summary ===
# of expected passes 24522
# of unexpected failures 6
# of unexpected successes 4
# of expected failures 128
# of unsupported tests 258
/mnt/scratch/nightly/2006-06-20/sh-elf/gcc/testsuite/g++/../../g++ version 4.2.0 20060620 (experimental)
Host is i686-pc-linux-gnu
=== objc tests ===
Running target sh-hms-sim
WARNING: program timed out.
FAIL: objc/execute/exceptions/foward-1.m execution, -O3 -fomit-frame-pointer -fgnu-runtime
WARNING: program timed out.
FAIL: objc/execute/exceptions/foward-1.m execution, -O3 -fomit-frame-pointer -funroll-loops -fgnu-runtime
FAIL: objc/execute/exceptions/foward-1.m execution, -O3 -fomit-frame-pointer -funroll-all-loops -finline-functions -fgnu-runtime
=== objc Summary for sh-hms-sim ===
# of expected passes 1751
# of unexpected failures 3
# of expected failures 7
# of unsupported tests 24
Running target sh-hms-sim/-m4/-ml
=== objc Summary for sh-hms-sim/-m4/-ml ===
# of expected passes 1754
# of expected failures 7
# of unsupported tests 24
=== objc Summary ===
# of expected passes 3505
# of unexpected failures 3
# of expected failures 14
# of unsupported tests 48
/mnt/scratch/nightly/2006-06-20/sh-elf/gcc/xgcc version 4.2.0 20060620 (experimental)
Host is sh-unknown-elf
=== libstdc++ tests ===
Running target sh-hms-sim
WARNING: program timed out.
FAIL: ext/pb_ds/example/priority_queue_dijkstra.cc execution test
WARNING: program timed out.
FAIL: ext/pb_ds/regression/hash_data_map_rand.cc execution test
WARNING: program timed out.
FAIL: ext/pb_ds/regression/hash_no_data_map_rand.cc execution test
WARNING: program timed out.
FAIL: ext/pb_ds/regression/tree_data_map_rand.cc execution test
WARNING: program timed out.
FAIL: ext/pb_ds/regression/tree_no_data_map_rand.cc execution test
WARNING: program timed out.
FAIL: ext/pb_ds/regression/trie_data_map_rand.cc execution test
WARNING: program timed out.
FAIL: ext/pb_ds/regression/trie_no_data_map_rand.cc execution test
=== libstdc++ Summary for sh-hms-sim ===
# of expected passes 1520
# of unexpected failures 7
# of expected failures 5
# of unsupported tests 18
Running target sh-hms-sim/-m4/-ml
WARNING: program timed out.
FAIL: ext/pb_ds/example/priority_queue_dijkstra.cc execution test
WARNING: program timed out.
FAIL: ext/pb_ds/regression/hash_data_map_rand.cc execution test
WARNING: program timed out.
FAIL: ext/pb_ds/regression/hash_no_data_map_rand.cc execution test
WARNING: program timed out.
FAIL: ext/pb_ds/regression/tree_data_map_rand.cc execution test
WARNING: program timed out.
FAIL: ext/pb_ds/regression/tree_no_data_map_rand.cc execution test
WARNING: program timed out.
FAIL: ext/pb_ds/regression/trie_data_map_rand.cc execution test
WARNING: program timed out.
FAIL: ext/pb_ds/regression/trie_no_data_map_rand.cc execution test
=== libstdc++ Summary for sh-hms-sim/-m4/-ml ===
# of expected passes 1520
# of unexpected failures 7
# of expected failures 5
# of unsupported tests 18
=== libstdc++ Summary ===
# of expected passes 3040
# of unexpected failures 14
# of expected failures 10
# of unsupported tests 36
Compiler version: 4.2.0 20060620 (experimental)
Platform: sh-unknown-elf
configure flags: --target=sh-elf --with-headers --with-newlib --enable-languages=c,c++,java,objc