This is the mail archive of the
gcc-testresults@gcc.gnu.org
mailing list for the GCC project.
Results for 4.1.2 20060613 (prerelease) (Debian 4.1.1-4) testsuite on x86_64-pc-linux-gnu
- From: Matthias Klose <doko at debian dot org>
- To: gcc-testresults at gcc dot gnu dot org
- Cc: debian-gcc at lists dot debian dot org
- Date: Wed, 14 Jun 2006 17:55:08 -0600
- Subject: Results for 4.1.2 20060613 (prerelease) (Debian 4.1.1-4) testsuite on x86_64-pc-linux-gnu
- Reply-to: Matthias Klose <doko at debian dot org>
LAST_UPDATED: Tue Jun 13 07:10:58 UTC 2006 (revision 114599)
=== acats tests ===
=== acats Summary ===
# of expected passes 2317
# of unexpected failures 0
Native configuration is x86_64-pc-linux-gnu
=== g++ tests ===
Running target unix
XPASS: g++.dg/tree-ssa/pr14814.C scan-tree-dump-times &this 0
XPASS: g++.old-deja/g++.other/init5.C execution test
=== g++ Summary for unix ===
# of expected passes 12048
# of unexpected successes 2
# of expected failures 66
# of unsupported tests 95
Running target unix/-m32
XPASS: g++.dg/tree-ssa/pr14814.C scan-tree-dump-times &this 0
XPASS: g++.old-deja/g++.other/init5.C execution test
=== g++ Summary for unix/-m32 ===
# of expected passes 12133
# of unexpected successes 2
# of expected failures 66
# of unsupported tests 66
=== g++ Summary ===
# of expected passes 24181
# of unexpected successes 4
# of expected failures 132
# of unsupported tests 161
/build/buildd/gcc-4.1-4.1.1/build/gcc/testsuite/g++/../../g++ version 4.1.2 20060613 (prerelease) (Debian 4.1.1-4)
=== gcc tests ===
Running target unix
FAIL: gcc.dg/visibility-11.c scan-assembler memcpy@PLT
=== gcc Summary for unix ===
# of expected passes 38270
# of unexpected failures 1
# of expected failures 100
# of untested testcases 28
# of unsupported tests 358
Running target unix/-m32
FAIL: gcc.dg/cleanup-10.c execution test
FAIL: gcc.dg/cleanup-11.c execution test
FAIL: gcc.dg/cleanup-8.c execution test
FAIL: gcc.dg/cleanup-9.c execution test
FAIL: gcc.dg/vect/pr20122.c scan-tree-dump-times vectorized 1 loops 2
=== gcc Summary for unix/-m32 ===
# of expected passes 38368
# of unexpected failures 5
# of expected failures 101
# of untested testcases 28
# of unsupported tests 256
=== gcc Summary ===
# of expected passes 76638
# of unexpected failures 6
# of expected failures 201
# of untested testcases 56
# of unsupported tests 614
/build/buildd/gcc-4.1-4.1.1/build/gcc/xgcc version 4.1.2 20060613 (prerelease) (Debian 4.1.1-4)
=== gfortran tests ===
Running target unix
=== gfortran Summary for unix ===
# of expected passes 12747
# of expected failures 16
# of unsupported tests 16
Running target unix/-m32
=== gfortran Summary for unix/-m32 ===
# of expected passes 12750
# of expected failures 13
# of unsupported tests 16
=== gfortran Summary ===
# of expected passes 25497
# of expected failures 29
# of unsupported tests 32
/build/buildd/gcc-4.1-4.1.1/build/gcc/testsuite/gfortran/../../gfortran version 4.1.2 20060613 (prerelease) (Debian 4.1.1-4)
=== obj-c++ tests ===
Running target unix
FAIL: obj-c++.dg/bitfield-1.mm (test for excess errors)
FAIL: obj-c++.dg/bitfield-4.mm (test for excess errors)
FAIL: obj-c++.dg/cxx-ivars-2.mm execution test
FAIL: obj-c++.dg/encode-3.mm execution test
FAIL: obj-c++.dg/encode-8.mm execution test
FAIL: obj-c++.dg/isa-field-1.mm (test for excess errors)
FAIL: obj-c++.dg/layout-1.mm (test for excess errors)
FAIL: obj-c++.dg/lookup-2.mm (test for excess errors)
WARNING: obj-c++.dg/lookup-2.mm compilation failed to produce executable
FAIL: obj-c++.dg/try-catch-2.mm (test for excess errors)
WARNING: obj-c++.dg/try-catch-2.mm compilation failed to produce executable
FAIL: obj-c++.dg/try-catch-9.mm (test for excess errors)
WARNING: obj-c++.dg/try-catch-9.mm compilation failed to produce executable
=== obj-c++ Summary for unix ===
# of expected passes 419
# of unexpected failures 10
# of unsupported tests 13
Running target unix/-m32
FAIL: obj-c++.dg/cxx-ivars-2.mm execution test
FAIL: obj-c++.dg/encode-8.mm execution test
FAIL: obj-c++.dg/isa-field-1.mm (test for excess errors)
FAIL: obj-c++.dg/lookup-2.mm (test for excess errors)
WARNING: obj-c++.dg/lookup-2.mm compilation failed to produce executable
FAIL: obj-c++.dg/try-catch-2.mm (test for excess errors)
WARNING: obj-c++.dg/try-catch-2.mm compilation failed to produce executable
FAIL: obj-c++.dg/try-catch-9.mm (test for excess errors)
WARNING: obj-c++.dg/try-catch-9.mm compilation failed to produce executable
=== obj-c++ Summary for unix/-m32 ===
# of expected passes 423
# of unexpected failures 6
# of unsupported tests 13
=== obj-c++ Summary ===
# of expected passes 842
# of unexpected failures 16
# of unsupported tests 26
/build/buildd/gcc-4.1-4.1.1/build/gcc/testsuite/obj-c++/../../g++ version 4.1.2 20060613 (prerelease) (Debian 4.1.1-4)
=== objc tests ===
Running target unix
=== objc Summary for unix ===
# of expected passes 1686
# of unsupported tests 22
Running target unix/-m32
=== objc Summary for unix/-m32 ===
# of expected passes 1686
# of unsupported tests 22
=== objc Summary ===
# of expected passes 3372
# of unsupported tests 44
/build/buildd/gcc-4.1-4.1.1/build/gcc/xgcc version 4.1.2 20060613 (prerelease) (Debian 4.1.1-4)
=== treelang tests ===
Running target unix
=== treelang Summary for unix ===
# of expected passes 50
Running target unix/-m32
=== treelang Summary for unix/-m32 ===
# of expected passes 50
=== treelang Summary ===
# of expected passes 100
=== libffi tests ===
Running target unix
=== libffi Summary for unix ===
# of expected passes 228
# of unsupported tests 2
Running target unix/-m32
=== libffi Summary for unix/-m32 ===
# of expected passes 228
# of unsupported tests 2
=== libffi Summary ===
# of expected passes 456
# of unsupported tests 4
=== libmudflap tests ===
Running target unix
FAIL: libmudflap.c/fail1-frag.c (-static) crash test
FAIL: libmudflap.c/fail10-frag.c (-static) crash test
FAIL: libmudflap.c/fail11-frag.c (-static) crash test
FAIL: libmudflap.c/fail12-frag.c (-static) crash test
FAIL: libmudflap.c/fail13-frag.c (-static) crash test
FAIL: libmudflap.c/fail14-frag.c (-static) crash test
FAIL: libmudflap.c/fail15-frag.c (-static) crash test
FAIL: libmudflap.c/fail16-frag.c (-static) crash test
FAIL: libmudflap.c/fail17-frag.c (-static) crash test
FAIL: libmudflap.c/fail18-frag.c (-static) crash test
FAIL: libmudflap.c/fail19-frag.c (-static) crash test
FAIL: libmudflap.c/fail2-frag.c (-static) crash test
FAIL: libmudflap.c/fail21-frag.c (-static) crash test
FAIL: libmudflap.c/fail22-frag.c (-static) crash test
FAIL: libmudflap.c/fail23-frag.c (-static) crash test
FAIL: libmudflap.c/fail25-frag.c (-static) crash test
FAIL: libmudflap.c/fail27-frag.c (-static) crash test
FAIL: libmudflap.c/fail28-frag.c (-static) crash test
FAIL: libmudflap.c/fail29-frag.c (-static) crash test
FAIL: libmudflap.c/fail3-frag.c (-static) crash test
FAIL: libmudflap.c/fail30-frag.c (-static) crash test
FAIL: libmudflap.c/fail31-frag.c (-static) crash test
FAIL: libmudflap.c/fail32-frag.c (-static) crash test
FAIL: libmudflap.c/fail33-frag.c (-static) crash test
FAIL: libmudflap.c/fail34-frag.c (-static) crash test
FAIL: libmudflap.c/fail35-frag.c (-static) crash test
FAIL: libmudflap.c/fail36-frag.c (-static) crash test
FAIL: libmudflap.c/fail37-frag.c (-static) crash test
FAIL: libmudflap.c/fail38-frag.c (-static) crash test
FAIL: libmudflap.c/fail39-frag.c (-static) crash test
FAIL: libmudflap.c/fail4-frag.c (-static) crash test
FAIL: libmudflap.c/fail40-frag.c (-static) crash test
FAIL: libmudflap.c/fail5-frag.c (-static) crash test
FAIL: libmudflap.c/fail6-frag.c (-static) crash test
FAIL: libmudflap.c/fail7-frag.c (-static) crash test
FAIL: libmudflap.c/fail8-frag.c (-static) crash test
FAIL: libmudflap.c/fail9-frag.c (-static) crash test
FAIL: libmudflap.c/pass36-frag.c (-static) output pattern test
FAIL: libmudflap.c/pass36-frag.c (-static) output pattern test
FAIL: libmudflap.c++/fail24-frag.cxx (-static) crash test
=== libmudflap Summary for unix ===
# of expected passes 1759
# of unexpected failures 40
Running target unix/-m32
FAIL: libmudflap.c/fail10-frag.c (-static) crash test
FAIL: libmudflap.c/fail11-frag.c (-static) crash test
FAIL: libmudflap.c/fail12-frag.c (-static) crash test
FAIL: libmudflap.c/fail14-frag.c (-static) crash test
FAIL: libmudflap.c/fail15-frag.c (-static) crash test
FAIL: libmudflap.c/fail16-frag.c (-static) crash test
FAIL: libmudflap.c/fail17-frag.c (-static) crash test
FAIL: libmudflap.c/fail18-frag.c (-static) crash test
FAIL: libmudflap.c/fail19-frag.c (-static) crash test
FAIL: libmudflap.c/fail21-frag.c (-static) crash test
FAIL: libmudflap.c/fail22-frag.c (-static) crash test
FAIL: libmudflap.c/fail23-frag.c (-static) crash test
FAIL: libmudflap.c/fail25-frag.c (-static) crash test
FAIL: libmudflap.c/fail27-frag.c (-static) crash test
FAIL: libmudflap.c/fail28-frag.c (-static) crash test
FAIL: libmudflap.c/fail29-frag.c (-static) crash test
FAIL: libmudflap.c/fail30-frag.c (-static) crash test
FAIL: libmudflap.c/fail31-frag.c (-static) crash test
FAIL: libmudflap.c/fail33-frag.c (-static) crash test
FAIL: libmudflap.c/fail34-frag.c (-static) crash test
FAIL: libmudflap.c/fail35-frag.c (-static) crash test
FAIL: libmudflap.c/fail36-frag.c (-static) crash test
FAIL: libmudflap.c/fail37-frag.c (-static) crash test
FAIL: libmudflap.c/fail38-frag.c (-static) crash test
FAIL: libmudflap.c/fail39-frag.c (-static) crash test
FAIL: libmudflap.c/fail40-frag.c (-static) crash test
FAIL: libmudflap.c/fail5-frag.c (-static) crash test
FAIL: libmudflap.c/fail6-frag.c (-static) crash test
FAIL: libmudflap.c/fail7-frag.c (-static) crash test
FAIL: libmudflap.c/fail8-frag.c (-static) crash test
FAIL: libmudflap.c/fail9-frag.c (-static) crash test
FAIL: libmudflap.c/pass36-frag.c (-static) output pattern test
FAIL: libmudflap.c/pass36-frag.c (-static) output pattern test
FAIL: libmudflap.c++/fail24-frag.cxx (-static) crash test
=== libmudflap Summary for unix/-m32 ===
# of expected passes 1765
# of unexpected failures 34
=== libmudflap Summary ===
# of expected passes 3524
# of unexpected failures 74
=== libstdc++ tests ===
Running target unix
XPASS: 26_numerics/cmath/c99_classification_macros_c.cc (test for excess errors)
XPASS: 27_io/fpos/14320-1.cc execution test
=== libstdc++ Summary for unix ===
# of expected passes 3412
# of unexpected successes 2
# of expected failures 11
# of unsupported tests 315
Running target unix/-m32
XPASS: 26_numerics/cmath/c99_classification_macros_c.cc (test for excess errors)
=== libstdc++ Summary for unix/-m32 ===
# of expected passes 3412
# of unexpected successes 1
# of expected failures 12
# of unsupported tests 315
=== libstdc++ Summary ===
# of expected passes 6824
# of unexpected successes 3
# of expected failures 23
# of unsupported tests 630
Compiler version: 4.1.2 20060613 (prerelease) (Debian 4.1.1-4)
Platform: x86_64-pc-linux-gnu
configure flags: -v --prefix=/usr --enable-shared --with-system-zlib --libexecdir=/usr/lib --without-included-gettext --enable-threads=posix --enable-nls --program-suffix=-4.1 --enable-__cxa_atexit --enable-clocale=gnu --enable-libstdcxx-debug --enable-java-awt=gtk --enable-gtk-cairo --with-java-home=/usr/lib/jvm/java-1.4.2-gcj-4.1-1.4.2.0/jre --enable-mpfr --enable-checking=release x86_64-linux-gnu --enable-languages=c,ada,c++,fortran,java,objc,obj-c++,treelang
BOOT_CFLAGS=-O2
Build Dependencies:
Desired=Unknown/Install/Remove/Purge/Hold
| Status=Not/Installed/Config-files/Unpacked/Failed-config/Half-installed
|/ Err?=(none)/Hold/Reinst-required/X=both-problems (Status,Err: uppercase=bad)
||/ Name Version Description
+++-==============-===================-==============================================
ii binutils 2.16.1cvs20060413-1 The GNU assembler, linker and binary utilities
Patches that Debian applied in this version:
svn-updates:
CVS updates from the 4.1 branch upto 20060613.
libjava-update:
libjava awt & swing update, taken from trunk 2006-02-25
gcc-version:
Add package identification to the gcc version string
gcc-textdomain:
Set gettext's domain and textdomain to the versioned package name.
rename-info-files:
Allow transformations on info file names. Reference the
transformed info file names in the texinfo files.
libstdc++-pic:
Build and install libstdc++_pic.a library.
libstdc++-doclink:
adjust hrefs to point to the local documentation
gccbug:
Use sensible-editor instead of vi as fallback editor
gccbug-posix:
Make gccbug POSIX compliant (patch by David Weinehall)
http://www.opengroup.org/onlinepubs/009695399/utilities/test.html
boehm-gc-nocheck:
Disable running the boehm-gc testsuite. Hangs the buildd at least on hppa.
fastjar-version:
Append GCC version to the fastjar version string.
libstdc++-doxygen:
libstdc++ doxygen docs: Set SHORT_NAMES to YES
classmap-path:
Set the location for gcj-dbtool's database to /var/lib/gcj-X.Y
libjava-dlsearch-path:
Add /usr/lib/gcj-4.1 to the dlsearch path.
libjava-stacktrace:
libgcj: Lookup source file name and line number in separated
debug files found in /usr/lib/debug
arm-libffi:
Add closure support to libffi for arm
arm-gij:
Enable gij interpreter on arm
hppa-cbranch:
Fix for PR target/26743 (hppa)
Backport from gcc trunk 2006-04-12 by tausq@debian.org
hppa-cbranch2:
Fix for PR target/26743 (hppa)
Backport from gcc trunk 2006-04-12 by tausq@debian.org
pr25524:
Backport PR libstdc++/25524 from the trunk
pr26885:
Proposed patch for PR driver/26885
mips-libjava-interp:
Enable the libjava interpreter on mips/mipsel.
disable-libgcj:
Do not build the java runtime (from this source package)
deb-protoize:
build protoize/unprotoize binaries
ada-gcc-name:
use gcc-4.1 instead of gcc as the command name.
ada-default-project-path:
- Change the default search path for project files to the one specified
by the Debian Policy for Ada: /usr/share/ada/adainclude.
ada-symbolic-tracebacks:
- Enable support for symbolic tracebacks in exceptions (delete the dummy
convert_addresses from adaint.c, and provide a real one separately.)
ada-gnatvsn:
proposed patch for PR ada/27194.
ada-link-lib:
- Install the shared Ada libraries as '.so.1', not '.so' to conform
to the Debian policy.
- Don't include a runtime link path (-rpath), when linking binaries.
- Build the shared libraries on hppa-linux.
- Instead of building libada as a target library only, build it as
both a host and, if different, target library.
- Build the GNAT tools in their top-level directory; do not use
recursive makefiles.
- Link the GNAT tools dynamically.
- Fix a bug in src/gnattools/configure.ac whereby a nonexistent version
of indepsw's body was selected. Regenerate configure. (PR ada/27300)
ada-libgnatvsn:
- Introduce a new shared library named libgnatvsn, containing
common components of GNAT under the GNAT-Modified GPL, for
use in GNAT tools, ASIS, GLADE and GPS. Link the gnat tools
against this new library.
ada-libgnatprj:
- Introduce a new shared library named libgnatprj, containing
the GNAT project file manager licensed under the pure GPL, for
use in GNAT tools, GLADE and GPS. Link the GNAT tools against
this new library.
ada-acats:
- When running the ACATS, look for the gnat tools in their new
directory (build/gnattools), and for the shared libraries in
build/gcc/ada/rts, build/libgnatvsn and build/libgnatprj.
link-libs:
cpu-default-i486:
set default 32bit ix86 architecture to i486
reporting:
Add Debian URL for bug reporting isntructions.
gcc-ice-hack:
2004-01-23 Jakub Jelinek <jakub@redhat.com>
* system.h (ICE_EXIT_CODE): Define.
* gcc.c (execute): Don't free first string early, but at the end
of the function. Call retry_ice if compiler exited with
ICE_EXIT_CODE.
(retry_ice): New function.
* diagnostic.c (diagnostic_count_diagnostic,
diagnostic_action_after_output, error_recursion): Exit with
ICE_EXIT_CODE instead of FATAL_EXIT_CODE.
disable-biarch-check:
For biarch builds, disable the testsuite for the non-default architecture
for runtime libraries, which are not built by default (libjava).
biarch-include:
biarch-include.dpatch
Adds biarch include directories
/usr/local/include/<arch>-linux-gnu
/usr/include/<arch>-linux-gnu
to the system include paths, depending on 32/64 bit mode.
config-ml:
disable some biarch libraries for biarch builds
libjava-biarch-alsa:
Fix linking with the correct biarch asound library
amd64-biarch:
Set MULTILIB_OSDIRNAMES to the correct multilib path names for amd64.
libjava-ia32fix:
fix/hack to build 32bit libjava on amd64.
Counting all warnings,
there are 39 warnings in stage3 of this bootstrap.
Number of warnings per file:
12 treelang/lex.c
11 gengtype-lex.c
5 gcc/gcc.c
4 gcc/config/i386/i386.md
3 SYSCALLS.c
2 gcc/objc/lang-specs.h
1 gcc/protoize.c
1 gcc/java/jvspec.c
Number of warning types:
22 no previous prototype for `???'
9 string length `???' is greater than the length `???' ISO C89 compilers are required to support
3 conflicting types for built-in function `???'
2 operand 1 missing mode?
1 passing argument 2 of `???' from incompatible pointer type
1 comparison between signed and unsigned
1 argument `???' might be clobbered by `???' or `???'