This is the mail archive of the
gcc-testresults@gcc.gnu.org
mailing list for the GCC project.
Results for 4.1.2 20060612 (prerelease) testsuite on x86_64-suse-linux-gnu
- From: ebotcazou at libertysurf dot fr (Eric Botcazou)
- To: gcc-testresults at gcc dot gnu dot org
- Date: Mon, 12 Jun 2006 22:30:29 +0200
- Subject: Results for 4.1.2 20060612 (prerelease) testsuite on x86_64-suse-linux-gnu
LAST_UPDATED: Mon Jun 12 06:08:09 UTC 2006 (revision 114560)
=== acats tests ===
=== acats Summary ===
# of expected passes 2317
# of unexpected failures 0
Native configuration is x86_64-suse-linux-gnu
=== gcc tests ===
Running target unix
FAIL: gcc.dg/visibility-11.c scan-assembler memcpy@PLT
=== gcc Summary ===
# of expected passes 38268
# of unexpected failures 1
# of expected failures 100
# of untested testcases 28
# of unsupported tests 358
/home/eric/build/gcc-4_1-branch/native/gcc/xgcc version 4.1.2 20060612 (prerelease)
=== gfortran tests ===
Running target unix
=== gfortran Summary ===
# of expected passes 12747
# of expected failures 16
# of unsupported tests 16
/home/eric/build/gcc-4_1-branch/native/gcc/testsuite/gfortran/../../gfortran version 4.1.2 20060612 (prerelease)
=== g++ tests ===
Running target unix
XPASS: g++.dg/tree-ssa/pr14814.C scan-tree-dump-times &this 0
XPASS: g++.old-deja/g++.other/init5.C execution test
=== g++ Summary ===
# of expected passes 12041
# of unexpected successes 2
# of expected failures 66
# of unsupported tests 95
/home/eric/build/gcc-4_1-branch/native/gcc/testsuite/g++/../../g++ version 4.1.2 20060612 (prerelease)
=== obj-c++ tests ===
Running target unix
FAIL: obj-c++.dg/bitfield-1.mm (test for excess errors)
FAIL: obj-c++.dg/bitfield-4.mm (test for excess errors)
FAIL: obj-c++.dg/cxx-ivars-2.mm execution test
FAIL: obj-c++.dg/encode-3.mm execution test
FAIL: obj-c++.dg/encode-8.mm execution test
FAIL: obj-c++.dg/isa-field-1.mm (test for excess errors)
FAIL: obj-c++.dg/layout-1.mm (test for excess errors)
FAIL: obj-c++.dg/lookup-2.mm (test for excess errors)
WARNING: obj-c++.dg/lookup-2.mm compilation failed to produce executable
FAIL: obj-c++.dg/try-catch-2.mm (test for excess errors)
WARNING: obj-c++.dg/try-catch-2.mm compilation failed to produce executable
FAIL: obj-c++.dg/try-catch-9.mm (test for excess errors)
WARNING: obj-c++.dg/try-catch-9.mm compilation failed to produce executable
=== obj-c++ Summary ===
# of expected passes 419
# of unexpected failures 10
# of unsupported tests 13
/home/eric/build/gcc-4_1-branch/native/gcc/testsuite/obj-c++/../../g++ version 4.1.2 20060612 (prerelease)
=== objc tests ===
Running target unix
=== objc Summary ===
# of expected passes 1686
# of unsupported tests 22
/home/eric/build/gcc-4_1-branch/native/gcc/xgcc version 4.1.2 20060612 (prerelease)
=== libffi tests ===
Running target unix
=== libffi Summary ===
# of expected passes 228
# of unsupported tests 2
=== libjava tests ===
Running target unix
=== libjava Summary ===
# of expected passes 4053
# of expected failures 10
# of untested testcases 8
=== libmudflap tests ===
Running target unix
=== libmudflap Summary ===
# of expected passes 1799
=== libstdc++ tests ===
Running target unix
XPASS: 26_numerics/cmath/c99_classification_macros_c.cc (test for excess errors)
XPASS: 27_io/fpos/14320-1.cc execution test
=== libstdc++ Summary ===
# of expected passes 4042
# of unexpected successes 2
# of expected failures 11
Compiler version: 4.1.2 20060612 (prerelease)
Platform: x86_64-suse-linux-gnu
configure flags: x86_64-suse-linux --prefix=/home/eric/install/gcc-4_1-branch --enable-__cxa_atexit --enable-languages=c,ada,c++,fortran,java,objc,obj-c++
BOOT_CFLAGS=-g -O2