This is the mail archive of the
gcc-testresults@gcc.gnu.org
mailing list for the GCC project.
Results for 4.2.0 20060612 (experimental) testsuite on i686-pc-linux-gnu
- From: CodeSourcery Automatic Testing System <gcc at codesourcery dot com>
- To: gcc-testresults at gcc dot gnu dot org
- Date: Mon, 12 Jun 2006 03:52:39 -0700
- Subject: Results for 4.2.0 20060612 (experimental) testsuite on i686-pc-linux-gnu
LAST_UPDATED: Mon Jun 12 07:15:52 UTC 2006 (/trunk revision 114563)
Native configuration is i686-pc-linux-gnu
=== g++ tests ===
Running target unix
FAIL: g++.dg/ext/complit1.C (internal compiler error)
=== g++ Summary ===
# of expected passes 12660
# of unexpected failures 1
# of expected failures 68
# of unsupported tests 69
/scratch/gcc/nightly-2006-06-12-mainline/i686-pc-linux-gnu/build_gcc/install/bin/c++ version 4.2.0 20060612 (experimental)
=== gcc tests ===
Running target unix
WARNING: program timed out.
FAIL: gcc.c-torture/compile/20001226-1.c -O0 (test for excess errors)
FAIL: tmpdir-gcc.dg-struct-layout-1/t001 c_compat_x_tst.o-c_compat_y_tst.o link
UNRESOLVED: tmpdir-gcc.dg-struct-layout-1/t001 c_compat_x_tst.o-c_compat_y_tst.o execute
FAIL: tmpdir-gcc.dg-struct-layout-1/t002 c_compat_x_tst.o-c_compat_y_tst.o link
UNRESOLVED: tmpdir-gcc.dg-struct-layout-1/t002 c_compat_x_tst.o-c_compat_y_tst.o execute
=== gcc Summary ===
# of expected passes 39721
# of unexpected failures 3
# of expected failures 112
# of unresolved testcases 2
# of untested testcases 28
# of unsupported tests 276
/scratch/gcc/nightly-2006-06-12-mainline/i686-pc-linux-gnu/build_gcc/install/bin/gcc version 4.2.0 20060612 (experimental)
=== libstdc++ tests ===
Running target unix
ERROR: tcl error sourcing /scratch/gcc/nightly-2006-06-12-mainline/src/gcc-mainline/libstdc++-v3/testsuite/libstdc++-abi/abi.exp.
ERROR: could not compile testsuite_allocator.cc
ERROR: tcl error sourcing /scratch/gcc/nightly-2006-06-12-mainline/src/gcc-mainline/libstdc++-v3/testsuite/libstdc++-dg/conformance.exp.
ERROR: could not compile testsuite_allocator.cc
=== libstdc++ Summary ===
Compiler version: 4.2.0 20060612 (experimental)
Platform: i686-pc-linux-gnu
configure flags: --disable-nls --build=i686-pc-linux-gnu --host=i686-pc-linux-gnu --target=i686-pc-linux-gnu --enable-languages=c,c++ --enable-shared --enable-threads --disable-libmudflap --disable-libssp --disable-libgomp --disable-libstdcxx-pch --with-gnu-as --with-gnu-ld --prefix=/opt/codesourcery --with-bugurl=http://gcc.gnu.org/bugs.html --with-build-time-tools=/scratch/gcc/nightly-2006-06-12-mainline/i686-pc-linux-gnu/build_gcc/install/i686-pc-linux-gnu/bin --with-build-time-tools=/scratch/gcc/nightly-2006-06-12-mainline/i686-pc-linux-gnu/build_gcc/install/i686-pc-linux-gnu/bin