This is the mail archive of the
gcc-testresults@gcc.gnu.org
mailing list for the GCC project.
Results for 4.2.0 20060605 (experimental) testsuite on sparc64-unknown-linux-gnu
- From: "Christian Joensson" <christian dot joensson at gmail dot com>
- To: gcc-testresults at gcc dot gnu dot org
- Date: Fri, 9 Jun 2006 21:36:12 +0200
- Subject: Results for 4.2.0 20060605 (experimental) testsuite on sparc64-unknown-linux-gnu
Aurora SPARC Linux release 2.1 (Snowshoe FC3)/TI UltraSparc IIi (Sabre) sun4u:
binutils 2.17.50 20060605
bison-1.875c-2.sparc
dejagnu-1.4.4-2.noarch
expect-5.42.1-1.sparc
gcc-3.4.2-6.fc3.sparc
gcc-c++-3.4.2-6.fc3.sparc
gcc-gnat-3.4.2-6.fc3.sparc
glibc-2.3.6-0.fc3.1.sparc64
glibc-2.3.6-0.fc3.1.sparcv9
glibc-devel-2.3.6-0.fc3.1.sparc64
glibc-devel-2.3.6-0.fc3.1.sparc
glibc-headers-2.3.6-0.fc3.1.sparc
glibc-kernheaders-2.6-20sparc.sparc
gmp-4.1.4-3sparc.sparc
gmp-4.1.4-3sparc.sparc64
gmp-devel-4.1.4-3sparc.sparc
gmp-devel-4.1.4-3sparc.sparc64
kernel-2.6.16-1.2241sp1.sparc64
kernel-devel-2.6.16-1.2241sp1.sparc64
libgcc-3.4.2-6.fc3.sparc
libgcc-3.4.2-6.fc3.sparc64
libgcj-3.4.2-6.fc3.sparc
libgcj-devel-3.4.2-6.fc3.sparc
libstdc++-3.4.2-6.fc3.sparc
libstdc++-3.4.2-6.fc3.sparc64
libstdc++-devel-3.4.2-6.fc3.sparc
libstdc++-devel-3.4.2-6.fc3.sparc64
make-3.80-5.sparc
nptl-devel-2.3.6-0.fc3.1.sparcv9
tcl-8.4.7-2.sparc
LAST_UPDATED: Thu Jun 8 11:12:49 UTC 2006 (revision 114484)
=== acats tests ===
FAIL: c35507m
FAIL: cd2a23e
FAIL: cxh1001
=== acats Summary ===
# of expected passes 2314
# of unexpected failures 3
Native configuration is sparc64-unknown-linux-gnu
=== gcc tests ===
Running target unix/-m64
=== gfortran tests ===
Running target unix/-m64
XPASS: gfortran.dg/vect/vect-5.f90 -O scan-tree-dump-times
vectorized 2 loops 1
=== gfortran Summary for unix/-m64 ===
# of expected passes 13279
# of unexpected successes 1
# of expected failures 16
# of unsupported tests 23
Running target unix
=== gfortran Summary for unix ===
# of expected passes 13153
# of expected failures 16
# of unsupported tests 87
=== gfortran Summary ===
# of expected passes 26432
# of unexpected successes 1
# of expected failures 32
# of unsupported tests 110
/usr/local/src/trunk/objdir/gcc/testsuite/gfortran/../../gfortran
version 4.2.0 20060605 (experimental)
=== g++ tests ===
Running target unix/-m64
FAIL: tmpdir-g++.dg-struct-layout-1/t026 cp_compat_x_tst.o compile
FAIL: tmpdir-g++.dg-struct-layout-1/t026 cp_compat_y_tst.o compile
UNRESOLVED: tmpdir-g++.dg-struct-layout-1/t026
cp_compat_x_tst.o-cp_compat_y_tst.o link
UNRESOLVED: tmpdir-g++.dg-struct-layout-1/t026
cp_compat_x_tst.o-cp_compat_y_tst.o execute
FAIL: g++.dg/other/unused1.C scan-assembler stringz?\\t"class2"
FAIL: g++.dg/other/unused1.C scan-assembler stringz?\\t"printer"
FAIL: g++.dg/tls/static-1.C execution test
=== g++ Summary for unix/-m64 ===
# of expected passes 12537
# of unexpected failures 5
# of expected failures 66
# of unresolved testcases 2
# of unsupported tests 110
Running target unix
FAIL: g++.dg/other/unused1.C scan-assembler stringz?\\t"class2"
FAIL: g++.dg/other/unused1.C scan-assembler stringz?\\t"printer"
=== g++ Summary for unix ===
# of expected passes 12574
# of unexpected failures 2
# of expected failures 66
# of unsupported tests 108
=== g++ Summary ===
# of expected passes 25111
# of unexpected failures 7
# of expected failures 132
# of unresolved testcases 2
# of unsupported tests 218
/usr/local/src/trunk/objdir/gcc/testsuite/g++/../../g++ version 4.2.0
20060605 (experimental)
=== obj-c++ tests ===
Running target unix/-m64
FAIL: obj-c++.dg/bitfield-1.mm (test for excess errors)
FAIL: obj-c++.dg/bitfield-4.mm (test for excess errors)
FAIL: obj-c++.dg/comp-types-10.mm (test for excess errors)
FAIL: obj-c++.dg/cxx-ivars-2.mm execution test
FAIL: obj-c++.dg/encode-3.mm (test for excess errors)
FAIL: obj-c++.dg/encode-3.mm execution test
FAIL: obj-c++.dg/encode-8.mm execution test
FAIL: obj-c++.dg/isa-field-1.mm (test for excess errors)
FAIL: obj-c++.dg/layout-1.mm (test for excess errors)
FAIL: obj-c++.dg/lookup-2.mm (test for excess errors)
WARNING: obj-c++.dg/lookup-2.mm compilation failed to produce executable
FAIL: obj-c++.dg/try-catch-2.mm (test for excess errors)
WARNING: obj-c++.dg/try-catch-2.mm compilation failed to produce executable
FAIL: obj-c++.dg/try-catch-9.mm (test for excess errors)
WARNING: obj-c++.dg/try-catch-9.mm compilation failed to produce executable
=== obj-c++ Summary for unix/-m64 ===
# of expected passes 421
# of unexpected failures 12
# of unsupported tests 13
Running target unix
FAIL: obj-c++.dg/comp-types-10.mm (test for excess errors)
FAIL: obj-c++.dg/cxx-ivars-2.mm execution test
FAIL: obj-c++.dg/encode-3.mm (test for excess errors)
FAIL: obj-c++.dg/encode-8.mm execution test
FAIL: obj-c++.dg/isa-field-1.mm (test for excess errors)
FAIL: obj-c++.dg/lookup-2.mm (test for excess errors)
WARNING: obj-c++.dg/lookup-2.mm compilation failed to produce executable
FAIL: obj-c++.dg/try-catch-2.mm (test for excess errors)
WARNING: obj-c++.dg/try-catch-2.mm compilation failed to produce executable
FAIL: obj-c++.dg/try-catch-9.mm (test for excess errors)
WARNING: obj-c++.dg/try-catch-9.mm compilation failed to produce executable
=== obj-c++ Summary for unix ===
# of expected passes 425
# of unexpected failures 8
# of unsupported tests 13
=== obj-c++ Summary ===
# of expected passes 846
# of unexpected failures 20
# of unsupported tests 26
/usr/local/src/trunk/objdir/gcc/testsuite/obj-c++/../../g++ version
4.2.0 20060605 (experimental)
=== objc tests ===
Running target unix/-m64
=== objc Summary for unix/-m64 ===
# of expected passes 1754
# of expected failures 7
# of unsupported tests 24
Running target unix
=== objc Summary for unix ===
# of expected passes 1754
# of expected failures 7
# of unsupported tests 24
=== objc Summary ===
# of expected passes 3508
# of expected failures 14
# of unsupported tests 48
/usr/local/src/trunk/objdir/gcc/xgcc version 4.2.0 20060605 (experimental)
=== treelang tests ===
Running target unix/-m64
=== treelang Summary for unix/-m64 ===
# of expected passes 50
Running target unix
=== treelang Summary for unix ===
# of expected passes 50
=== treelang Summary ===
# of expected passes 100
=== libffi tests ===
Running target unix/-m64
=== libffi Summary for unix/-m64 ===
# of expected passes 1072
# of unsupported tests 8
Running target unix
=== libffi Summary for unix ===
# of expected passes 1072
# of unsupported tests 8
=== libffi Summary ===
# of expected passes 2144
# of unsupported tests 16
=== libgomp tests ===
Running target unix/-m64
FAIL: libgomp.c/copyin-1.c execution test
FAIL: libgomp.c/copyin-2.c execution test
FAIL: libgomp.c++/copyin-1.C -O0 execution test
FAIL: libgomp.c++/copyin-1.C -O1 execution test
FAIL: libgomp.c++/copyin-1.C -O2 execution test
FAIL: libgomp.c++/copyin-1.C -O3 -fomit-frame-pointer execution test
FAIL: libgomp.c++/copyin-1.C -O3 -fomit-frame-pointer -funroll-loops
execution test
FAIL: libgomp.c++/copyin-1.C -O3 -fomit-frame-pointer
-funroll-all-loops -finline-functions execution test
FAIL: libgomp.c++/copyin-1.C -O3 -g execution test
FAIL: libgomp.c++/copyin-1.C -Os execution test
FAIL: libgomp.c++/copyin-2.C -O0 execution test
FAIL: libgomp.c++/copyin-2.C -O1 execution test
FAIL: libgomp.c++/copyin-2.C -O2 execution test
FAIL: libgomp.c++/copyin-2.C -O3 -fomit-frame-pointer execution test
FAIL: libgomp.c++/copyin-2.C -O3 -fomit-frame-pointer -funroll-loops
execution test
FAIL: libgomp.c++/copyin-2.C -O3 -fomit-frame-pointer
-funroll-all-loops -finline-functions execution test
FAIL: libgomp.c++/copyin-2.C -O3 -g execution test
FAIL: libgomp.c++/copyin-2.C -Os execution test
FAIL: libgomp.fortran/pr25162.f -O0 execution test
FAIL: libgomp.fortran/pr25162.f -O1 execution test
FAIL: libgomp.fortran/pr25162.f -O2 execution test
FAIL: libgomp.fortran/pr25162.f -O3 -fomit-frame-pointer execution test
FAIL: libgomp.fortran/pr25162.f -O3 -fomit-frame-pointer
-funroll-loops execution test
FAIL: libgomp.fortran/pr25162.f -O3 -fomit-frame-pointer
-funroll-all-loops -finline-functions execution test
FAIL: libgomp.fortran/pr25162.f -O3 -g execution test
FAIL: libgomp.fortran/pr25162.f -Os execution test
FAIL: libgomp.fortran/threadprivate2.f90 -O0 execution test
FAIL: libgomp.fortran/threadprivate2.f90 -O1 execution test
FAIL: libgomp.fortran/threadprivate2.f90 -O2 execution test
FAIL: libgomp.fortran/threadprivate2.f90 -O3 -fomit-frame-pointer
execution test
FAIL: libgomp.fortran/threadprivate2.f90 -O3 -fomit-frame-pointer
-funroll-loops execution test
FAIL: libgomp.fortran/threadprivate2.f90 -O3 -fomit-frame-pointer
-funroll-all-loops -finline-functions execution test
FAIL: libgomp.fortran/threadprivate2.f90 -O3 -g execution test
FAIL: libgomp.fortran/threadprivate2.f90 -Os execution test
FAIL: libgomp.fortran/threadprivate3.f90 -O0 execution test
FAIL: libgomp.fortran/threadprivate3.f90 -O1 execution test
FAIL: libgomp.fortran/threadprivate3.f90 -O2 execution test
FAIL: libgomp.fortran/threadprivate3.f90 -O3 -fomit-frame-pointer
execution test
FAIL: libgomp.fortran/threadprivate3.f90 -O3 -fomit-frame-pointer
-funroll-loops execution test
FAIL: libgomp.fortran/threadprivate3.f90 -O3 -fomit-frame-pointer
-funroll-all-loops -finline-functions execution test
FAIL: libgomp.fortran/threadprivate3.f90 -O3 -g execution test
FAIL: libgomp.fortran/threadprivate3.f90 -Os execution test
=== libgomp Summary for unix/-m64 ===
# of expected passes 1424
# of unexpected failures 42
Running target unix
=== libgomp Summary for unix ===
# of expected passes 1466
=== libgomp Summary ===
# of expected passes 2890
# of unexpected failures 42
=== libjava tests ===
Running target unix/-m64
FAIL: Array_3 execution - source compiled test
FAIL: Array_3 execution - gij test
FAIL: Array_3 execution - bytecode->native test
FAIL: Array_3 execution - gij test
FAIL: Array_3 -findirect-dispatch execution - bytecode->native test
FAIL: Array_3 -O3 execution - source compiled test
FAIL: Array_3 execution - gij test
FAIL: Array_3 -O3 execution - bytecode->native test
FAIL: Array_3 execution - gij test
FAIL: Array_3 -O3 -findirect-dispatch execution - bytecode->native test
FAIL: Invoke_1 execution - source compiled test
FAIL: Invoke_1 execution - bytecode->native test
FAIL: Invoke_1 -findirect-dispatch execution - bytecode->native test
FAIL: Invoke_1 -O3 execution - source compiled test
FAIL: Invoke_1 -O3 execution - bytecode->native test
FAIL: Invoke_1 -O3 -findirect-dispatch execution - bytecode->native test
FAIL: pr83 -findirect-dispatch execution - bytecode->native test
FAIL: pr83 -O3 -findirect-dispatch execution - bytecode->native test
=== libjava Summary for unix/-m64 ===
# of expected passes 6796
# of unexpected failures 18
# of expected failures 12
# of untested testcases 26
Running target unix
=== libjava Summary for unix ===
# of expected passes 6832
# of expected failures 12
# of untested testcases 8
=== libjava Summary ===
# of expected passes 13628
# of unexpected failures 18
# of expected failures 24
# of untested testcases 34
=== libmudflap tests ===
Running target unix/-m64
FAIL: libmudflap.c/pass54-frag.c execution test
FAIL: libmudflap.c/pass54-frag.c execution test
FAIL: libmudflap.c/pass54-frag.c (-static) execution test
FAIL: libmudflap.c/pass54-frag.c (-static) execution test
=== libmudflap Summary for unix/-m64 ===
# of expected passes 1810
# of unexpected failures 4
Running target unix
FAIL: libmudflap.c/pass54-frag.c execution test
FAIL: libmudflap.c/pass54-frag.c execution test
FAIL: libmudflap.c/pass54-frag.c (-static) execution test
FAIL: libmudflap.c/pass54-frag.c (-static) execution test
=== libmudflap Summary for unix ===
# of expected passes 1810
# of unexpected failures 4
=== libmudflap Summary ===
# of expected passes 3620
# of unexpected failures 8
=== libstdc++ tests ===
Running target unix/-m64
FAIL: 22_locale/locale/cons/12352.cc execution test
FAIL: 22_locale/locale/cons/12438.cc execution test
FAIL: 23_containers/list/modifiers/insert/25288.cc execution test
XPASS: 26_numerics/cmath/c99_classification_macros_c.cc (test for excess errors)
FAIL: 27_io/basic_filebuf/close/char/4879.cc execution test
FAIL: 27_io/basic_filebuf/close/char/9964.cc execution test
FAIL: 27_io/basic_filebuf/imbue/char/13171-2.cc execution test
FAIL: 27_io/basic_filebuf/imbue/wchar_t/14975-2.cc execution test
FAIL: 27_io/basic_filebuf/seekoff/char/26777.cc execution test
FAIL: 27_io/basic_filebuf/underflow/char/10097.cc execution test
XPASS: 27_io/fpos/14320-1.cc execution test
FAIL: 27_io/objects/char/7.cc execution test
FAIL: 27_io/objects/char/9661-1.cc execution test
FAIL: 27_io/objects/wchar_t/7.cc execution test
FAIL: 27_io/objects/wchar_t/9661-1.cc execution test
FAIL: tr1/5_numerical_facilies/random/discard_block/requirements/requirements.cc
(test for excess errors)
FAIL: tr1/5_numerical_facilies/random/linear_congruential/cons/default.cc
(test for excess errors)
WARNING: tr1/5_numerical_facilies/random/linear_congruential/cons/default.cc
compilation failed to produce executable
FAIL: tr1/5_numerical_facilies/random/linear_congruential/cons/gen1.cc
(test for excess errors)
WARNING: tr1/5_numerical_facilies/random/linear_congruential/cons/gen1.cc
compilation failed to produce executable
FAIL: tr1/5_numerical_facilies/random/linear_congruential/cons/seed1.cc
(test for excess errors)
WARNING: tr1/5_numerical_facilies/random/linear_congruential/cons/seed1.cc
compilation failed to produce executable
FAIL: tr1/5_numerical_facilies/random/linear_congruential/cons/seed2.cc
(test for excess errors)
WARNING: tr1/5_numerical_facilies/random/linear_congruential/cons/seed2.cc
compilation failed to produce executable
FAIL: tr1/5_numerical_facilies/random/linear_congruential/operators/equal.cc
(test for excess errors)
WARNING: tr1/5_numerical_facilies/random/linear_congruential/operators/equal.cc
compilation failed to produce executable
FAIL: tr1/5_numerical_facilies/random/linear_congruential/operators/not_equal.cc
(test for excess errors)
WARNING: tr1/5_numerical_facilies/random/linear_congruential/operators/not_equal.cc
compilation failed to produce executable
FAIL: tr1/5_numerical_facilies/random/linear_congruential/operators/serialize.cc
(test for excess errors)
WARNING: tr1/5_numerical_facilies/random/linear_congruential/operators/serialize.cc
compilation failed to produce executable
FAIL: tr1/5_numerical_facilies/random/linear_congruential/requirements/non_uint_neg.cc
(test for errors, line 37)
FAIL: tr1/5_numerical_facilies/random/linear_congruential/requirements/non_uint_neg.cc
(test for errors, line 37)
FAIL: tr1/5_numerical_facilies/random/linear_congruential/requirements/non_uint_neg.cc
(test for excess errors)
FAIL: tr1/5_numerical_facilies/random/linear_congruential/requirements/typedefs.cc
(test for excess errors)
FAIL: tr1/5_numerical_facilies/random/mersenne_twister/cons/default.cc
(test for excess errors)
WARNING: tr1/5_numerical_facilies/random/mersenne_twister/cons/default.cc
compilation failed to produce executable
FAIL: tr1/5_numerical_facilies/random/mersenne_twister/cons/gen1.cc
(test for excess errors)
WARNING: tr1/5_numerical_facilies/random/mersenne_twister/cons/gen1.cc
compilation failed to produce executable
FAIL: tr1/5_numerical_facilies/random/mersenne_twister/cons/seed1.cc
(test for excess errors)
WARNING: tr1/5_numerical_facilies/random/mersenne_twister/cons/seed1.cc
compilation failed to produce executable
FAIL: tr1/5_numerical_facilies/random/mersenne_twister/cons/seed2.cc
(test for excess errors)
WARNING: tr1/5_numerical_facilies/random/mersenne_twister/cons/seed2.cc
compilation failed to produce executable
FAIL: tr1/5_numerical_facilies/random/mersenne_twister/requirements/typedefs.cc
(test for excess errors)
FAIL: tr1/5_numerical_facilies/random/minstd_rand.cc (test for excess errors)
WARNING: tr1/5_numerical_facilies/random/minstd_rand.cc compilation
failed to produce executable
FAIL: tr1/5_numerical_facilies/random/minstd_rand0.cc (test for excess errors)
WARNING: tr1/5_numerical_facilies/random/minstd_rand0.cc compilation
failed to produce executable
FAIL: tr1/5_numerical_facilies/random/mt19937.cc (test for excess errors)
WARNING: tr1/5_numerical_facilies/random/mt19937.cc compilation failed
to produce executable
FAIL: tr1/5_numerical_facilies/random/ranlux3.cc (test for excess errors)
WARNING: tr1/5_numerical_facilies/random/ranlux3.cc compilation failed
to produce executable
FAIL: tr1/5_numerical_facilies/random/ranlux4.cc (test for excess errors)
WARNING: tr1/5_numerical_facilies/random/ranlux4.cc compilation failed
to produce executable
FAIL: tr1/5_numerical_facilies/random/subtract_with_carry/cons/default.cc
(test for excess errors)
WARNING: tr1/5_numerical_facilies/random/subtract_with_carry/cons/default.cc
compilation failed to produce executable
FAIL: tr1/5_numerical_facilies/random/subtract_with_carry/cons/gen1.cc
(test for excess errors)
WARNING: tr1/5_numerical_facilies/random/subtract_with_carry/cons/gen1.cc
compilation failed to produce executable
FAIL: tr1/5_numerical_facilies/random/subtract_with_carry/cons/seed1.cc
(test for excess errors)
WARNING: tr1/5_numerical_facilies/random/subtract_with_carry/cons/seed1.cc
compilation failed to produce executable
FAIL: tr1/5_numerical_facilies/random/subtract_with_carry/cons/seed2.cc
(test for excess errors)
WARNING: tr1/5_numerical_facilies/random/subtract_with_carry/cons/seed2.cc
compilation failed to produce executable
FAIL: tr1/5_numerical_facilies/random/subtract_with_carry/operators/equal.cc
(test for excess errors)
WARNING: tr1/5_numerical_facilies/random/subtract_with_carry/operators/equal.cc
compilation failed to produce executable
FAIL: tr1/5_numerical_facilies/random/subtract_with_carry/operators/not_equal.cc
(test for excess errors)
WARNING: tr1/5_numerical_facilies/random/subtract_with_carry/operators/not_equal.cc
compilation failed to produce executable
FAIL: tr1/5_numerical_facilies/random/subtract_with_carry/operators/serialize.cc
(test for excess errors)
WARNING: tr1/5_numerical_facilies/random/subtract_with_carry/operators/serialize.cc
compilation failed to produce executable
FAIL: tr1/5_numerical_facilies/random/subtract_with_carry/requirements/typedefs.cc
(test for excess errors)
FAIL: tr1/5_numerical_facilies/random/uniform_int/cons/default.cc
(test for excess errors)
WARNING: tr1/5_numerical_facilies/random/uniform_int/cons/default.cc
compilation failed to produce executable
FAIL: tr1/5_numerical_facilies/random/uniform_int/cons/range.cc (test
for excess errors)
WARNING: tr1/5_numerical_facilies/random/uniform_int/cons/range.cc
compilation failed to produce executable
FAIL: tr1/5_numerical_facilies/random/uniform_int/cons/range_neg.cc
(test for excess errors)
WARNING: tr1/5_numerical_facilies/random/uniform_int/cons/range_neg.cc
compilation failed to produce executable
FAIL: tr1/5_numerical_facilies/random/uniform_int/requirements/typedefs.cc
(test for excess errors)
FAIL: tr1/5_numerical_facilies/random/uniform_real/requirements/typedefs.cc
(test for excess errors)
FAIL: tr1/5_numerical_facilies/random/variate_generator/requirements/typedefs.cc
(test for excess errors)
FAIL: tr1/5_numerical_facilies/random/xor_combine/requirements/typedefs.cc
(test for excess errors)
FAIL: tr1/headers.cc (test for excess errors)
=== libstdc++ Summary for unix/-m64 ===
# of expected passes 4156
# of unexpected failures 51
# of unexpected successes 2
# of expected failures 11
# of unsupported tests 4
Running target unix
XPASS: 26_numerics/cmath/c99_classification_macros_c.cc (test for excess errors)
FAIL: tr1/5_numerical_facilies/random/discard_block/requirements/requirements.cc
(test for excess errors)
FAIL: tr1/5_numerical_facilies/random/linear_congruential/cons/default.cc
(test for excess errors)
WARNING: tr1/5_numerical_facilies/random/linear_congruential/cons/default.cc
compilation failed to produce executable
FAIL: tr1/5_numerical_facilies/random/linear_congruential/cons/gen1.cc
(test for excess errors)
WARNING: tr1/5_numerical_facilies/random/linear_congruential/cons/gen1.cc
compilation failed to produce executable
FAIL: tr1/5_numerical_facilies/random/linear_congruential/cons/seed1.cc
(test for excess errors)
WARNING: tr1/5_numerical_facilies/random/linear_congruential/cons/seed1.cc
compilation failed to produce executable
FAIL: tr1/5_numerical_facilies/random/linear_congruential/cons/seed2.cc
(test for excess errors)
WARNING: tr1/5_numerical_facilies/random/linear_congruential/cons/seed2.cc
compilation failed to produce executable
FAIL: tr1/5_numerical_facilies/random/linear_congruential/operators/equal.cc
(test for excess errors)
WARNING: tr1/5_numerical_facilies/random/linear_congruential/operators/equal.cc
compilation failed to produce executable
FAIL: tr1/5_numerical_facilies/random/linear_congruential/operators/not_equal.cc
(test for excess errors)
WARNING: tr1/5_numerical_facilies/random/linear_congruential/operators/not_equal.cc
compilation failed to produce executable
FAIL: tr1/5_numerical_facilies/random/linear_congruential/operators/serialize.cc
(test for excess errors)
WARNING: tr1/5_numerical_facilies/random/linear_congruential/operators/serialize.cc
compilation failed to produce executable
FAIL: tr1/5_numerical_facilies/random/linear_congruential/requirements/non_uint_neg.cc
(test for errors, line 37)
FAIL: tr1/5_numerical_facilies/random/linear_congruential/requirements/non_uint_neg.cc
(test for errors, line 37)
FAIL: tr1/5_numerical_facilies/random/linear_congruential/requirements/non_uint_neg.cc
(test for excess errors)
FAIL: tr1/5_numerical_facilies/random/linear_congruential/requirements/typedefs.cc
(test for excess errors)
FAIL: tr1/5_numerical_facilies/random/mersenne_twister/cons/default.cc
(test for excess errors)
WARNING: tr1/5_numerical_facilies/random/mersenne_twister/cons/default.cc
compilation failed to produce executable
FAIL: tr1/5_numerical_facilies/random/mersenne_twister/cons/gen1.cc
(test for excess errors)
WARNING: tr1/5_numerical_facilies/random/mersenne_twister/cons/gen1.cc
compilation failed to produce executable
FAIL: tr1/5_numerical_facilies/random/mersenne_twister/cons/seed1.cc
(test for excess errors)
WARNING: tr1/5_numerical_facilies/random/mersenne_twister/cons/seed1.cc
compilation failed to produce executable
FAIL: tr1/5_numerical_facilies/random/mersenne_twister/cons/seed2.cc
(test for excess errors)
WARNING: tr1/5_numerical_facilies/random/mersenne_twister/cons/seed2.cc
compilation failed to produce executable
FAIL: tr1/5_numerical_facilies/random/mersenne_twister/requirements/typedefs.cc
(test for excess errors)
FAIL: tr1/5_numerical_facilies/random/minstd_rand.cc (test for excess errors)
WARNING: tr1/5_numerical_facilies/random/minstd_rand.cc compilation
failed to produce executable
FAIL: tr1/5_numerical_facilies/random/minstd_rand0.cc (test for excess errors)
WARNING: tr1/5_numerical_facilies/random/minstd_rand0.cc compilation
failed to produce executable
FAIL: tr1/5_numerical_facilies/random/mt19937.cc (test for excess errors)
WARNING: tr1/5_numerical_facilies/random/mt19937.cc compilation failed
to produce executable
FAIL: tr1/5_numerical_facilies/random/ranlux3.cc (test for excess errors)
WARNING: tr1/5_numerical_facilies/random/ranlux3.cc compilation failed
to produce executable
FAIL: tr1/5_numerical_facilies/random/ranlux4.cc (test for excess errors)
WARNING: tr1/5_numerical_facilies/random/ranlux4.cc compilation failed
to produce executable
FAIL: tr1/5_numerical_facilies/random/subtract_with_carry/cons/default.cc
(test for excess errors)
WARNING: tr1/5_numerical_facilies/random/subtract_with_carry/cons/default.cc
compilation failed to produce executable
FAIL: tr1/5_numerical_facilies/random/subtract_with_carry/cons/gen1.cc
(test for excess errors)
WARNING: tr1/5_numerical_facilies/random/subtract_with_carry/cons/gen1.cc
compilation failed to produce executable
FAIL: tr1/5_numerical_facilies/random/subtract_with_carry/cons/seed1.cc
(test for excess errors)
WARNING: tr1/5_numerical_facilies/random/subtract_with_carry/cons/seed1.cc
compilation failed to produce executable
FAIL: tr1/5_numerical_facilies/random/subtract_with_carry/cons/seed2.cc
(test for excess errors)
WARNING: tr1/5_numerical_facilies/random/subtract_with_carry/cons/seed2.cc
compilation failed to produce executable
FAIL: tr1/5_numerical_facilies/random/subtract_with_carry/operators/equal.cc
(test for excess errors)
WARNING: tr1/5_numerical_facilies/random/subtract_with_carry/operators/equal.cc
compilation failed to produce executable
FAIL: tr1/5_numerical_facilies/random/subtract_with_carry/operators/not_equal.cc
(test for excess errors)
WARNING: tr1/5_numerical_facilies/random/subtract_with_carry/operators/not_equal.cc
compilation failed to produce executable
FAIL: tr1/5_numerical_facilies/random/subtract_with_carry/operators/serialize.cc
(test for excess errors)
WARNING: tr1/5_numerical_facilies/random/subtract_with_carry/operators/serialize.cc
compilation failed to produce executable
FAIL: tr1/5_numerical_facilies/random/subtract_with_carry/requirements/typedefs.cc
(test for excess errors)
FAIL: tr1/5_numerical_facilies/random/uniform_int/cons/default.cc
(test for excess errors)
WARNING: tr1/5_numerical_facilies/random/uniform_int/cons/default.cc
compilation failed to produce executable
FAIL: tr1/5_numerical_facilies/random/uniform_int/cons/range.cc (test
for excess errors)
WARNING: tr1/5_numerical_facilies/random/uniform_int/cons/range.cc
compilation failed to produce executable
FAIL: tr1/5_numerical_facilies/random/uniform_int/cons/range_neg.cc
(test for excess errors)
WARNING: tr1/5_numerical_facilies/random/uniform_int/cons/range_neg.cc
compilation failed to produce executable
FAIL: tr1/5_numerical_facilies/random/uniform_int/requirements/typedefs.cc
(test for excess errors)
FAIL: tr1/5_numerical_facilies/random/uniform_real/requirements/typedefs.cc
(test for excess errors)
FAIL: tr1/5_numerical_facilies/random/variate_generator/requirements/typedefs.cc
(test for excess errors)
FAIL: tr1/5_numerical_facilies/random/xor_combine/requirements/typedefs.cc
(test for excess errors)
FAIL: tr1/headers.cc (test for excess errors)
=== libstdc++ Summary for unix ===
# of expected passes 4169
# of unexpected failures 38
# of unexpected successes 1
# of expected failures 12
# of unsupported tests 4
=== libstdc++ Summary ===
# of expected passes 8325
# of unexpected failures 89
# of unexpected successes 3
# of expected failures 23
# of unsupported tests 8
Compiler version: 4.2.0 20060605 (experimental)
Platform: sparc64-unknown-linux-gnu
configure flags: --enable-__cxa_atexit --enable-shared --with-cpu=v7
--enable-languages=c,ada,c++,fortran,java,objc,obj-c++,treelang