This is the mail archive of the
gcc-testresults@gcc.gnu.org
mailing list for the GCC project.
Results for 4.1.1 testsuite on hppa2.0w-hp-hpux11.00
- From: Joe Buck <Joe dot Buck at synopsys dot COM>
- To: gcc-testresults at gcc dot gnu dot org
- Date: Fri, 2 Jun 2006 14:56:14 -0700
- Subject: Results for 4.1.1 testsuite on hppa2.0w-hp-hpux11.00
This is an HP 9000/785 (2 processors, 550 MHz, 1GB)
Bootstrapped with HP's C compiler
as is from binutils-2.15 (FSF)
C, C++, and Objective-C were built.
LAST_UPDATED: Obtained from SVN: tags/gcc_4_1_1_release revision 114100
Native configuration is hppa2.0w-hp-hpux11.00
=== g++ tests ===
Running target unix
WARNING: Could not compile g++.dg/compat/struct-layout-1 generator
FAIL: g++.dg/opt/pr15551.C (test for excess errors)
WARNING: g++.dg/opt/pr15551.C compilation failed to produce executable
XPASS: g++.dg/tree-ssa/pr14814.C scan-tree-dump-times &this 0
=== g++ Summary ===
# of expected passes 11481
# of unexpected failures 1
# of unexpected successes 1
# of expected failures 67
# of unsupported tests 152
/remote/atg2/jbuck/hpux.tmp/411/gcc/testsuite/g++/../../g++ version 4.1.1
=== gcc tests ===
Running target unix
FAIL: gcc.c-torture/compile/pr20928.c -O1 (test for excess errors)
FAIL: gcc.c-torture/compile/pr20928.c -Os (test for excess errors)
WARNING: Could not compile gcc.dg/compat/struct-layout-1 generator
=== gcc Summary ===
# of expected passes 36438
# of unexpected failures 2
# of expected failures 78
# of untested testcases 28
# of unsupported tests 421
/remote/atg2/jbuck/hpux.tmp/411/gcc/xgcc version 4.1.1
=== objc tests ===
Running target unix
=== objc Summary ===
# of expected passes 1684
# of unsupported tests 23
/remote/atg2/jbuck/hpux.tmp/411/gcc/xgcc version 4.1.1
=== libstdc++ tests ===
Running target unix
=== libstdc++ Summary ===
# of expected passes 2622
# of expected failures 10
# of unsupported tests 145
Compiler version: 4.1.1
Platform: hppa2.0w-hp-hpux11.00
configure flags: --prefix=/u/jbuck/cvs.hp/4.1.1 --with-gnu-as --with-as=/u/jbuck/gnu.hp/bin/as --enable-languages=c,c++,objc