This is the mail archive of the
gcc-testresults@gcc.gnu.org
mailing list for the GCC project.
Results for 4.2.0 20060601 (experimental) testsuite on m32r-unknown-linux-gnu
- From: Kaz Kojima <kkojima at rr dot iij4u dot or dot jp>
- To: gcc-testresults at gcc dot gnu dot org
- Date: Thu, 1 Jun 2006 22:44:03 +0900 (JST)
- Subject: Results for 4.2.0 20060601 (experimental) testsuite on m32r-unknown-linux-gnu
Remote host: 2.6.12-rc2-mm2 m32r
GNU C Library version 2.3.3
LAST_UPDATED: Thu Jun 1 00:45:35 UTC 2006 (revision 114291)
Target is m32r-unknown-linux-gnu
Host is i686-pc-linux-gnu
=== g++ tests ===
Running target unix
WARNING: Assuming target board is the local machine (which is probably wrong).
FAIL: g++.dg/tree-ssa/ivopts-1.C scan-tree-dump-not offset: -4B
FAIL: g++.dg/tree-ssa/ivopts-1.C scan-tree-dump-not &x\\[5\\]
FAIL: g++.old-deja/g++.jason/thunk3.C (test for excess errors)
WARNING: g++.old-deja/g++.jason/thunk3.C compilation failed to produce executable
=== g++ Summary ===
# of expected passes 12452
# of unexpected failures 3
# of expected failures 66
# of unsupported tests 131
/exp/mappi2root/dodes/xm32r-gcc-orig/gcc/testsuite/g++/../../g++ version 4.2.0 20060601 (experimental)
Host is i686-pc-linux-gnu
=== gcc tests ===
Running target unix
WARNING: Assuming target board is the local machine (which is probably wrong).
XPASS: gcc.c-torture/execute/981130-1.c execution, -O0
XPASS: gcc.c-torture/execute/981130-1.c execution, -O1
XPASS: gcc.c-torture/execute/981130-1.c execution, -O2
XPASS: gcc.c-torture/execute/981130-1.c execution, -Os
FAIL: gcc.dg/20040123-1.c scan-assembler abort
FAIL: gcc.dg/fold-cond-1.c scan-tree-dump-times \\(g \\| h\\) != 0 1
XPASS: gcc.dg/tree-ssa/20040204-1.c scan-tree-dump-times link_error 0
FAIL: compiler driver --coverage option(s) (assembler options)
=== gcc Summary ===
# of expected passes 38199
# of unexpected failures 3
# of unexpected successes 5
# of expected failures 80
# of untested testcases 28
# of unsupported tests 402
/exp/mappi2root/dodes/xm32r-gcc-orig/gcc/xgcc version 4.2.0 20060601 (experimental)
Host is m32r-unknown-linux-gnu
=== libmudflap tests ===
Running target unix
WARNING: Assuming target board is the local machine (which is probably wrong).
FAIL: libmudflap.c/heap-scalestress.c execution test
FAIL: libmudflap.c/heap-scalestress.c output pattern test
FAIL: libmudflap.c/pass-stratcliff.c execution test
FAIL: libmudflap.c/pass-stratcliff.c (-static) execution test
FAIL: libmudflap.c/heap-scalestress.c (-O2) execution test
FAIL: libmudflap.c/heap-scalestress.c (-O2) output pattern test
FAIL: libmudflap.c/pass-stratcliff.c (-O2) execution test
FAIL: libmudflap.c/heap-scalestress.c (-O3) execution test
FAIL: libmudflap.c/heap-scalestress.c (-O3) output pattern test
FAIL: libmudflap.c/pass-stratcliff.c (-O3) execution test
=== libmudflap Summary ===
# of expected passes 1804
# of unexpected failures 10
Host is m32r-unknown-linux-gnu
=== libstdc++ tests ===
Running target unix
WARNING: Assuming target board is the local machine (which is probably wrong).
FAIL: 21_strings/basic_string/capacity/wchar_t/18654.cc execution test
FAIL: 21_strings/basic_string/cons/char/1.cc execution test
FAIL: 21_strings/basic_string/cons/wchar_t/1.cc execution test
FAIL: 21_strings/basic_string/insert/char/1.cc execution test
FAIL: 21_strings/basic_string/insert/wchar_t/1.cc execution test
FAIL: 23_containers/set/modifiers/16728.cc execution test
FAIL: 25_algorithms/equal_range/1.cc execution test
FAIL: 25_algorithms/min_element/1.cc execution test
FAIL: 25_algorithms/next_permutation/1.cc execution test
XPASS: 26_numerics/cmath/c99_classification_macros_c.cc (test for excess errors)
FAIL: 27_io/basic_stringbuf/overflow/char/1.cc execution test
FAIL: 27_io/basic_stringbuf/overflow/wchar_t/1.cc execution test
=== libstdc++ Summary ===
# of expected passes 3522
# of unexpected failures 11
# of unexpected successes 1
# of expected failures 12
# of unsupported tests 321
Compiler version: 4.2.0 20060601 (experimental)
Platform: m32r-unknown-linux-gnu
configure flags: --host=i686-pc-linux-gnu --target=m32r-linux --prefix=/usr/local/m32r-linux-3.4 --with-as=/exp/mappi2root/dodes/xm32r-src/gas/as-new --with-ld=/exp/mappi2root/dodes/xm32r-src/ld/ld-new --with-sysroot=/exp/mappi2root --disable-libgomp --e
nable-languages=c,c++