This is the mail archive of the
gcc-testresults@gcc.gnu.org
mailing list for the GCC project.
Results for 4.1.1 20060517 (prelease) testsuite on sparc64-unknown-linux-gnu (Debian)
- From: Martin Michlmayr <tbm at cyrius dot com>
- To: gcc-testresults at gcc dot gnu dot org
- Date: Sat, 20 May 2006 10:23:02 +0200
- Subject: Results for 4.1.1 20060517 (prelease) testsuite on sparc64-unknown-linux-gnu (Debian)
LAST_UPDATED: Obtained from SVN: branches/gcc-4_1-branch revision 113871
Native configuration is sparc64-unknown-linux-gnu
=== gcc tests ===
Schedule of variations:
unix
FAIL: gcc.dg/tls/opt-11.c execution test
FAIL: gcc.dg/tls/pr24428-2.c execution test
FAIL: gcc.dg/tls/pr24428.c execution test
XPASS: gcc.dg/vect/pr20122.c scan-tree-dump-times vectorized 1 loops 2
XPASS: gcc.dg/vect/vect-105.c scan-tree-dump-times vectorized 1 loops 1
XPASS: gcc.dg/vect/vect-75.c scan-tree-dump-times vectorized 1 loops 1
FAIL: gcc.misc-tests/linkage.c link
=== gcc Summary ===
# of expected passes 37603
# of unexpected failures 4
# of unexpected successes 3
# of expected failures 108
# of untested testcases 28
# of unsupported tests 364
=== g++ tests ===
Schedule of variations:
unix
XPASS: g++.dg/tree-ssa/pr14814.C scan-tree-dump-times &this 0
FAIL: g++.dg/tls/static-1.C execution test
=== g++ Summary ===
# of expected passes 11987
# of unexpected failures 1
# of unexpected successes 1
# of expected failures 67
# of unsupported tests 107
=== gfortran tests ===
Schedule of variations:
unix
FAIL: gfortran.dg/transfer_array_intrinsic_2.f90 -O0 execution test
FAIL: gfortran.dg/transfer_array_intrinsic_2.f90 -O1 execution test
FAIL: gfortran.dg/transfer_array_intrinsic_2.f90 -O2 execution test
FAIL: gfortran.dg/transfer_array_intrinsic_2.f90 -O3 -fomit-frame-pointer execution test
FAIL: gfortran.dg/transfer_array_intrinsic_2.f90 -O3 -fomit-frame-pointer -funroll-loops execution test
FAIL: gfortran.dg/transfer_array_intrinsic_2.f90 -O3 -fomit-frame-pointer -funroll-all-loops -finline-functions execution test
FAIL: gfortran.dg/transfer_array_intrinsic_2.f90 -O3 -g execution test
FAIL: gfortran.dg/transfer_array_intrinsic_2.f90 -Os execution test
=== gfortran Summary ===
# of expected passes 12477
# of unexpected failures 8
# of expected failures 15
# of unsupported tests 23
=== objc tests ===
Schedule of variations:
unix
=== objc Summary ===
# of expected passes 1686
# of unsupported tests 22
=== libstdc++ tests ===
Schedule of variations:
unix
FAIL: abi_check
XPASS: 26_numerics/cmath/c99_classification_macros_c.cc (test for excess errors)
FAIL: 27_io/basic_filebuf/close/char/4879.cc execution test
FAIL: 27_io/basic_filebuf/close/char/9964.cc execution test
FAIL: 27_io/basic_filebuf/seekoff/char/26777.cc execution test
FAIL: 27_io/basic_filebuf/underflow/char/10097.cc execution test
XPASS: 27_io/fpos/14320-1.cc execution test
FAIL: 27_io/objects/char/7.cc execution test
FAIL: 27_io/objects/char/9661-1.cc execution test
FAIL: 27_io/objects/wchar_t/7.cc execution test
FAIL: 27_io/objects/wchar_t/9661-1.cc execution test
=== libstdc++ Summary ===
# of expected passes 3395
# of unexpected failures 9
# of unexpected successes 2
# of expected failures 11
# of unsupported tests 319
=== libmudflap tests ===
Schedule of variations:
unix
FAIL: libmudflap.c/pass54-frag.c execution test
FAIL: libmudflap.c/pass54-frag.c execution test
FAIL: libmudflap.c/pass54-frag.c (-static) execution test
FAIL: libmudflap.c/pass54-frag.c (-static) execution test
=== libmudflap Summary ===
# of expected passes 1795
# of unexpected failures 4
=== libffi tests ===
Schedule of variations:
unix
=== libffi Summary ===
# of expected passes 228
# of unsupported tests 2
=== libjava tests ===
Schedule of variations:
unix
FAIL: Array_3 execution - source compiled test
FAIL: Array_3 execution - gij test
FAIL: Array_3 execution - bytecode->native test
FAIL: Array_3 -O3 execution - source compiled test
FAIL: Array_3 execution - gij test
FAIL: Array_3 -O3 execution - bytecode->native test
FAIL: Invoke_1 execution - source compiled test
FAIL: Invoke_1 execution - bytecode->native test
FAIL: Invoke_1 -O3 execution - source compiled test
FAIL: Invoke_1 -O3 execution - bytecode->native test
FAIL: PR218 execution - gij test
FAIL: PR218 execution - gij test
FAIL: /home/tbm/src/gcc-41-rc1/build/sparc64-unknown-linux-gnu/libjava/testsuite/TestLeak.exe output - /home/tbm/src/gcc-41-rc1/build/sparc64-unknown-linux-gnu/libjava/testsuite/TestLeak.exe
=== libjava Summary ===
# of expected passes 4028
# of unexpected failures 13
# of expected failures 10
# of untested testcases 20
Environment:
gcc version 4.0.4 20060507 (prerelease) (Debian 4.0.3-3)
binutils 2.16.91 20060413 Debian GNU/Linux
Linux 2.4.27-3-sparc64-smp sparc64
libc6 2.3.6-7
Compiler configuration:
Using built-in specs.
Target: sparc64-unknown-linux-gnu
Configured with: ../gcc-4.1.1-20060517/configure
Thread model: posix
gcc version 4.1.1 20060517 (prerelease)
--
Martin Michlmayr
http://www.cyrius.com/