This is the mail archive of the
gcc-testresults@gcc.gnu.org
mailing list for the GCC project.
Results for 4.1.1 20060517 (prerelease) testsuite on sparc-unknown-linux-gnu
- From: "David S. Miller" <davem at sunset dot davemloft dot net>
- To: gcc-testresults at gcc dot gnu dot org
- Date: Fri, 19 May 2006 23:27:16 -0700
- Subject: Results for 4.1.1 20060517 (prerelease) testsuite on sparc-unknown-linux-gnu
LAST_UPDATED: Obtained from SVN: branches/gcc-4_1-branch revision 113871
Native configuration is sparc-unknown-linux-gnu
=== g++ tests ===
Running target unix
XPASS: g++.dg/tree-ssa/pr14814.C scan-tree-dump-times &this 0
=== g++ Summary ===
# of expected passes 12022
# of unexpected successes 1
# of expected failures 67
# of unsupported tests 104
/home/davem/src/GCC/4.1.1-RC1/build-sparc-linux/gcc/testsuite/g++/../../g++ version 4.1.1 20060517 (prerelease)
=== gcc tests ===
Running target unix
XPASS: gcc.dg/vect/pr20122.c scan-tree-dump-times vectorized 1 loops 2
XPASS: gcc.dg/vect/vect-105.c scan-tree-dump-times vectorized 1 loops 1
XPASS: gcc.dg/vect/vect-75.c scan-tree-dump-times vectorized 1 loops 1
=== gcc Summary ===
# of expected passes 37619
# of unexpected successes 3
# of expected failures 108
# of untested testcases 28
# of unsupported tests 356
/home/davem/src/GCC/4.1.1-RC1/build-sparc-linux/gcc/xgcc version 4.1.1 20060517 (prerelease)
=== gfortran tests ===
Running target unix
FAIL: gfortran.dg/transfer_array_intrinsic_2.f90 -O0 execution test
FAIL: gfortran.dg/transfer_array_intrinsic_2.f90 -O1 execution test
FAIL: gfortran.dg/transfer_array_intrinsic_2.f90 -O2 execution test
FAIL: gfortran.dg/transfer_array_intrinsic_2.f90 -O3 -fomit-frame-pointer execution test
FAIL: gfortran.dg/transfer_array_intrinsic_2.f90 -O3 -fomit-frame-pointer -funroll-loops execution test
FAIL: gfortran.dg/transfer_array_intrinsic_2.f90 -O3 -fomit-frame-pointer -funroll-all-loops -finline-functions execution test
FAIL: gfortran.dg/transfer_array_intrinsic_2.f90 -O3 -g execution test
=== gfortran Summary ===
# of expected passes 12352
# of unexpected failures 7
# of expected failures 14
# of unsupported tests 87
/home/davem/src/GCC/4.1.1-RC1/build-sparc-linux/gcc/testsuite/gfortran/../../gfortran version 4.1.1 20060517 (prerelease)
=== objc tests ===
Running target unix
=== objc Summary ===
# of expected passes 1686
# of unsupported tests 22
/home/davem/src/GCC/4.1.1-RC1/build-sparc-linux/gcc/xgcc version 4.1.1 20060517 (prerelease)
=== libffi tests ===
Running target unix
=== libffi Summary ===
# of expected passes 228
# of unsupported tests 2
=== libjava tests ===
Running target unix
=== libjava Summary ===
# of expected passes 4053
# of expected failures 10
# of untested testcases 8
=== libmudflap tests ===
Running target unix
FAIL: libmudflap.c/pass54-frag.c execution test
FAIL: libmudflap.c/pass54-frag.c execution test
FAIL: libmudflap.c/pass54-frag.c (-static) execution test
FAIL: libmudflap.c/pass54-frag.c (-static) execution test
=== libmudflap Summary ===
# of expected passes 1795
# of unexpected failures 4
=== libstdc++ tests ===
Running target unix
XPASS: 26_numerics/cmath/c99_classification_macros_c.cc (test for excess errors)
=== libstdc++ Summary ===
# of expected passes 3404
# of unexpected successes 1
# of expected failures 12
# of unsupported tests 319
Compiler version: 4.1.1 20060517 (prerelease)
Platform: sparc-unknown-linux-gnu
configure flags: --prefix=/usr/local --enable-languages=c,c++,fortran,java,objc