This is the mail archive of the
gcc-testresults@gcc.gnu.org
mailing list for the GCC project.
Results for 4.2.0 20060519 (experimental) testsuite on hppa2.0w-hp-hpux11.11
- From: Andreas Tobler <toa at pop dot agri dot ch>
- To: gcc-testresults at gcc dot gnu dot org
- Date: Fri, 19 May 2006 23:48:00 +0200
- Subject: Results for 4.2.0 20060519 (experimental) testsuite on hppa2.0w-hp-hpux11.11
LAST_UPDATED: Fri May 19 05:46:23 UTC 2006 (revision 113902M)
Native configuration is hppa2.0w-hp-hpux11.11
=== g++ tests ===
Running target unix
FAIL: g++.dg/eh/spbp.C (test for excess errors)
WARNING: g++.dg/eh/spbp.C compilation failed to produce executable
FAIL: g++.dg/other/unused1.C scan-assembler string\\t"class2"
FAIL: g++.dg/other/unused1.C scan-assembler string\\t"printer"
FAIL: g++.dg/tree-ssa/ivopts-1.C scan-tree-dump-not offset: -4B
FAIL: g++.dg/tree-ssa/ivopts-1.C scan-tree-dump-not &x\\[5\\]
FAIL: g++.old-deja/g++.law/profile1.C (test for excess errors)
WARNING: g++.old-deja/g++.law/profile1.C compilation failed to produce executable
FAIL: g++.old-deja/g++.other/init18.C (test for excess errors)
WARNING: g++.old-deja/g++.other/init18.C compilation failed to produce executable
FAIL: g++.old-deja/g++.other/init19.C execution test
FAIL: g++.old-deja/g++.other/init5.C execution test
FAIL: g++.old-deja/g++.other/static14.C (test for excess errors)
FAIL: g++.old-deja/g++.other/static20.C (test for excess errors)
=== g++ Summary ===
# of expected passes 12064
# of unexpected failures 11
# of expected failures 66
# of unsupported tests 164
/src/gcc/gcc-svn/head/objdir/gcc/testsuite/g++/../../g++ version 4.2.0 20060519 (experimental)
=== gcc tests ===
Running target unix
WARNING: program timed out.
FAIL: gcc.c-torture/compile/20001226-1.c -O2 (test for excess errors)
WARNING: program timed out.
FAIL: gcc.c-torture/compile/20001226-1.c -O3 -fomit-frame-pointer (test for excess errors)
WARNING: program timed out.
FAIL: gcc.c-torture/compile/20001226-1.c -O3 -g (test for excess errors)
WARNING: program timed out.
FAIL: gcc.c-torture/compile/20001226-1.c -Os (test for excess errors)
FAIL: gcc.c-torture/execute/builtin-bitops-1.c execution, -O3 -fomit-frame-pointer -funroll-loops
FAIL: gcc.c-torture/execute/builtin-bitops-1.c execution, -O3 -fomit-frame-pointer -funroll-all-loops -finline-functions
FAIL: gcc.dg/pr27095.c scan-assembler-not (?n)strlen(.*\\n)+.*strlen
FAIL: gcc.dg/torture/nested-fn-1.c -O0 scan-assembler-not should_not_appear
=== gcc Summary ===
# of expected passes 37585
# of unexpected failures 8
# of expected failures 81
# of untested testcases 28
# of unsupported tests 472
/src/gcc/gcc-svn/head/objdir/gcc/xgcc version 4.2.0 20060519 (experimental)
=== libffi tests ===
Running target unix
FAIL: libffi.call/cls_longdouble.c -O0 -W -Wall execution test
FAIL: libffi.call/cls_longdouble.c -O2 execution test
FAIL: libffi.call/cls_longdouble.c -O3 execution test
FAIL: libffi.call/cls_longdouble.c -Os execution test
=== libffi Summary ===
# of expected passes 1124
# of unexpected failures 4
# of unsupported tests 8
=== libgomp tests ===
Running target unix
FAIL: libgomp.c/critical-1.c (test for excess errors)
WARNING: libgomp.c/critical-1.c compilation failed to produce executable
FAIL: libgomp.c/loop-1.c (test for excess errors)
WARNING: libgomp.c/loop-1.c compilation failed to produce executable
FAIL: libgomp.c/loop-2.c (test for excess errors)
WARNING: libgomp.c/loop-2.c compilation failed to produce executable
FAIL: libgomp.c/ordered-1.c (test for excess errors)
WARNING: libgomp.c/ordered-1.c compilation failed to produce executable
FAIL: libgomp.c/ordered-2.c (test for excess errors)
WARNING: libgomp.c/ordered-2.c compilation failed to produce executable
FAIL: libgomp.c/sections-1.c (test for excess errors)
WARNING: libgomp.c/sections-1.c compilation failed to produce executable
FAIL: libgomp.c/single-1.c (test for excess errors)
WARNING: libgomp.c/single-1.c compilation failed to produce executable
=== libgomp Summary ===
# of expected passes 116
# of unexpected failures 7
# of unsupported tests 6
=== libjava tests ===
Running target unix
FAIL: non-jls-encoding-1
=== libjava Summary ===
# of expected passes 11018
# of unexpected failures 1
# of expected failures 690
# of untested testcases 8
=== libstdc++ tests ===
Running target unix
=== libstdc++ Summary ===
# of expected passes 3518
# of expected failures 12
# of unsupported tests 329
Compiler version: 4.2.0 20060519 (experimental)
Platform: hppa2.0w-hp-hpux11.11
configure flags: --prefix=/src/gcc/gcc-svn/head/testbin --with-as=/usr/local/bin/as --with-ld=/usr/ccs/bin/ld --enable-shared --enable-threads=posix --disable-nls --disable-libmudflap --with-libiconv-prefix=/usr/local --disable-static --disable-checking --enable-languages=c,c++,java