This is the mail archive of the
gcc-testresults@gcc.gnu.org
mailing list for the GCC project.
Results for 4.2.0 20060507 (experimental) testsuite on i686-pc-linux-gnu
- From: Diego Novillo <dnovillo at redhat dot com>
- To: gcc-testresults at gcc dot gnu dot org
- Date: Sun, 7 May 2006 07:24:09 -0400
- Subject: Results for 4.2.0 20060507 (experimental) testsuite on i686-pc-linux-gnu
LAST_UPDATED:
Native configuration is i686-pc-linux-gnu
=== g++ tests ===
Running target unix
=== g++ Summary ===
# of expected passes 12537
# of expected failures 69
# of unsupported tests 69
/notnfs/dnovillo/sbox/gcc/bld.toribio/gcc/testsuite/g++/../../g++ version 4.2.0 20060507 (experimental)
=== gcc tests ===
Running target unix
FAIL: gcc.c-torture/compile/pr20539-1.c (test for excess errors)
FAIL: gcc.c-torture/compile/pr20539-1.c (test for excess errors)
FAIL: gcc.c-torture/execute/20050121-1.c compilation, -O3 -fomit-frame-pointer
UNRESOLVED: gcc.c-torture/execute/20050121-1.c execution, -O3 -fomit-frame-pointer
FAIL: gcc.c-torture/execute/20050121-1.c compilation, -O3 -g
UNRESOLVED: gcc.c-torture/execute/20050121-1.c execution, -O3 -g
FAIL: gcc.c-torture/execute/930603-3.c compilation, -O3 -fomit-frame-pointer
UNRESOLVED: gcc.c-torture/execute/930603-3.c execution, -O3 -fomit-frame-pointer
FAIL: gcc.c-torture/execute/930603-3.c compilation, -O3 -g
UNRESOLVED: gcc.c-torture/execute/930603-3.c execution, -O3 -g
FAIL: gcc.c-torture/execute/arith-rand-ll.c compilation, -O3 -fomit-frame-pointer
UNRESOLVED: gcc.c-torture/execute/arith-rand-ll.c execution, -O3 -fomit-frame-pointer
FAIL: gcc.c-torture/execute/arith-rand-ll.c compilation, -O3 -g
UNRESOLVED: gcc.c-torture/execute/arith-rand-ll.c execution, -O3 -g
FAIL: gcc.c-torture/unsorted/udivmod4.c, -O3 -fomit-frame-pointer
FAIL: gcc.c-torture/unsorted/udivmod4.c, -O3 -g
FAIL: gcc.target/i386/sse-18.c execution test
=== gcc Summary ===
# of expected passes 39454
# of unexpected failures 11
# of expected failures 112
# of unresolved testcases 6
# of untested testcases 28
# of unsupported tests 268
/notnfs/dnovillo/sbox/gcc/bld.toribio/gcc/xgcc version 4.2.0 20060507 (experimental)
=== gfortran tests ===
Running target unix
FAIL: gfortran.fortran-torture/execute/entry_3.f90 compilation, -O3 -fomit-frame-pointer
FAIL: gfortran.fortran-torture/execute/entry_3.f90 compilation, -O3 -fomit-frame-pointer -funroll-loops
FAIL: gfortran.fortran-torture/execute/entry_3.f90 compilation, -O3 -fomit-frame-pointer -funroll-all-loops -finline-functions
FAIL: gfortran.fortran-torture/execute/entry_3.f90 compilation, -O3 -g
=== gfortran Summary ===
# of expected passes 13000
# of unexpected failures 4
# of expected failures 15
# of untested testcases 4
# of unsupported tests 16
/notnfs/dnovillo/sbox/gcc/bld.toribio/gcc/testsuite/gfortran/../../gfortran version 4.2.0 20060507 (experimental)
=== objc tests ===
Running target unix
=== objc Summary ===
# of expected passes 1754
# of expected failures 7
# of unsupported tests 24
/notnfs/dnovillo/sbox/gcc/bld.toribio/gcc/xgcc version 4.2.0 20060507 (experimental)
=== libffi tests ===
Running target unix
FAIL: libffi.call/return_fl2.c execution test
FAIL: libffi.call/return_fl2.c execution test
FAIL: libffi.call/return_fl2.c execution test
FAIL: libffi.call/return_fl2.c execution test
=== libffi Summary ===
# of expected passes 1068
# of unexpected failures 4
# of unsupported tests 8
=== libgomp tests ===
Running target unix
FAIL: libgomp.fortran/reference1.f90 (test for excess errors)
WARNING: libgomp.fortran/reference1.f90 compilation failed to produce executable
FAIL: libgomp.fortran/reference1.f90 (test for excess errors)
WARNING: libgomp.fortran/reference1.f90 compilation failed to produce executable
FAIL: libgomp.fortran/reference1.f90 (test for excess errors)
WARNING: libgomp.fortran/reference1.f90 compilation failed to produce executable
FAIL: libgomp.fortran/reference1.f90 (test for excess errors)
WARNING: libgomp.fortran/reference1.f90 compilation failed to produce executable
FAIL: libgomp.fortran/threadprivate2.f90 execution test
FAIL: libgomp.fortran/threadprivate2.f90 execution test
FAIL: libgomp.fortran/threadprivate2.f90 execution test
FAIL: libgomp.fortran/threadprivate2.f90 (test for excess errors)
WARNING: libgomp.fortran/threadprivate2.f90 compilation failed to produce executable
FAIL: libgomp.fortran/threadprivate2.f90 (test for excess errors)
WARNING: libgomp.fortran/threadprivate2.f90 compilation failed to produce executable
FAIL: libgomp.fortran/threadprivate2.f90 (test for excess errors)
WARNING: libgomp.fortran/threadprivate2.f90 compilation failed to produce executable
FAIL: libgomp.fortran/threadprivate2.f90 (test for excess errors)
WARNING: libgomp.fortran/threadprivate2.f90 compilation failed to produce executable
FAIL: libgomp.fortran/threadprivate2.f90 execution test
FAIL: libgomp.fortran/threadprivate3.f90 execution test
FAIL: libgomp.fortran/threadprivate3.f90 execution test
FAIL: libgomp.fortran/threadprivate3.f90 execution test
FAIL: libgomp.fortran/threadprivate3.f90 execution test
FAIL: libgomp.fortran/threadprivate3.f90 execution test
FAIL: libgomp.fortran/threadprivate3.f90 execution test
FAIL: libgomp.fortran/threadprivate3.f90 execution test
FAIL: libgomp.fortran/threadprivate3.f90 execution test
FAIL: libgomp.fortran/vla4.f90 (test for excess errors)
WARNING: libgomp.fortran/vla4.f90 compilation failed to produce executable
FAIL: libgomp.fortran/vla4.f90 (test for excess errors)
WARNING: libgomp.fortran/vla4.f90 compilation failed to produce executable
FAIL: libgomp.fortran/vla5.f90 (test for excess errors)
WARNING: libgomp.fortran/vla5.f90 compilation failed to produce executable
FAIL: libgomp.fortran/vla5.f90 (test for excess errors)
WARNING: libgomp.fortran/vla5.f90 compilation failed to produce executable
=== libgomp Summary ===
# of expected passes 1414
# of unexpected failures 24
=== libjava tests ===
Running target unix
FAIL: LargeFile execution - source compiled test
FAIL: LargeFile execution - gij test
FAIL: LargeFile execution - bytecode->native test
FAIL: LargeFile execution - gij test
FAIL: LargeFile -findirect-dispatch execution - bytecode->native test
FAIL: LargeFile -O3 execution - source compiled test
FAIL: LargeFile execution - gij test
FAIL: LargeFile -O3 execution - bytecode->native test
FAIL: LargeFile execution - gij test
FAIL: LargeFile -O3 -findirect-dispatch execution - bytecode->native test
=== libjava Summary ===
# of expected passes 6771
# of unexpected failures 10
# of expected failures 12
# of untested testcases 18
=== libmudflap tests ===
Running target unix
=== libmudflap Summary ===
# of expected passes 1814
=== libstdc++ tests ===
Running target unix
XPASS: 26_numerics/cmath/c99_classification_macros_c.cc (test for excess errors)
=== libstdc++ Summary ===
# of expected passes 1631
# of unexpected successes 1
# of expected failures 6
Compiler version: 4.2.0 20060507 (experimental)
Platform: i686-pc-linux-gnu
configure flags: --prefix=/home/cygnus/dnovillo/perf/sbox/gcc/local.i686/inst.toribio --srcdir=/home/cygnus/dnovillo/perf/sbox/gcc/local.i686/src --enable-mpfr --with-gmp=/home/cygnus/dnovillo/i686 --disable-checking --enable-languages=c,c++,fortran,java,objc