This is the mail archive of the
gcc-testresults@gcc.gnu.org
mailing list for the GCC project.
Results for 4.2.0 20060506 (experimental) testsuite on ia64-hp-hpux11.23
- From: CodeSourcery Automatic Testing System <gcc at codesourcery dot com>
- To: gcc-testresults at gcc dot gnu dot org
- Date: Sat, 6 May 2006 10:09:17 -0400 (EDT)
- Subject: Results for 4.2.0 20060506 (experimental) testsuite on ia64-hp-hpux11.23
LAST_UPDATED: Sat May 6 07:22:37 UTC 2006 (/trunk revision 113576)
Native configuration is ia64-hp-hpux11.23
=== g++ tests ===
Running target unix/-milp32
XPASS: g++.dg/other/packed1.C execution test
FAIL: g++.dg/other/unused1.C scan-assembler string\\t"class2"
FAIL: g++.dg/other/unused1.C scan-assembler string\\t"printer"
FAIL: g++.dg/warn/weak1.C (test for excess errors)
WARNING: g++.dg/warn/weak1.C compilation failed to produce executable
FAIL: g++.old-deja/g++.other/init18.C (test for excess errors)
WARNING: g++.old-deja/g++.other/init18.C compilation failed to produce executable
FAIL: g++.old-deja/g++.other/init19.C execution test
FAIL: g++.old-deja/g++.other/init5.C execution test
=== g++ Summary ===
# of expected passes 11908
# of unexpected failures 6
# of unexpected successes 1
# of expected failures 71
# of unsupported tests 116
/scratch/gcc/nightly-2006-05-06-mainline/ia64-hp-hpux11.23/build_gcc/install/bin/c++ version 4.2.0 20060506 (experimental)
=== gcc tests ===
Running target unix/-milp32
FAIL: gcc.dg/attr-weakref-1.c (test for excess errors)
WARNING: gcc.dg/attr-weakref-1.c compilation failed to produce executable
FAIL: gcc.dg/builtin-apply4.c execution test
FAIL: gcc.dg/pr27095.c scan-assembler-not (?n)strlen(.*\\n)+.*strlen
FAIL: gcc.dg/sibcall-7.c execution test
FAIL: gcc.dg/tree-ssa/ssa-fre-4.c scan-tree-dump Replaced \\(int\\) f_.*with D
XPASS: gcc.dg/vect/pr16105.c scan-tree-dump-times vectorized 1 loops 1
XPASS: gcc.dg/vect/pr20122.c scan-tree-dump-times vectorized 1 loops 2
XPASS: gcc.dg/vect/vect-105.c scan-tree-dump-times vectorized 1 loops 1
XPASS: gcc.dg/vect/vect-30.c scan-tree-dump-times vectorized 1 loops 2
XPASS: gcc.dg/vect/vect-42.c scan-tree-dump-times vectorized 1 loops 1
XPASS: gcc.dg/vect/vect-43.c scan-tree-dump-times vectorized 1 loops 1
XPASS: gcc.dg/vect/vect-74.c scan-tree-dump-times vectorized 1 loops 1
XPASS: gcc.dg/vect/vect-75.c scan-tree-dump-times vectorized 1 loops 1
XPASS: gcc.dg/vect/vect-8.c scan-tree-dump-times vectorized 1 loops 1
XPASS: gcc.dg/vect/vect-reduc-dot-u16.c scan-tree-dump-times vectorized 1 loops 1
=== gcc Summary ===
# of expected passes 38246
# of unexpected failures 5
# of unexpected successes 10
# of expected failures 143
# of untested testcases 28
# of unsupported tests 354
/scratch/gcc/nightly-2006-05-06-mainline/ia64-hp-hpux11.23/build_gcc/install/bin/gcc version 4.2.0 20060506 (experimental)
=== libstdc++ tests ===
Running target unix/-milp32
=== libstdc++ Summary ===
# of expected passes 2745
# of expected failures 10
# of unsupported tests 159
=== g++ tests ===
Running target unix/-mlp64
XPASS: g++.dg/other/packed1.C execution test
FAIL: g++.dg/other/unused1.C scan-assembler string\\t"class2"
FAIL: g++.dg/other/unused1.C scan-assembler string\\t"printer"
FAIL: g++.dg/warn/weak1.C (test for excess errors)
WARNING: g++.dg/warn/weak1.C compilation failed to produce executable
FAIL: g++.old-deja/g++.other/init18.C (test for excess errors)
WARNING: g++.old-deja/g++.other/init18.C compilation failed to produce executable
FAIL: g++.old-deja/g++.other/init19.C execution test
FAIL: g++.old-deja/g++.other/init5.C execution test
=== g++ Summary ===
# of expected passes 11876
# of unexpected failures 6
# of unexpected successes 1
# of expected failures 71
# of unsupported tests 118
/scratch/gcc/nightly-2006-05-06-mainline/ia64-hp-hpux11.23/build_gcc/install/bin/c++ version 4.2.0 20060506 (experimental)
=== gcc tests ===
Running target unix/-mlp64
FAIL: gcc.dg/attr-weakref-1.c (test for excess errors)
WARNING: gcc.dg/attr-weakref-1.c compilation failed to produce executable
FAIL: gcc.dg/builtin-apply4.c execution test
FAIL: gcc.dg/pr27095.c scan-assembler-not (?n)strlen(.*\\n)+.*strlen
FAIL: gcc.dg/sibcall-7.c execution test
XPASS: gcc.dg/torture/fp-int-convert-float128-timode.c -O0 (test for excess errors)
FAIL: gcc.dg/torture/fp-int-convert-float128-timode.c -O0 execution test
XPASS: gcc.dg/torture/fp-int-convert-float128-timode.c -O1 (test for excess errors)
FAIL: gcc.dg/torture/fp-int-convert-float128-timode.c -O1 execution test
XPASS: gcc.dg/torture/fp-int-convert-float128-timode.c -O2 (test for excess errors)
FAIL: gcc.dg/torture/fp-int-convert-float128-timode.c -O2 execution test
XPASS: gcc.dg/torture/fp-int-convert-float128-timode.c -O3 -fomit-frame-pointer (test for excess errors)
FAIL: gcc.dg/torture/fp-int-convert-float128-timode.c -O3 -fomit-frame-pointer execution test
XPASS: gcc.dg/torture/fp-int-convert-float128-timode.c -O3 -g (test for excess errors)
FAIL: gcc.dg/torture/fp-int-convert-float128-timode.c -O3 -g execution test
XPASS: gcc.dg/torture/fp-int-convert-float128-timode.c -Os (test for excess errors)
FAIL: gcc.dg/torture/fp-int-convert-float128-timode.c -Os execution test
FAIL: gcc.dg/tree-ssa/ssa-fre-4.c scan-tree-dump Replaced \\(int\\) f_.*with D
XPASS: gcc.dg/vect/pr16105.c scan-tree-dump-times vectorized 1 loops 1
XPASS: gcc.dg/vect/pr20122.c scan-tree-dump-times vectorized 1 loops 2
XPASS: gcc.dg/vect/vect-105.c scan-tree-dump-times vectorized 1 loops 1
XPASS: gcc.dg/vect/vect-30.c scan-tree-dump-times vectorized 1 loops 2
XPASS: gcc.dg/vect/vect-42.c scan-tree-dump-times vectorized 1 loops 1
XPASS: gcc.dg/vect/vect-43.c scan-tree-dump-times vectorized 1 loops 1
XPASS: gcc.dg/vect/vect-74.c scan-tree-dump-times vectorized 1 loops 1
XPASS: gcc.dg/vect/vect-75.c scan-tree-dump-times vectorized 1 loops 1
XPASS: gcc.dg/vect/vect-8.c scan-tree-dump-times vectorized 1 loops 1
XPASS: gcc.dg/vect/vect-reduc-dot-u16.c scan-tree-dump-times vectorized 1 loops 1
=== gcc Summary ===
# of expected passes 38228
# of unexpected failures 11
# of unexpected successes 16
# of expected failures 149
# of untested testcases 28
# of unsupported tests 355
/scratch/gcc/nightly-2006-05-06-mainline/ia64-hp-hpux11.23/build_gcc/install/bin/gcc version 4.2.0 20060506 (experimental)
=== libstdc++ tests ===
Running target unix/-mlp64
=== libstdc++ Summary ===
# of expected passes 2745
# of expected failures 10
# of unsupported tests 159
Compiler version: 4.2.0 20060506 (experimental)
Platform: ia64-hp-hpux11.23
configure flags: --disable-nls --build=ia64-hp-hpux11.23 --host=ia64-hp-hpux11.23 --target=ia64-hp-hpux11.23 --enable-languages=c,c++ --enable-shared --enable-threads --disable-libmudflap --disable-libssp --disable-libgomp --disable-libstdcxx-pch --with-gnu-as --with-as=/scratch/gcc/nightly-2006-05-06-mainline/ia64-hp-hpux11.23/build_gcc/install/bin/as --without-gnu-ld --with-ld=/usr/ccs/bin/ld --prefix=/scratch/gcc/nightly-2006-05-06-mainline/ia64-hp-hpux11.23/build_gcc/install