This is the mail archive of the
gcc-testresults@gcc.gnu.org
mailing list for the GCC project.
Results for 4.2.0 20060502 (experimental) testsuite on i686-pc-linux-gnu
- From: CodeSourcery Automatic Testing System <gcc at codesourcery dot com>
- To: gcc-testresults at gcc dot gnu dot org
- Date: Tue, 2 May 2006 04:09:35 -0700
- Subject: Results for 4.2.0 20060502 (experimental) testsuite on i686-pc-linux-gnu
LAST_UPDATED: Tue May 2 07:20:04 UTC 2006 (/trunk revision 113452)
Native configuration is i686-pc-linux-gnu
=== g++ tests ===
Running target unix
=== g++ Summary ===
# of expected passes 12511
# of expected failures 69
# of unsupported tests 69
/scratch/gcc/nightly-2006-05-02-mainline/i686-pc-linux-gnu/build_gcc/install/bin/c++ version 4.2.0 20060502 (experimental)
=== gcc tests ===
Running target unix
WARNING: program timed out.
FAIL: gcc.c-torture/compile/20001226-1.c -O0 (test for excess errors)
=== gcc Summary ===
# of expected passes 39409
# of unexpected failures 1
# of expected failures 112
# of untested testcases 28
# of unsupported tests 269
/scratch/gcc/nightly-2006-05-02-mainline/i686-pc-linux-gnu/build_gcc/install/bin/gcc version 4.2.0 20060502 (experimental)
=== libstdc++ tests ===
Running target unix
=== libstdc++ Summary ===
# of expected passes 4168
# of expected failures 13
# of unsupported tests 2
Compiler version: 4.2.0 20060502 (experimental)
Platform: i686-pc-linux-gnu
configure flags: --disable-nls --build=i686-pc-linux-gnu --host=i686-pc-linux-gnu --target=i686-pc-linux-gnu --enable-languages=c,c++ --enable-shared --enable-threads --disable-libmudflap --disable-libssp --disable-libgomp --disable-libstdcxx-pch --with-gnu-as --with-gnu-ld --prefix=/opt/codesourcery --with-build-time-tools=/scratch/gcc/nightly-2006-05-02-mainline/i686-pc-linux-gnu/build_gcc/install/i686-pc-linux-gnu/bin --with-build-time-tools=/scratch/gcc/nightly-2006-05-02-mainline/i686-pc-linux-gnu/build_gcc/install/i686-pc-linux-gnu/bin