This is the mail archive of the gcc-testresults@gcc.gnu.org mailing list for the GCC project.


Index Nav: [Date Index] [Subject Index] [Author Index] [Thread Index]
Message Nav: [Date Prev] [Date Next] [Thread Prev] [Thread Next]
Other format: [Raw text]

Results for 4.2.0 20060415 (experimental) testsuite on i686-pc-cygwin


LAST_UPDATED: Obtained from SVN: trunk revision 112970

Native configuration is i686-pc-cygwin

=== gcc tests ===


Running target unix FAIL: gcc.c-torture/compile/20001226-1.c (test for excess errors) FAIL: gcc.dg/pr17957.c (test for excess errors) FAIL: gcc.dg/gomp/pr25989.c (test for excess errors) FAIL: largefile.c (test for excess errors) FAIL: largefile.c (test for excess errors) FAIL: largefile.c (test for excess errors) FAIL: largefile.c (test for excess errors) FAIL: largefile.c (test for excess errors) FAIL: largefile.c (test for excess errors) FAIL: largefile.c (test for excess errors) FAIL: gcc.dg/tree-ssa/loop-1.c scan-assembler-times foo 5 FAIL: compiler driver --coverage option(s) (compiler options) FAIL: gcc.target/i386/pic-1.c (test for errors, line 10) FAIL: gcc.target/i386/sselibm-2.c scan-assembler __libm_sse2_sinf FAIL: gcc.target/i386/sselibm-3.c scan-assembler-times __libm_sse2_sinf 1 FAIL: gcc.target/i386/sselibm-4.c scan-assembler-times __libm_sse2 10 FAIL: gcc.target/i386/sselibm-5.c scan-assembler-times __libm_sse2 10

=== gcc Summary ===

# of expected passes 40835
# of unexpected failures 17
# of expected failures 111
# of untested testcases 35
# of unsupported tests 333
/cygdrive/c/gnu/gcc-4.2-20060225/xp/gcc/xgcc version 4.2.0 20060415 (experimental)


=== gfortran tests ===


Running target unix


=== gfortran Summary ===

# of expected passes 12665
# of expected failures 7
# of unsupported tests 78
/cygdrive/c/gnu/gcc-4.2-20060225/xp/gcc/testsuite/gfortran/../../gfortran version 4.2.0 20060415 (experimental)


=== objc tests ===


Running target unix


=== objc Summary ===

# of expected passes 1816
# of expected failures 7
# of unsupported tests 24
/cygdrive/c/gnu/gcc-4.2-20060225/xp/gcc/xgcc version 4.2.0 20060415 (experimental)


=== treelang tests ===


Running target unix
ERROR: tcl error sourcing /cygdrive/c/gnu/gcc-4.2-20060225/gcc/testsuite/treelang/output/output.exp.
ERROR: rm: cannot remove \`treelang/output-1': No such file or directory


=== treelang Summary ===

# of expected passes 50

Compiler version: 4.2.0 20060415 (experimental)
Platform: i686-pc-cygwin
configure flags: '--enable-languages=fortran objc treelang c' --enable-threads=posix --enable-sjlj-exceptions --disable-libmudflap --disable-shared --enable-maintainer-mode --prefix=/usr/local/gcc42 --enable-bootstrap --disable-libgomp --enable-languages=c,fortran,objc,treelang



Index Nav: [Date Index] [Subject Index] [Author Index] [Thread Index]
Message Nav: [Date Prev] [Date Next] [Thread Prev] [Thread Next]