This is the mail archive of the
gcc-testresults@gcc.gnu.org
mailing list for the GCC project.
Results for 4.0.3 testsuite on sparc64-sun-solaris2.9
- From: eric at linux dot site (Eric Botcazou)
- To: gcc-testresults at gcc dot gnu dot org
- Date: Sat, 11 Mar 2006 15:41:54 +0100
- Subject: Results for 4.0.3 testsuite on sparc64-sun-solaris2.9
LAST_UPDATED: Fri Mar 10 11:04:49 UTC 2006 (revision 111929)
Native configuration is sparc64-sun-solaris2.9
=== g++ tests ===
Running target unix
=== g++ Summary for unix ===
# of expected passes 11263
# of expected failures 70
# of unsupported tests 124
Running target unix/-m32
=== g++ Summary for unix/-m32 ===
# of expected passes 11295
# of expected failures 70
# of unsupported tests 122
=== g++ Summary ===
# of expected passes 22558
# of expected failures 140
# of unsupported tests 246
/opt/build/eric/gcc-4_0-branch/gcc/testsuite/../g++ version 4.0.3
=== gcc tests ===
Running target unix
FAIL: largefile.c -O0 -g (test for excess errors)
FAIL: largefile.c -O0 (test for excess errors)
FAIL: largefile.c -O1 (test for excess errors)
FAIL: largefile.c -O2 (test for excess errors)
FAIL: largefile.c -O3 -fomit-frame-pointer (test for excess errors)
FAIL: largefile.c -O3 -g (test for excess errors)
FAIL: largefile.c -Os (test for excess errors)
=== gcc Summary for unix ===
# of expected passes 34854
# of unexpected failures 7
# of expected failures 94
# of untested testcases 35
# of unsupported tests 559
Running target unix/-m32
FAIL: largefile.c -O0 -g (test for excess errors)
FAIL: largefile.c -O0 (test for excess errors)
FAIL: largefile.c -O1 (test for excess errors)
FAIL: largefile.c -O2 (test for excess errors)
FAIL: largefile.c -O3 -fomit-frame-pointer (test for excess errors)
FAIL: largefile.c -O3 -g (test for excess errors)
FAIL: largefile.c -Os (test for excess errors)
=== gcc Summary for unix/-m32 ===
# of expected passes 34858
# of unexpected failures 7
# of expected failures 94
# of untested testcases 35
# of unsupported tests 556
=== gcc Summary ===
# of expected passes 69712
# of unexpected failures 14
# of expected failures 188
# of untested testcases 70
# of unsupported tests 1115
/opt/build/eric/gcc-4_0-branch/gcc/xgcc version 4.0.3
=== gfortran tests ===
Running target unix
=== gfortran Summary for unix ===
# of expected passes 8805
# of expected failures 1
# of unsupported tests 25
Running target unix/-m32
=== gfortran Summary for unix/-m32 ===
# of expected passes 8821
# of expected failures 1
# of unsupported tests 17
=== gfortran Summary ===
# of expected passes 17626
# of expected failures 2
# of unsupported tests 42
/opt/build/eric/gcc-4_0-branch/gcc/testsuite/../gfortran version 4.0.3
=== objc tests ===
Running target unix
=== objc Summary for unix ===
# of expected passes 1554
# of unsupported tests 10
Running target unix/-m32
=== objc Summary for unix/-m32 ===
# of expected passes 1554
# of unsupported tests 10
=== objc Summary ===
# of expected passes 3108
# of unsupported tests 20
/opt/build/eric/gcc-4_0-branch/gcc/xgcc version 4.0.3
=== libffi tests ===
Running target unix
=== libffi Summary for unix ===
# of expected passes 219
# of unsupported tests 2
Running target unix/-m32
=== libffi Summary for unix/-m32 ===
# of expected passes 219
# of unsupported tests 2
=== libffi Summary ===
# of expected passes 438
# of unsupported tests 4
=== libjava tests ===
Running target unix
FAIL: Array_3 execution - gij test
FAIL: Array_3 execution - gij test
FAIL: FileHandleGcTest execution - source compiled test
FAIL: FileHandleGcTest execution - gij test
FAIL: FileHandleGcTest execution - bytecode->native test
FAIL: FileHandleGcTest -O3 execution - source compiled test
FAIL: FileHandleGcTest execution - gij test
FAIL: FileHandleGcTest -O3 execution - bytecode->native test
FAIL: Throw_2 execution - gij test
FAIL: Throw_2 execution - gij test
=== libjava Summary for unix ===
# of expected passes 3879
# of unexpected failures 10
# of expected failures 10
# of untested testcases 18
Running target unix/-m32
FAIL: Array_3 execution - gij test
FAIL: Array_3 execution - gij test
FAIL: FileHandleGcTest execution - source compiled test
FAIL: FileHandleGcTest execution - gij test
FAIL: FileHandleGcTest execution - bytecode->native test
FAIL: FileHandleGcTest -O3 execution - source compiled test
FAIL: FileHandleGcTest execution - gij test
FAIL: FileHandleGcTest -O3 execution - bytecode->native test
FAIL: Throw_2 execution - source compiled test
FAIL: Throw_2 execution - gij test
FAIL: Throw_2 execution - bytecode->native test
FAIL: Throw_2 -O3 execution - source compiled test
FAIL: Throw_2 execution - gij test
FAIL: Throw_2 -O3 execution - bytecode->native test
=== libjava Summary for unix/-m32 ===
# of expected passes 3870
# of unexpected failures 14
# of expected failures 10
# of untested testcases 23
=== libjava Summary ===
# of expected passes 7749
# of unexpected failures 24
# of expected failures 20
# of untested testcases 41
=== libstdc++ tests ===
Running target unix
FAIL: ext/array_allocator/2.cc execution test
=== libstdc++ Summary for unix ===
# of expected passes 3711
# of unexpected failures 1
# of expected failures 14
Running target unix/-m32
=== libstdc++ Summary for unix/-m32 ===
# of expected passes 3712
# of expected failures 14
=== libstdc++ Summary ===
# of expected passes 7423
# of unexpected failures 1
# of expected failures 28
Compiler version: 4.0.3
Platform: sparc64-sun-solaris2.9
configure flags: sparc64-sun-solaris2.9 --prefix=/opt/build/eric/local/gcc-4_0-branch --with-gmp=/opt/build/eric/local --with-mpfr=/opt/build/eric/local --with-local-prefix=/opt/build/eric/local --enable-languages=c,c++,f95,java,objc
BOOT_CFLAGS=-g -O2