This is the mail archive of the
gcc-testresults@gcc.gnu.org
mailing list for the GCC project.
Results for 4.2.0 20060228 (experimental) testsuite on i686-pc-linux-gnu
- From: Joe Buck <Joe dot Buck at synopsys dot com>
- To: gcc-testresults at gcc dot gnu dot org
- Date: Tue, 28 Feb 2006 04:07:53 -0800
- Subject: Results for 4.2.0 20060228 (experimental) testsuite on i686-pc-linux-gnu
This is a Red Hat Enterprise (GNU/)Linux WS release 3 system,
running on a dual 2.2 GHz Intel Xeon system.
kernel: 2.4.21-4.EL (from Red Hat)
glibc: 2.3.2-95.3 (from Red Hat)
binutils: 2.14.90.0.4-26 (from Red Hat)
Only C, C++, ObjC are tested (no Java).
LAST_UPDATED: Tue Feb 28 08:33:37 UTC 2006 (revision 111560)
Native configuration is i686-pc-linux-gnu
=== g++ tests ===
Running target unix
FAIL: g++.dg/init/ctor4.C (test for excess errors)
FAIL: g++.dg/parse/register1.C (test for excess errors)
FAIL: g++.old-deja/g++.brendan/warnings4.C (test for excess errors)
FAIL: g++.old-deja/g++.jason/overload34.C (test for excess errors)
FAIL: g++.old-deja/g++.mike/p11110.C (test for excess errors)
=== g++ Summary ===
# of expected passes 12066
# of unexpected failures 5
# of expected failures 66
# of unsupported tests 68
/var/tmp/gccbuild/trunk/gcc/testsuite/g++/../../g++ version 4.2.0 20060228 (experimental)
=== gcc tests ===
Running target unix
WARNING: program timed out.
FAIL: gcc.c-torture/compile/20001226-1.c (test for excess errors)
FAIL: gcc.c-torture/execute/961206-1.c execution, -O1
FAIL: gcc.c-torture/execute/961206-1.c execution, -O2
FAIL: gcc.dg/tree-ssa/20030730-1.c scan-tree-dump-times if 0
FAIL: gcc.dg/tree-ssa/20030730-2.c scan-tree-dump-times if 0
FAIL: gcc.dg/tree-ssa/20030807-2.c scan-tree-dump-times if 0
FAIL: gcc.dg/tree-ssa/pr26421.c scan-tree-dump-times V_MAY_DEF 1
=== gcc Summary ===
# of expected passes 39081
# of unexpected failures 7
# of expected failures 110
# of untested testcases 28
# of unsupported tests 268
/var/tmp/gccbuild/trunk/gcc/xgcc version 4.2.0 20060228 (experimental)
=== objc tests ===
Running target unix
=== objc Summary ===
# of expected passes 1747
# of expected failures 7
# of unsupported tests 23
/var/tmp/gccbuild/trunk/gcc/xgcc version 4.2.0 20060228 (experimental)
=== libgomp tests ===
Running target unix
=== libgomp Summary ===
# of expected passes 131
=== libmudflap tests ===
Running target unix
=== libmudflap Summary ===
# of expected passes 1789
=== libstdc++ tests ===
Running target unix
XPASS: 26_numerics/cmath/c99_classification_macros_c.cc (test for excess errors)
=== libstdc++ Summary ===
# of expected passes 1547
# of unexpected successes 1
# of expected failures 6
# of unsupported tests 4
Compiler version: 4.2.0 20060228 (experimental)
Platform: i686-pc-linux-gnu
configure flags: --prefix=/usr/localdisk/gcc-cvs/trunk --with-gnu-as --with-as=/usr/bin/as --with-gnu-ld --with-ld=/usr/bin/ld --enable-languages=c,c++,objc