This is the mail archive of the
gcc-testresults@gcc.gnu.org
mailing list for the GCC project.
Results for 4.1.0 20060221 (prerelease) testsuite on mips-sgi-irix6.5
- From: "David Billinghurst" <David dot Billinghurst at riotinto dot com>
- To: <gcc-testresults at gcc dot gnu dot org>
- Date: 24 Feb 2006 10:12:07 +1000
- Subject: Results for 4.1.0 20060221 (prerelease) testsuite on mips-sgi-irix6.5
This run on SGI Origin 300 cru300 running IRIX 6.5.22m
Bootstrap compiler gcc (GCC) 3.3.1
LAST_UPDATED: Tue Feb 21 22:13:28 UTC 2006 (revision 111345M)
Native configuration is mips-sgi-irix6.5
=== gcc tests ===
Running target unix
FAIL: gcc.dg/tls/opt-2.c (test for excess errors)
XPASS: gcc.dg/tree-ssa/20040204-1.c scan-tree-dump-times link_error 0
FAIL: gcc.target/mips/mips16e-extends.c scan-assembler seb
=== gcc Summary for unix ===
# of expected passes 37116
# of unexpected failures 2
# of unexpected successes 1
# of expected failures 76
# of untested testcases 28
# of unsupported tests 311
Running target unix/-mabi=64
FAIL: gcc.dg/tls/opt-2.c (test for excess errors)
XPASS: gcc.dg/tree-ssa/20040204-1.c scan-tree-dump-times link_error 0
=== gcc Summary for unix/-mabi=64 ===
# of expected passes 37010
# of unexpected failures 1
# of unexpected successes 1
# of expected failures 76
# of untested testcases 28
# of unsupported tests 317
=== gcc Summary ===
# of expected passes 74126
# of unexpected failures 3
# of unexpected successes 2
# of expected failures 152
# of untested testcases 56
# of unsupported tests 628
/disk4/billingd/obj/gcc-4.1/gcc/xgcc version 4.1.0 20060221 (prerelease)
=== gfortran tests ===
Running target unix
FAIL: gfortran.dg/csqrt_2.f -O3 -fomit-frame-pointer -funroll-loops
execution test
FAIL:
gfortran.dg/csqrt_2.f -O3 -fomit-frame-pointer -funroll-all-loops -finlin
e-functions execution test
FAIL: gfortran.dg/large_real_kind_form_io_2.f90 -O0 execution test
FAIL: gfortran.dg/large_real_kind_form_io_2.f90 -O1 execution test
FAIL: gfortran.dg/large_real_kind_form_io_2.f90 -O2 execution test
FAIL: gfortran.dg/large_real_kind_form_io_2.f90 -O3 -fomit-frame-pointer
execution test
FAIL:
gfortran.dg/large_real_kind_form_io_2.f90 -O3 -fomit-frame-pointer -funro
ll-loops execution test
FAIL:
gfortran.dg/large_real_kind_form_io_2.f90 -O3 -fomit-frame-pointer -funro
ll-all-loops -finline-functions execution test
FAIL: gfortran.dg/large_real_kind_form_io_2.f90 -O3 -g execution test
FAIL: gfortran.dg/large_real_kind_form_io_2.f90 -Os execution test
FAIL: gfortran.fortran-torture/execute/intrinsic_abs.f90 execution, -O0
FAIL: gfortran.fortran-torture/execute/intrinsic_abs.f90 execution, -O1
FAIL: gfortran.fortran-torture/execute/intrinsic_abs.f90 execution, -O2
FAIL: gfortran.fortran-torture/execute/intrinsic_abs.f90
execution, -O3 -fomit-frame-pointer
FAIL: gfortran.fortran-torture/execute/intrinsic_abs.f90
execution, -O3 -fomit-frame-pointer -funroll-loops
FAIL: gfortran.fortran-torture/execute/intrinsic_abs.f90
execution, -O3 -fomit-frame-pointer -funroll-all-loops -finline-functions
FAIL: gfortran.fortran-torture/execute/intrinsic_abs.f90
execution, -O3 -g
FAIL: gfortran.fortran-torture/execute/intrinsic_abs.f90 execution, -Os
=== gfortran Summary for unix ===
# of expected passes 11579
# of unexpected failures 18
# of expected failures 12
# of unsupported tests 26
Running target unix/-mabi=64
FAIL: gfortran.dg/csqrt_2.f -O3 -fomit-frame-pointer -funroll-loops
execution test
FAIL:
gfortran.dg/csqrt_2.f -O3 -fomit-frame-pointer -funroll-all-loops -finlin
e-functions execution test
FAIL: gfortran.dg/large_real_kind_form_io_2.f90 -O0 execution test
FAIL: gfortran.dg/large_real_kind_form_io_2.f90 -O1 execution test
FAIL: gfortran.dg/large_real_kind_form_io_2.f90 -O2 execution test
FAIL: gfortran.dg/large_real_kind_form_io_2.f90 -O3 -fomit-frame-pointer
execution test
FAIL:
gfortran.dg/large_real_kind_form_io_2.f90 -O3 -fomit-frame-pointer -funro
ll-loops execution test
FAIL:
gfortran.dg/large_real_kind_form_io_2.f90 -O3 -fomit-frame-pointer -funro
ll-all-loops -finline-functions execution test
FAIL: gfortran.dg/large_real_kind_form_io_2.f90 -O3 -g execution test
FAIL: gfortran.dg/large_real_kind_form_io_2.f90 -Os execution test
FAIL: gfortran.fortran-torture/execute/intrinsic_abs.f90 execution, -O0
FAIL: gfortran.fortran-torture/execute/intrinsic_abs.f90 execution, -O1
FAIL: gfortran.fortran-torture/execute/intrinsic_abs.f90 execution, -O2
FAIL: gfortran.fortran-torture/execute/intrinsic_abs.f90
execution, -O3 -fomit-frame-pointer
FAIL: gfortran.fortran-torture/execute/intrinsic_abs.f90
execution, -O3 -fomit-frame-pointer -funroll-loops
FAIL: gfortran.fortran-torture/execute/intrinsic_abs.f90
execution, -O3 -fomit-frame-pointer -funroll-all-loops -finline-functions
FAIL: gfortran.fortran-torture/execute/intrinsic_abs.f90
execution, -O3 -g
FAIL: gfortran.fortran-torture/execute/intrinsic_abs.f90 execution, -Os
=== gfortran Summary for unix/-mabi=64 ===
# of expected passes 11579
# of unexpected failures 18
# of expected failures 12
# of unsupported tests 26
=== gfortran Summary ===
# of expected passes 23158
# of unexpected failures 36
# of expected failures 24
# of unsupported tests 52
/disk4/billingd/obj/gcc-4.1/gcc/testsuite/../gfortran version 4.1.0
20060221 (prerelease)
Compiler version: 4.1.0 20060221 (prerelease)
Platform: mips-sgi-irix6.5
configure
flags: --enable-shared --enable-threads=single --with-gnu-as --with-as=/di
sk4/billingd/tmp/binutils-2.16/bin/as --with-gmp=/usr/local --disable-nls
--disable-libmudflap --disable-libgomp --disable-libjava --prefix=/disk4/b
illingd/tmp/gcc-4.1 --enable-languages=c,fortran
Counting all warnings,
there are 21 warnings in stage3 of this bootstrap.
Number of warnings per file:
13 gcc/config/mips/mips.md
4 gcc/gcc.c
3 gengtype-lex.c
1 /usr/local/share/bison/bison.simple
Number of warning types:
7 operand 1 missing mode?
5 operand 0 missing mode?
4 string length \`???' is greater than the length \`???' ISO C89
compilers are required to support
4 old-style function definition
1 source missing a mode?
NOTICE
This e-mail and any attachments are private and confidential and may
contain privileged information. If you are not an authorised recipient,
the copying or distribution of this e-mail and any attachments is
prohibited and you must not read, print or act in reliance on this e-mail
or attachments.
This notice should not be removed.