This is the mail archive of the
gcc-testresults@gcc.gnu.org
mailing list for the GCC project.
Results for 4.1.0 20060219 (prerelease) testsuite on mips-sgi-irix6.5
- From: Rainer Emrich <r dot emrich at de dot tecosim dot com>
- To: gcc-testresults at gcc dot gnu dot org
- Date: Thu, 23 Feb 2006 10:28:22 +0100
- Subject: Results for 4.1.0 20060219 (prerelease) testsuite on mips-sgi-irix6.5
- Openpgp: id=4E8261E5; url=sks.keyserver.penguin.de
LAST_UPDATED: Obtained from SVN: branches/gcc-4_1-branch revision 111279
=== acats tests ===
FAIL: a49027c
FAIL: a83a02b
FAIL: a85013b
FAIL: a87b59a
FAIL: a95001c
FAIL: a95074d
FAIL: a97106a
FAIL: a99006a
FAIL: aa2010a
FAIL: ac3207a
FAIL: ad7201a
FAIL: ad7203b
FAIL: ad7205b
FAIL: ada101a
FAIL: ae3702a
FAIL: ae3709a
FAIL: c23003b
FAIL: c23003g
FAIL: c250002
FAIL: c34002a
FAIL: c34007j
FAIL: c34008a
FAIL: c34011b
FAIL: c35102a
FAIL: c354002
FAIL: c354003
FAIL: c35503f
FAIL: c35507c
FAIL: c35507e
FAIL: c37402a
FAIL: c37403a
FAIL: c380003
FAIL: c38102d
FAIL: c38202a
FAIL: c390010
FAIL: c39008a
FAIL: c39008b
FAIL: c39008c
FAIL: c391002
FAIL: c392010
FAIL: c392011
FAIL: c392013
FAIL: c392c05
FAIL: c392c07
FAIL: c393001
FAIL: c393008
FAIL: c393010
FAIL: c393012
FAIL: c393a02
FAIL: c393a05
FAIL: c3a0005
FAIL: c3a0007
FAIL: c3a0009
FAIL: c3a1001
FAIL: c3a1002
FAIL: c3a2001
FAIL: c410001
FAIL: c41306a
FAIL: c41306b
FAIL: c41306c
FAIL: c41307d
FAIL: c41401a
FAIL: c431001
FAIL: c43204g
FAIL: c450001
FAIL: c45282b
FAIL: c45291a
FAIL: c46051a
FAIL: c490001
FAIL: c490002
FAIL: c51004a
FAIL: c59002c
FAIL: c641001
FAIL: c64201b
FAIL: c64201c
FAIL: c650001
FAIL: c74004a
FAIL: c74401k
FAIL: c74406a
FAIL: c760001
FAIL: c760002
FAIL: c760011
FAIL: c760012
FAIL: c761001
FAIL: c761002
FAIL: c761003
FAIL: c761004
FAIL: c761005
FAIL: c761007
FAIL: c83023a
FAIL: c85004b
FAIL: c85005a
FAIL: c85005b
FAIL: c85005c
FAIL: c85005d
FAIL: c85005e
FAIL: c85006a
FAIL: c85006b
FAIL: c85006c
FAIL: c85006d
FAIL: c85006e
FAIL: c85014a
FAIL: c85014b
FAIL: c85014c
FAIL: c85018a
FAIL: c85018b
FAIL: c87b26b
FAIL: c87b41a
FAIL: c87b45c
FAIL: c87b54a
FAIL: c87b62d
FAIL: c910001
FAIL: c910002
FAIL: c910003
FAIL: c91004b
FAIL: c91004c
FAIL: c91006a
FAIL: c91007a
FAIL: c92002a
FAIL: c92003a
FAIL: c92005a
FAIL: c92005b
FAIL: c92006a
FAIL: c930001
FAIL: c93001a
FAIL: c93002a
FAIL: c93003a
FAIL: c93004a
FAIL: c93004b
FAIL: c93004c
FAIL: c93004d
FAIL: c93004f
FAIL: c93005a
FAIL: c93005b
FAIL: c93005c
FAIL: c93005d
FAIL: c93005e
FAIL: c93005f
FAIL: c93005g
FAIL: c93005h
FAIL: c93006a
FAIL: c93007a
FAIL: c93008a
FAIL: c93008b
FAIL: c940001
FAIL: c940002
FAIL: c940004
FAIL: c940005
FAIL: c940006
FAIL: c940007
FAIL: c940010
FAIL: c940011
FAIL: c940012
FAIL: c940013
FAIL: c940014
FAIL: c940015
FAIL: c940016
FAIL: c94001a
FAIL: c94001b
FAIL: c94001c
FAIL: c94001e
FAIL: c94001f
FAIL: c94001g
FAIL: c94002a
FAIL: c94002b
FAIL: c94002d
FAIL: c94002e
FAIL: c94002f
FAIL: c94002g
FAIL: c94004a
FAIL: c94004b
FAIL: c94004c
FAIL: c94005a
FAIL: c94005b
FAIL: c94006a
FAIL: c94007a
FAIL: c94007b
FAIL: c94008a
FAIL: c94008b
FAIL: c94008c
FAIL: c94008d
FAIL: c94010a
FAIL: c94011a
FAIL: c94020a
FAIL: c940a03
FAIL: c95008a
FAIL: c95009a
FAIL: c95010a
FAIL: c95011a
FAIL: c95012a
FAIL: c95021a
FAIL: c95022a
FAIL: c95022b
FAIL: c95033a
FAIL: c95033b
FAIL: c95034a
FAIL: c95034b
FAIL: c95035a
FAIL: c95040a
FAIL: c95040b
FAIL: c95040c
FAIL: c95040d
FAIL: c95041a
FAIL: c95065a
FAIL: c95065b
FAIL: c95065c
FAIL: c95065d
FAIL: c95065e
FAIL: c95065f
FAIL: c95066a
FAIL: c95067a
FAIL: c95071a
FAIL: c95072a
FAIL: c95072b
FAIL: c95073a
FAIL: c95074c
FAIL: c95076a
FAIL: c95078a
FAIL: c95080b
FAIL: c95082g
FAIL: c95085a
FAIL: c95085b
FAIL: c95085c
FAIL: c95085d
FAIL: c95085e
FAIL: c95085f
FAIL: c95085g
FAIL: c95085h
FAIL: c95085i
FAIL: c95085j
FAIL: c95085k
FAIL: c95085l
FAIL: c95085m
FAIL: c95085n
FAIL: c95085o
FAIL: c95086a
FAIL: c95086b
FAIL: c95086c
FAIL: c95086d
FAIL: c95086e
FAIL: c95086f
FAIL: c95087a
FAIL: c95087b
FAIL: c95087c
FAIL: c95087d
FAIL: c95088a
FAIL: c95089a
FAIL: c95090a
FAIL: c95092a
FAIL: c95093a
FAIL: c95095a
FAIL: c95095b
FAIL: c95095c
FAIL: c95095d
FAIL: c95095e
FAIL: c951001
FAIL: c951002
FAIL: c953001
FAIL: c953002
FAIL: c953003
FAIL: c954001
FAIL: c954010
FAIL: c954011
FAIL: c954012
FAIL: c954013
FAIL: c954014
FAIL: c954015
FAIL: c954016
FAIL: c954017
FAIL: c954018
FAIL: c954019
FAIL: c954020
FAIL: c954021
FAIL: c954022
FAIL: c954023
FAIL: c954024
FAIL: c954025
FAIL: c954026
FAIL: c954a01
FAIL: c954a02
FAIL: c954a03
FAIL: c960001
FAIL: c960002
FAIL: c960004
FAIL: c96001a
FAIL: c97112a
FAIL: c97113a
FAIL: c97114a
FAIL: c97115a
FAIL: c97116a
FAIL: c97117a
FAIL: c97117b
FAIL: c97117c
FAIL: c97118a
FAIL: c97120a
FAIL: c97120b
FAIL: c97201a
FAIL: c97201b
FAIL: c97201c
FAIL: c97201d
FAIL: c97201e
FAIL: c97201g
FAIL: c97201h
FAIL: c97201x
FAIL: c97202a
FAIL: c97203a
FAIL: c97203b
FAIL: c97203c
FAIL: c97204a
FAIL: c97204b
FAIL: c97205a
FAIL: c97205b
FAIL: c97301a
FAIL: c97301b
FAIL: c97301c
FAIL: c97301d
FAIL: c97301e
FAIL: c97302a
FAIL: c97303a
FAIL: c97303b
FAIL: c97303c
FAIL: c97304a
FAIL: c97304b
FAIL: c97305a
FAIL: c97305b
FAIL: c97305c
FAIL: c97305d
FAIL: c97307a
FAIL: c974001
FAIL: c974002
FAIL: c974003
FAIL: c974004
FAIL: c974005
FAIL: c974006
FAIL: c974007
FAIL: c974008
FAIL: c974009
FAIL: c974010
FAIL: c974011
FAIL: c974012
FAIL: c974013
FAIL: c974014
FAIL: c980001
FAIL: c980002
FAIL: c980003
FAIL: c99004a
FAIL: c99005a
FAIL: c9a003a
FAIL: c9a004a
FAIL: c9a007a
FAIL: c9a009a
FAIL: c9a009c
FAIL: c9a009f
FAIL: c9a009g
FAIL: c9a009h
FAIL: c9a010a
FAIL: c9a011a
FAIL: c9a011b
FAIL: ca13001
FAIL: ca5004a
FAIL: cb1010a
FAIL: cb20001
FAIL: cb20004
FAIL: cb20005
FAIL: cb20006
FAIL: cb20007
FAIL: cb40005
FAIL: cb4013a
FAIL: cb41002
FAIL: cb5001a
FAIL: cb5001b
FAIL: cb5002a
FAIL: cc1104c
FAIL: cc1207b
FAIL: cc1220a
FAIL: cc1225a
FAIL: cc1227a
FAIL: cc1302a
FAIL: cc1310a
FAIL: cc3019c
FAIL: cc3106b
FAIL: cc3120b
FAIL: cc3207b
FAIL: cc3225a
FAIL: cc3601c
FAIL: cc3602a
FAIL: cc40001
FAIL: cd10001
FAIL: cd10002
FAIL: cd1009k
FAIL: cd1009t
FAIL: cd1009u
FAIL: cd1c03e
FAIL: cd1c06a
FAIL: cd20001
FAIL: cd2a21a
FAIL: cd2a23a
FAIL: cd2a23e
FAIL: cd2a24a
FAIL: cd2a31a
FAIL: cd2a32a
FAIL: cd2a91c
FAIL: cd2c11a
FAIL: cd2c11d
FAIL: cd30002
FAIL: cd30004
FAIL: cd30005
FAIL: cd33002
FAIL: cd5003e
FAIL: cd5014e
FAIL: cd72a01
FAIL: cd72a02
FAIL: cdb0a01
FAIL: cdb0a02
FAIL: ce3701a
FAIL: ce3704a
FAIL: ce3704b
FAIL: ce3704c
FAIL: ce3704d
FAIL: ce3704e
FAIL: ce3704f
FAIL: ce3704m
FAIL: ce3704n
FAIL: ce3704o
FAIL: ce3705a
FAIL: ce3705b
FAIL: ce3705c
FAIL: ce3705d
FAIL: ce3705e
FAIL: ce3706c
FAIL: ce3706d
FAIL: ce3706f
FAIL: ce3706g
FAIL: ce3707a
FAIL: ce3708a
FAIL: ce3801a
FAIL: ce3801b
FAIL: ce3804a
FAIL: ce3804b
FAIL: ce3804c
FAIL: ce3804d
FAIL: ce3804e
FAIL: ce3804f
FAIL: ce3804g
FAIL: ce3804h
FAIL: ce3804i
FAIL: ce3804j
FAIL: ce3804m
FAIL: ce3804o
FAIL: ce3804p
FAIL: ce3805a
FAIL: ce3805b
FAIL: ce3806a
FAIL: ce3806b
FAIL: ce3806c
FAIL: ce3806d
FAIL: ce3806e
FAIL: ce3806f
FAIL: ce3806g
FAIL: ce3806h
FAIL: ce3809a
FAIL: ce3809b
FAIL: ce3810a
FAIL: ce3810b
FAIL: ce3815a
FAIL: ce3901a
FAIL: ce3902b
FAIL: ce3904a
FAIL: ce3904b
FAIL: ce3905a
FAIL: ce3905b
FAIL: ce3905c
FAIL: ce3905l
FAIL: ce3906a
FAIL: ce3906b
FAIL: ce3906c
FAIL: ce3906d
FAIL: ce3906e
FAIL: ce3906f
FAIL: ce3907a
FAIL: ce3908a
FAIL: cxa3001
FAIL: cxa3002
FAIL: cxa3003
FAIL: cxa4001
FAIL: cxa4002
FAIL: cxa4003
FAIL: cxa4004
FAIL: cxa4005
FAIL: cxa4006
FAIL: cxa4007
FAIL: cxa4008
FAIL: cxa4009
FAIL: cxa4010
FAIL: cxa4011
FAIL: cxa4012
FAIL: cxa4017
FAIL: cxa4018
FAIL: cxa4019
FAIL: cxa4020
FAIL: cxa4021
FAIL: cxa4022
FAIL: cxa4023
FAIL: cxa4024
FAIL: cxa4025
FAIL: cxa4026
FAIL: cxa4027
FAIL: cxa4028
FAIL: cxa4029
FAIL: cxa4030
FAIL: cxa4031
FAIL: cxa4032
FAIL: cxa4033
FAIL: cxa4034
FAIL: cxa5011
FAIL: cxa5012
FAIL: cxa5a01
FAIL: cxa5a02
FAIL: cxa5a03
FAIL: cxa5a04
FAIL: cxa5a05
FAIL: cxa5a06
FAIL: cxa5a07
FAIL: cxa5a08
FAIL: cxa5a09
FAIL: cxa5a10
FAIL: cxaa007
FAIL: cxaa008
FAIL: cxaa009
FAIL: cxaa010
FAIL: cxaa011
FAIL: cxaa018
FAIL: cxac004
FAIL: cxaca01
FAIL: cxb3004
FAIL: cxb3005
FAIL: cxb3007
FAIL: cxb3009
FAIL: cxb3013
FAIL: cxb4002
FAIL: cxb4005
FAIL: cxb5002
FAIL: cxb5003
FAIL: cxf3001
FAIL: cxf3002
FAIL: cxf3003
FAIL: cxf3004
FAIL: cxf3a01
FAIL: cxf3a02
FAIL: cxf3a03
FAIL: cxf3a04
FAIL: cxf3a05
FAIL: cxf3a06
FAIL: cxf3a07
FAIL: cxf3a08
FAIL: cxg1003
FAIL: cxg1005
FAIL: cxg2001
FAIL: cxg2002
FAIL: cxg2003
FAIL: cxg2004
FAIL: cxg2005
FAIL: cxg2006
FAIL: cxg2007
FAIL: cxg2008
FAIL: cxg2009
FAIL: cxg2010
FAIL: cxg2011
FAIL: cxg2012
FAIL: cxg2013
FAIL: cxg2014
FAIL: cxg2015
FAIL: cxg2016
FAIL: cxg2017
FAIL: cxg2018
FAIL: cxg2019
FAIL: cxg2020
FAIL: cxg2021
FAIL: cxg2024
FAIL: cxh3001
FAIL: cxh3002
FAIL: cxh3003
FAIL: la14010
FAIL: la14027
=== acats Summary ===
# of expected passes 1732
# of unexpected failures 584
Native configuration is mips-sgi-irix6.5
=== g++ tests ===
Running target unix/
XPASS: g++.dg/tree-ssa/pr14814.C scan-tree-dump-times &this 0
=== g++ Summary for unix/ ===
# of expected passes 11901
# of unexpected successes 1
# of expected failures 67
# of unsupported tests 119
Running target unix/-mabi=32
XPASS: g++.dg/tree-ssa/pr14814.C scan-tree-dump-times &this 0
=== g++ Summary for unix/-mabi=32 ===
# of expected passes 11901
# of unexpected successes 1
# of expected failures 67
# of unsupported tests 119
Running target unix/-mabi=64
XPASS: g++.dg/tree-ssa/pr14814.C scan-tree-dump-times &this 0
FAIL: g++.old-deja/g++.other/comdat4.C (test for excess errors)
FAIL: g++.old-deja/g++.other/comdat5.C (test for excess errors)
=== g++ Summary for unix/-mabi=64 ===
# of expected passes 11867
# of unexpected failures 2
# of unexpected successes 1
# of expected failures 67
# of unsupported tests 121
=== g++ Summary ===
# of expected passes 35669
# of unexpected failures 2
# of unexpected successes 3
# of expected failures 201
# of unsupported tests 359
/disk2/SCRATCH/gcc-build/IRIX64/mips-sgi-irix6.5/gcc-4.1.0-RC1/gcc-4.1.0-RC1/gcc/testsuite/../g++
version 4.1.0 20060219 (prerelease)
=== gcc tests ===
Running target unix/
WARNING: program timed out.
FAIL: gcc.c-torture/compile/20001226-1.c -O2 (test for excess errors)
WARNING: program timed out.
FAIL: gcc.c-torture/compile/20001226-1.c -O3 -fomit-frame-pointer (test for
excess errors)
WARNING: program timed out.
FAIL: gcc.c-torture/compile/20001226-1.c -O3 -g (test for excess errors)
WARNING: program timed out.
FAIL: gcc.c-torture/compile/20001226-1.c -Os (test for excess errors)
FAIL: gcc.dg/special/gcsec-1.c (test for excess errors)
WARNING: gcc.dg/special/gcsec-1.c compilation failed to produce executable
XPASS: gcc.dg/tree-ssa/20040204-1.c scan-tree-dump-times link_error 0
FAIL: gcc.target/mips/mips16e-extends.c scan-assembler seb
=== gcc Summary for unix/ ===
# of expected passes 37205
# of unexpected failures 6
# of unexpected successes 1
# of expected failures 76
# of untested testcases 28
# of unsupported tests 298
Running target unix/-mabi=32
WARNING: program timed out.
FAIL: gcc.c-torture/compile/20001226-1.c -O2 (test for excess errors)
WARNING: program timed out.
FAIL: gcc.c-torture/compile/20001226-1.c -O3 -fomit-frame-pointer (test for
excess errors)
WARNING: program timed out.
FAIL: gcc.c-torture/compile/20001226-1.c -O3 -g (test for excess errors)
WARNING: program timed out.
FAIL: gcc.c-torture/compile/20001226-1.c -Os (test for excess errors)
FAIL: gcc.c-torture/execute/ieee/copysign1.c execution, -O0
FAIL: gcc.c-torture/execute/ieee/copysign1.c execution, -O1
FAIL: gcc.c-torture/execute/ieee/copysign1.c execution, -O2
FAIL: gcc.c-torture/execute/ieee/copysign1.c execution, -O3 -fomit-frame-pointer
FAIL: gcc.c-torture/execute/ieee/copysign1.c execution, -O3
-fomit-frame-pointer -funroll-loops
FAIL: gcc.c-torture/execute/ieee/copysign1.c execution, -O3
-fomit-frame-pointer -funroll-all-loops -finline-functions
FAIL: gcc.c-torture/execute/ieee/copysign1.c execution, -O3 -g
FAIL: gcc.c-torture/execute/ieee/copysign1.c execution, -Os
FAIL: gcc.dg/attr-alias-3.c (test for excess errors)
FAIL: gcc.dg/special/gcsec-1.c (test for excess errors)
WARNING: gcc.dg/special/gcsec-1.c compilation failed to produce executable
XPASS: gcc.dg/tree-ssa/20040204-1.c scan-tree-dump-times link_error 0
FAIL: gcc.dg/tree-ssa/loop-1.c scan-assembler-times foo 5
FAIL: gcc.target/mips/mips16e-extends.c scan-assembler seb
=== gcc Summary for unix/-mabi=32 ===
# of expected passes 37167
# of unexpected failures 16
# of unexpected successes 1
# of expected failures 76
# of untested testcases 28
# of unsupported tests 302
Running target unix/-mabi=64
WARNING: program timed out.
FAIL: gcc.c-torture/compile/20001226-1.c -O2 (test for excess errors)
WARNING: program timed out.
FAIL: gcc.c-torture/compile/20001226-1.c -O3 -fomit-frame-pointer (test for
excess errors)
WARNING: program timed out.
FAIL: gcc.c-torture/compile/20001226-1.c -O3 -g (test for excess errors)
WARNING: program timed out.
FAIL: gcc.c-torture/compile/20001226-1.c -Os (test for excess errors)
FAIL: gcc.dg/special/gcsec-1.c (test for excess errors)
WARNING: gcc.dg/special/gcsec-1.c compilation failed to produce executable
XPASS: gcc.dg/tree-ssa/20040204-1.c scan-tree-dump-times link_error 0
=== gcc Summary for unix/-mabi=64 ===
# of expected passes 37094
# of unexpected failures 5
# of unexpected successes 1
# of expected failures 76
# of untested testcases 28
# of unsupported tests 304
=== gcc Summary ===
# of expected passes 111466
# of unexpected failures 27
# of unexpected successes 3
# of expected failures 228
# of untested testcases 84
# of unsupported tests 904
/disk2/SCRATCH/gcc-build/IRIX64/mips-sgi-irix6.5/gcc-4.1.0-RC1/gcc-4.1.0-RC1/gcc/xgcc
version 4.1.0 20060219 (prerelease)
=== gfortran tests ===
Running target unix/
FAIL: gfortran.dg/csqrt_2.f -O3 -fomit-frame-pointer -funroll-loops execution test
FAIL: gfortran.dg/csqrt_2.f -O3 -fomit-frame-pointer -funroll-all-loops
-finline-functions execution test
FAIL: gfortran.dg/large_real_kind_form_io_2.f90 -O0 execution test
FAIL: gfortran.dg/large_real_kind_form_io_2.f90 -O1 execution test
FAIL: gfortran.dg/large_real_kind_form_io_2.f90 -O2 execution test
FAIL: gfortran.dg/large_real_kind_form_io_2.f90 -O3 -fomit-frame-pointer
execution test
FAIL: gfortran.dg/large_real_kind_form_io_2.f90 -O3 -fomit-frame-pointer
-funroll-loops execution test
FAIL: gfortran.dg/large_real_kind_form_io_2.f90 -O3 -fomit-frame-pointer
-funroll-all-loops -finline-functions execution test
FAIL: gfortran.dg/large_real_kind_form_io_2.f90 -O3 -g execution test
FAIL: gfortran.dg/large_real_kind_form_io_2.f90 -Os execution test
FAIL: gfortran.fortran-torture/execute/intrinsic_abs.f90 execution, -O0
FAIL: gfortran.fortran-torture/execute/intrinsic_abs.f90 execution, -O1
FAIL: gfortran.fortran-torture/execute/intrinsic_abs.f90 execution, -O2
FAIL: gfortran.fortran-torture/execute/intrinsic_abs.f90 execution, -O3
-fomit-frame-pointer
FAIL: gfortran.fortran-torture/execute/intrinsic_abs.f90 execution, -O3
-fomit-frame-pointer -funroll-loops
FAIL: gfortran.fortran-torture/execute/intrinsic_abs.f90 execution, -O3
-fomit-frame-pointer -funroll-all-loops -finline-functions
FAIL: gfortran.fortran-torture/execute/intrinsic_abs.f90 execution, -O3 -g
FAIL: gfortran.fortran-torture/execute/intrinsic_abs.f90 execution, -Os
=== gfortran Summary for unix/ ===
# of expected passes 11578
# of unexpected failures 18
# of expected failures 12
# of unsupported tests 26
Running target unix/-mabi=32
XPASS: gfortran.dg/g77/cabs.f -O0 execution test
XPASS: gfortran.dg/g77/cabs.f -O1 execution test
XPASS: gfortran.dg/g77/cabs.f -O2 execution test
XPASS: gfortran.dg/g77/cabs.f -O3 -fomit-frame-pointer execution test
XPASS: gfortran.dg/g77/cabs.f -O3 -fomit-frame-pointer -funroll-loops
execution test
XPASS: gfortran.dg/g77/cabs.f -O3 -fomit-frame-pointer -funroll-all-loops
-finline-functions execution test
XPASS: gfortran.dg/g77/cabs.f -O3 -g execution test
XPASS: gfortran.dg/g77/cabs.f -Os execution test
FAIL: gfortran.fortran-torture/execute/intrinsic_set_exponent.f90 execution, -O0
FAIL: gfortran.fortran-torture/execute/intrinsic_set_exponent.f90 execution, -O1
FAIL: gfortran.fortran-torture/execute/intrinsic_set_exponent.f90 execution, -O2
FAIL: gfortran.fortran-torture/execute/intrinsic_set_exponent.f90 execution,
-O3 -fomit-frame-pointer
FAIL: gfortran.fortran-torture/execute/intrinsic_set_exponent.f90 execution,
-O3 -fomit-frame-pointer -funroll-loops
FAIL: gfortran.fortran-torture/execute/intrinsic_set_exponent.f90 execution,
-O3 -fomit-frame-pointer -funroll-all-loops -finline-functions
FAIL: gfortran.fortran-torture/execute/intrinsic_set_exponent.f90 execution,
-O3 -g
FAIL: gfortran.fortran-torture/execute/intrinsic_set_exponent.f90 execution, -Os
=== gfortran Summary for unix/-mabi=32 ===
# of expected passes 11476
# of unexpected failures 8
# of unexpected successes 8
# of expected failures 4
# of unsupported tests 82
Running target unix/-mabi=64
FAIL: gfortran.dg/csqrt_2.f -O3 -fomit-frame-pointer -funroll-loops execution test
FAIL: gfortran.dg/csqrt_2.f -O3 -fomit-frame-pointer -funroll-all-loops
-finline-functions execution test
FAIL: gfortran.dg/large_real_kind_form_io_2.f90 -O0 execution test
FAIL: gfortran.dg/large_real_kind_form_io_2.f90 -O1 execution test
FAIL: gfortran.dg/large_real_kind_form_io_2.f90 -O2 execution test
FAIL: gfortran.dg/large_real_kind_form_io_2.f90 -O3 -fomit-frame-pointer
execution test
FAIL: gfortran.dg/large_real_kind_form_io_2.f90 -O3 -fomit-frame-pointer
-funroll-loops execution test
FAIL: gfortran.dg/large_real_kind_form_io_2.f90 -O3 -fomit-frame-pointer
-funroll-all-loops -finline-functions execution test
FAIL: gfortran.dg/large_real_kind_form_io_2.f90 -O3 -g execution test
FAIL: gfortran.dg/large_real_kind_form_io_2.f90 -Os execution test
FAIL: gfortran.fortran-torture/execute/intrinsic_abs.f90 execution, -O0
FAIL: gfortran.fortran-torture/execute/intrinsic_abs.f90 execution, -O1
FAIL: gfortran.fortran-torture/execute/intrinsic_abs.f90 execution, -O2
FAIL: gfortran.fortran-torture/execute/intrinsic_abs.f90 execution, -O3
-fomit-frame-pointer
FAIL: gfortran.fortran-torture/execute/intrinsic_abs.f90 execution, -O3
-fomit-frame-pointer -funroll-loops
FAIL: gfortran.fortran-torture/execute/intrinsic_abs.f90 execution, -O3
-fomit-frame-pointer -funroll-all-loops -finline-functions
FAIL: gfortran.fortran-torture/execute/intrinsic_abs.f90 execution, -O3 -g
FAIL: gfortran.fortran-torture/execute/intrinsic_abs.f90 execution, -Os
=== gfortran Summary for unix/-mabi=64 ===
# of expected passes 11578
# of unexpected failures 18
# of expected failures 12
# of unsupported tests 26
=== gfortran Summary ===
# of expected passes 34632
# of unexpected failures 44
# of unexpected successes 8
# of expected failures 28
# of unsupported tests 134
/disk2/SCRATCH/gcc-build/IRIX64/mips-sgi-irix6.5/gcc-4.1.0-RC1/gcc-4.1.0-RC1/gcc/testsuite/../gfortran
version 4.1.0 20060219 (prerelease)
=== obj-c++ tests ===
Running target unix/
FAIL: obj-c++.dg/cxx-ivars-2.mm execution test
FAIL: obj-c++.dg/encode-8.mm execution test
FAIL: obj-c++.dg/isa-field-1.mm (test for excess errors)
FAIL: obj-c++.dg/lookup-2.mm (test for excess errors)
WARNING: obj-c++.dg/lookup-2.mm compilation failed to produce executable
FAIL: obj-c++.dg/try-catch-2.mm (test for excess errors)
WARNING: obj-c++.dg/try-catch-2.mm compilation failed to produce executable
FAIL: obj-c++.dg/try-catch-9.mm (test for excess errors)
WARNING: obj-c++.dg/try-catch-9.mm compilation failed to produce executable
=== obj-c++ Summary for unix/ ===
# of expected passes 423
# of unexpected failures 6
# of unsupported tests 13
Running target unix/-mabi=32
FAIL: obj-c++.dg/cxx-ivars-2.mm execution test
FAIL: obj-c++.dg/encode-8.mm execution test
FAIL: obj-c++.dg/isa-field-1.mm (test for excess errors)
FAIL: obj-c++.dg/lookup-2.mm (test for excess errors)
WARNING: obj-c++.dg/lookup-2.mm compilation failed to produce executable
FAIL: obj-c++.dg/try-catch-2.mm (test for excess errors)
WARNING: obj-c++.dg/try-catch-2.mm compilation failed to produce executable
FAIL: obj-c++.dg/try-catch-9.mm (test for excess errors)
WARNING: obj-c++.dg/try-catch-9.mm compilation failed to produce executable
=== obj-c++ Summary for unix/-mabi=32 ===
# of expected passes 423
# of unexpected failures 6
# of unsupported tests 13
Running target unix/-mabi=64
FAIL: obj-c++.dg/bitfield-1.mm (test for excess errors)
FAIL: obj-c++.dg/bitfield-4.mm (test for excess errors)
FAIL: obj-c++.dg/cxx-ivars-2.mm execution test
FAIL: obj-c++.dg/encode-3.mm execution test
FAIL: obj-c++.dg/encode-8.mm execution test
FAIL: obj-c++.dg/isa-field-1.mm (test for excess errors)
FAIL: obj-c++.dg/layout-1.mm (test for excess errors)
FAIL: obj-c++.dg/lookup-2.mm (test for excess errors)
WARNING: obj-c++.dg/lookup-2.mm compilation failed to produce executable
FAIL: obj-c++.dg/try-catch-2.mm (test for excess errors)
WARNING: obj-c++.dg/try-catch-2.mm compilation failed to produce executable
FAIL: obj-c++.dg/try-catch-9.mm (test for excess errors)
WARNING: obj-c++.dg/try-catch-9.mm compilation failed to produce executable
=== obj-c++ Summary for unix/-mabi=64 ===
# of expected passes 419
# of unexpected failures 10
# of unsupported tests 13
=== obj-c++ Summary ===
# of expected passes 1265
# of unexpected failures 22
# of unsupported tests 39
/disk2/SCRATCH/gcc-build/IRIX64/mips-sgi-irix6.5/gcc-4.1.0-RC1/gcc-4.1.0-RC1/gcc/testsuite/../g++
version 4.1.0 20060219 (prerelease)
=== objc tests ===
Running target unix/
FAIL: objc.dg/stabs-1.m scan-assembler
(.SUBSPA.*[\$]CODE[\$]|.text"?)\\n\\t.stabs.*100,0,0,(\\\\.)?L?L[\$]?etext[0-9]*\\n(\\\\.)?L?L[\$]?etext
=== objc Summary for unix/ ===
# of expected passes 1683
# of unexpected failures 1
# of unsupported tests 22
Running target unix/-mabi=32
FAIL: objc.dg/stabs-1.m scan-assembler
(.SUBSPA.*[\$]CODE[\$]|.text"?)\\n\\t.stabs.*100,0,0,(\\\\.)?L?L[\$]?etext[0-9]*\\n(\\\\.)?L?L[\$]?etext
=== objc Summary for unix/-mabi=32 ===
# of expected passes 1683
# of unexpected failures 1
# of unsupported tests 22
Running target unix/-mabi=64
FAIL: objc.dg/stabs-1.m scan-assembler
(.SUBSPA.*[\$]CODE[\$]|.text"?)\\n\\t.stabs.*100,0,0,(\\\\.)?L?L[\$]?etext[0-9]*\\n(\\\\.)?L?L[\$]?etext
=== objc Summary for unix/-mabi=64 ===
# of expected passes 1683
# of unexpected failures 1
# of unsupported tests 22
=== objc Summary ===
# of expected passes 5049
# of unexpected failures 3
# of unsupported tests 66
/disk2/SCRATCH/gcc-build/IRIX64/mips-sgi-irix6.5/gcc-4.1.0-RC1/gcc-4.1.0-RC1/gcc/xgcc
version 4.1.0 20060219 (prerelease)
=== treelang tests ===
Running target unix/
=== treelang Summary for unix/ ===
# of expected passes 50
Running target unix/-mabi=32
FAIL: treelang/execute/funccall.tree execution test
FAIL: treelang/execute/initial.tree execution test
FAIL: treelang/execute/static.tree execution test
=== treelang Summary for unix/-mabi=32 ===
# of expected passes 47
# of unexpected failures 3
Running target unix/-mabi=64
=== treelang Summary for unix/-mabi=64 ===
# of expected passes 50
=== treelang Summary ===
# of expected passes 147
# of unexpected failures 3
=== libffi tests ===
Running target unix/
FAIL: libffi.call/closure_fn0.c (test for excess errors)
WARNING: libffi.call/closure_fn0.c compilation failed to produce executable
FAIL: libffi.call/closure_fn1.c (test for excess errors)
WARNING: libffi.call/closure_fn1.c compilation failed to produce executable
FAIL: libffi.call/closure_fn2.c (test for excess errors)
WARNING: libffi.call/closure_fn2.c compilation failed to produce executable
FAIL: libffi.call/closure_fn3.c (test for excess errors)
WARNING: libffi.call/closure_fn3.c compilation failed to produce executable
FAIL: libffi.call/closure_fn4.c (test for excess errors)
WARNING: libffi.call/closure_fn4.c compilation failed to produce executable
FAIL: libffi.call/closure_fn5.c (test for excess errors)
WARNING: libffi.call/closure_fn5.c compilation failed to produce executable
FAIL: libffi.call/cls_12byte.c (test for excess errors)
WARNING: libffi.call/cls_12byte.c compilation failed to produce executable
FAIL: libffi.call/cls_16byte.c (test for excess errors)
WARNING: libffi.call/cls_16byte.c compilation failed to produce executable
FAIL: libffi.call/cls_18byte.c (test for excess errors)
WARNING: libffi.call/cls_18byte.c compilation failed to produce executable
FAIL: libffi.call/cls_19byte.c (test for excess errors)
WARNING: libffi.call/cls_19byte.c compilation failed to produce executable
FAIL: libffi.call/cls_1_1byte.c (test for excess errors)
WARNING: libffi.call/cls_1_1byte.c compilation failed to produce executable
FAIL: libffi.call/cls_20byte.c (test for excess errors)
WARNING: libffi.call/cls_20byte.c compilation failed to produce executable
FAIL: libffi.call/cls_20byte1.c (test for excess errors)
WARNING: libffi.call/cls_20byte1.c compilation failed to produce executable
FAIL: libffi.call/cls_24byte.c (test for excess errors)
WARNING: libffi.call/cls_24byte.c compilation failed to produce executable
FAIL: libffi.call/cls_2byte.c (test for excess errors)
WARNING: libffi.call/cls_2byte.c compilation failed to produce executable
FAIL: libffi.call/cls_3_1byte.c (test for excess errors)
WARNING: libffi.call/cls_3_1byte.c compilation failed to produce executable
FAIL: libffi.call/cls_3byte1.c (test for excess errors)
WARNING: libffi.call/cls_3byte1.c compilation failed to produce executable
FAIL: libffi.call/cls_3byte2.c (test for excess errors)
WARNING: libffi.call/cls_3byte2.c compilation failed to produce executable
FAIL: libffi.call/cls_4_1byte.c (test for excess errors)
WARNING: libffi.call/cls_4_1byte.c compilation failed to produce executable
FAIL: libffi.call/cls_4byte.c (test for excess errors)
WARNING: libffi.call/cls_4byte.c compilation failed to produce executable
FAIL: libffi.call/cls_5_1_byte.c (test for excess errors)
WARNING: libffi.call/cls_5_1_byte.c compilation failed to produce executable
FAIL: libffi.call/cls_5byte.c (test for excess errors)
WARNING: libffi.call/cls_5byte.c compilation failed to produce executable
FAIL: libffi.call/cls_64byte.c (test for excess errors)
WARNING: libffi.call/cls_64byte.c compilation failed to produce executable
FAIL: libffi.call/cls_6_1_byte.c (test for excess errors)
WARNING: libffi.call/cls_6_1_byte.c compilation failed to produce executable
FAIL: libffi.call/cls_6byte.c (test for excess errors)
WARNING: libffi.call/cls_6byte.c compilation failed to produce executable
FAIL: libffi.call/cls_7_1_byte.c (test for excess errors)
WARNING: libffi.call/cls_7_1_byte.c compilation failed to produce executable
FAIL: libffi.call/cls_7byte.c (test for excess errors)
WARNING: libffi.call/cls_7byte.c compilation failed to produce executable
FAIL: libffi.call/cls_8byte.c (test for excess errors)
WARNING: libffi.call/cls_8byte.c compilation failed to produce executable
FAIL: libffi.call/cls_9byte1.c (test for excess errors)
WARNING: libffi.call/cls_9byte1.c compilation failed to produce executable
FAIL: libffi.call/cls_9byte2.c (test for excess errors)
WARNING: libffi.call/cls_9byte2.c compilation failed to produce executable
FAIL: libffi.call/cls_align_double.c (test for excess errors)
WARNING: libffi.call/cls_align_double.c compilation failed to produce executable
FAIL: libffi.call/cls_align_float.c (test for excess errors)
WARNING: libffi.call/cls_align_float.c compilation failed to produce executable
FAIL: libffi.call/cls_align_longdouble.c (test for excess errors)
WARNING: libffi.call/cls_align_longdouble.c compilation failed to produce executable
FAIL: libffi.call/cls_align_pointer.c (test for excess errors)
WARNING: libffi.call/cls_align_pointer.c compilation failed to produce executable
FAIL: libffi.call/cls_align_sint16.c (test for excess errors)
WARNING: libffi.call/cls_align_sint16.c compilation failed to produce executable
FAIL: libffi.call/cls_align_sint32.c (test for excess errors)
WARNING: libffi.call/cls_align_sint32.c compilation failed to produce executable
FAIL: libffi.call/cls_align_sint64.c (test for excess errors)
WARNING: libffi.call/cls_align_sint64.c compilation failed to produce executable
FAIL: libffi.call/cls_align_uint16.c (test for excess errors)
WARNING: libffi.call/cls_align_uint16.c compilation failed to produce executable
FAIL: libffi.call/cls_align_uint32.c (test for excess errors)
WARNING: libffi.call/cls_align_uint32.c compilation failed to produce executable
FAIL: libffi.call/cls_align_uint64.c (test for excess errors)
WARNING: libffi.call/cls_align_uint64.c compilation failed to produce executable
FAIL: libffi.call/cls_double.c (test for excess errors)
WARNING: libffi.call/cls_double.c compilation failed to produce executable
FAIL: libffi.call/cls_float.c (test for excess errors)
WARNING: libffi.call/cls_float.c compilation failed to produce executable
FAIL: libffi.call/cls_multi_schar.c (test for excess errors)
WARNING: libffi.call/cls_multi_schar.c compilation failed to produce executable
FAIL: libffi.call/cls_multi_sshort.c (test for excess errors)
WARNING: libffi.call/cls_multi_sshort.c compilation failed to produce executable
FAIL: libffi.call/cls_multi_sshortchar.c (test for excess errors)
WARNING: libffi.call/cls_multi_sshortchar.c compilation failed to produce executable
FAIL: libffi.call/cls_multi_uchar.c (test for excess errors)
WARNING: libffi.call/cls_multi_uchar.c compilation failed to produce executable
FAIL: libffi.call/cls_multi_ushort.c (test for excess errors)
WARNING: libffi.call/cls_multi_ushort.c compilation failed to produce executable
FAIL: libffi.call/cls_multi_ushortchar.c (test for excess errors)
WARNING: libffi.call/cls_multi_ushortchar.c compilation failed to produce executable
FAIL: libffi.call/cls_schar.c (test for excess errors)
WARNING: libffi.call/cls_schar.c compilation failed to produce executable
FAIL: libffi.call/cls_sint.c (test for excess errors)
WARNING: libffi.call/cls_sint.c compilation failed to produce executable
FAIL: libffi.call/cls_sshort.c (test for excess errors)
WARNING: libffi.call/cls_sshort.c compilation failed to produce executable
FAIL: libffi.call/cls_uchar.c (test for excess errors)
WARNING: libffi.call/cls_uchar.c compilation failed to produce executable
FAIL: libffi.call/cls_uint.c (test for excess errors)
WARNING: libffi.call/cls_uint.c compilation failed to produce executable
FAIL: libffi.call/cls_ulonglong.c (test for excess errors)
WARNING: libffi.call/cls_ulonglong.c compilation failed to produce executable
FAIL: libffi.call/cls_ushort.c (test for excess errors)
WARNING: libffi.call/cls_ushort.c compilation failed to produce executable
FAIL: libffi.call/nested_struct.c (test for excess errors)
WARNING: libffi.call/nested_struct.c compilation failed to produce executable
FAIL: libffi.call/nested_struct1.c (test for excess errors)
WARNING: libffi.call/nested_struct1.c compilation failed to produce executable
FAIL: libffi.call/nested_struct2.c (test for excess errors)
WARNING: libffi.call/nested_struct2.c compilation failed to produce executable
FAIL: libffi.call/nested_struct3.c (test for excess errors)
WARNING: libffi.call/nested_struct3.c compilation failed to produce executable
FAIL: libffi.call/problem1.c (test for excess errors)
WARNING: libffi.call/problem1.c compilation failed to produce executable
FAIL: libffi.call/struct6.c execution test
FAIL: libffi.call/struct7.c execution test
FAIL: libffi.special/unwindtest.cc -shared-libgcc -lstdc++ (test for excess errors)
WARNING: libffi.special/unwindtest.cc -shared-libgcc -lstdc++ compilation
failed to produce executable
=== libffi Summary for unix/ ===
# of expected passes 43
# of unexpected failures 63
# of unsupported tests 2
Running target unix/-mabi=32
=== libffi Summary for unix/-mabi=32 ===
# of expected passes 228
# of unsupported tests 2
Running target unix/-mabi=64
FAIL: libffi.call/closure_fn0.c (test for excess errors)
WARNING: libffi.call/closure_fn0.c compilation failed to produce executable
FAIL: libffi.call/closure_fn1.c (test for excess errors)
WARNING: libffi.call/closure_fn1.c compilation failed to produce executable
FAIL: libffi.call/closure_fn2.c (test for excess errors)
WARNING: libffi.call/closure_fn2.c compilation failed to produce executable
FAIL: libffi.call/closure_fn3.c (test for excess errors)
WARNING: libffi.call/closure_fn3.c compilation failed to produce executable
FAIL: libffi.call/closure_fn4.c (test for excess errors)
WARNING: libffi.call/closure_fn4.c compilation failed to produce executable
FAIL: libffi.call/closure_fn5.c (test for excess errors)
WARNING: libffi.call/closure_fn5.c compilation failed to produce executable
FAIL: libffi.call/cls_12byte.c (test for excess errors)
WARNING: libffi.call/cls_12byte.c compilation failed to produce executable
FAIL: libffi.call/cls_16byte.c (test for excess errors)
WARNING: libffi.call/cls_16byte.c compilation failed to produce executable
FAIL: libffi.call/cls_18byte.c (test for excess errors)
WARNING: libffi.call/cls_18byte.c compilation failed to produce executable
FAIL: libffi.call/cls_19byte.c (test for excess errors)
WARNING: libffi.call/cls_19byte.c compilation failed to produce executable
FAIL: libffi.call/cls_1_1byte.c (test for excess errors)
WARNING: libffi.call/cls_1_1byte.c compilation failed to produce executable
FAIL: libffi.call/cls_20byte.c (test for excess errors)
WARNING: libffi.call/cls_20byte.c compilation failed to produce executable
FAIL: libffi.call/cls_20byte1.c (test for excess errors)
WARNING: libffi.call/cls_20byte1.c compilation failed to produce executable
FAIL: libffi.call/cls_24byte.c (test for excess errors)
WARNING: libffi.call/cls_24byte.c compilation failed to produce executable
FAIL: libffi.call/cls_2byte.c (test for excess errors)
WARNING: libffi.call/cls_2byte.c compilation failed to produce executable
FAIL: libffi.call/cls_3_1byte.c (test for excess errors)
WARNING: libffi.call/cls_3_1byte.c compilation failed to produce executable
FAIL: libffi.call/cls_3byte1.c (test for excess errors)
WARNING: libffi.call/cls_3byte1.c compilation failed to produce executable
FAIL: libffi.call/cls_3byte2.c (test for excess errors)
WARNING: libffi.call/cls_3byte2.c compilation failed to produce executable
FAIL: libffi.call/cls_4_1byte.c (test for excess errors)
WARNING: libffi.call/cls_4_1byte.c compilation failed to produce executable
FAIL: libffi.call/cls_4byte.c (test for excess errors)
WARNING: libffi.call/cls_4byte.c compilation failed to produce executable
FAIL: libffi.call/cls_5_1_byte.c (test for excess errors)
WARNING: libffi.call/cls_5_1_byte.c compilation failed to produce executable
FAIL: libffi.call/cls_5byte.c (test for excess errors)
WARNING: libffi.call/cls_5byte.c compilation failed to produce executable
FAIL: libffi.call/cls_64byte.c (test for excess errors)
WARNING: libffi.call/cls_64byte.c compilation failed to produce executable
FAIL: libffi.call/cls_6_1_byte.c (test for excess errors)
WARNING: libffi.call/cls_6_1_byte.c compilation failed to produce executable
FAIL: libffi.call/cls_6byte.c (test for excess errors)
WARNING: libffi.call/cls_6byte.c compilation failed to produce executable
FAIL: libffi.call/cls_7_1_byte.c (test for excess errors)
WARNING: libffi.call/cls_7_1_byte.c compilation failed to produce executable
FAIL: libffi.call/cls_7byte.c (test for excess errors)
WARNING: libffi.call/cls_7byte.c compilation failed to produce executable
FAIL: libffi.call/cls_8byte.c (test for excess errors)
WARNING: libffi.call/cls_8byte.c compilation failed to produce executable
FAIL: libffi.call/cls_9byte1.c (test for excess errors)
WARNING: libffi.call/cls_9byte1.c compilation failed to produce executable
FAIL: libffi.call/cls_9byte2.c (test for excess errors)
WARNING: libffi.call/cls_9byte2.c compilation failed to produce executable
FAIL: libffi.call/cls_align_double.c (test for excess errors)
WARNING: libffi.call/cls_align_double.c compilation failed to produce executable
FAIL: libffi.call/cls_align_float.c (test for excess errors)
WARNING: libffi.call/cls_align_float.c compilation failed to produce executable
FAIL: libffi.call/cls_align_longdouble.c (test for excess errors)
WARNING: libffi.call/cls_align_longdouble.c compilation failed to produce executable
FAIL: libffi.call/cls_align_pointer.c (test for excess errors)
WARNING: libffi.call/cls_align_pointer.c compilation failed to produce executable
FAIL: libffi.call/cls_align_sint16.c (test for excess errors)
WARNING: libffi.call/cls_align_sint16.c compilation failed to produce executable
FAIL: libffi.call/cls_align_sint32.c (test for excess errors)
WARNING: libffi.call/cls_align_sint32.c compilation failed to produce executable
FAIL: libffi.call/cls_align_sint64.c (test for excess errors)
WARNING: libffi.call/cls_align_sint64.c compilation failed to produce executable
FAIL: libffi.call/cls_align_uint16.c (test for excess errors)
WARNING: libffi.call/cls_align_uint16.c compilation failed to produce executable
FAIL: libffi.call/cls_align_uint32.c (test for excess errors)
WARNING: libffi.call/cls_align_uint32.c compilation failed to produce executable
FAIL: libffi.call/cls_align_uint64.c (test for excess errors)
WARNING: libffi.call/cls_align_uint64.c compilation failed to produce executable
FAIL: libffi.call/cls_double.c (test for excess errors)
WARNING: libffi.call/cls_double.c compilation failed to produce executable
FAIL: libffi.call/cls_float.c (test for excess errors)
WARNING: libffi.call/cls_float.c compilation failed to produce executable
FAIL: libffi.call/cls_multi_schar.c (test for excess errors)
WARNING: libffi.call/cls_multi_schar.c compilation failed to produce executable
FAIL: libffi.call/cls_multi_sshort.c (test for excess errors)
WARNING: libffi.call/cls_multi_sshort.c compilation failed to produce executable
FAIL: libffi.call/cls_multi_sshortchar.c (test for excess errors)
WARNING: libffi.call/cls_multi_sshortchar.c compilation failed to produce executable
FAIL: libffi.call/cls_multi_uchar.c (test for excess errors)
WARNING: libffi.call/cls_multi_uchar.c compilation failed to produce executable
FAIL: libffi.call/cls_multi_ushort.c (test for excess errors)
WARNING: libffi.call/cls_multi_ushort.c compilation failed to produce executable
FAIL: libffi.call/cls_multi_ushortchar.c (test for excess errors)
WARNING: libffi.call/cls_multi_ushortchar.c compilation failed to produce executable
FAIL: libffi.call/cls_schar.c (test for excess errors)
WARNING: libffi.call/cls_schar.c compilation failed to produce executable
FAIL: libffi.call/cls_sint.c (test for excess errors)
WARNING: libffi.call/cls_sint.c compilation failed to produce executable
FAIL: libffi.call/cls_sshort.c (test for excess errors)
WARNING: libffi.call/cls_sshort.c compilation failed to produce executable
FAIL: libffi.call/cls_uchar.c (test for excess errors)
WARNING: libffi.call/cls_uchar.c compilation failed to produce executable
FAIL: libffi.call/cls_uint.c (test for excess errors)
WARNING: libffi.call/cls_uint.c compilation failed to produce executable
FAIL: libffi.call/cls_ulonglong.c (test for excess errors)
WARNING: libffi.call/cls_ulonglong.c compilation failed to produce executable
FAIL: libffi.call/cls_ushort.c (test for excess errors)
WARNING: libffi.call/cls_ushort.c compilation failed to produce executable
FAIL: libffi.call/float.c execution test
FAIL: libffi.call/float2.c execution test
FAIL: libffi.call/many.c execution test
FAIL: libffi.call/negint.c execution test
FAIL: libffi.call/nested_struct.c (test for excess errors)
WARNING: libffi.call/nested_struct.c compilation failed to produce executable
FAIL: libffi.call/nested_struct1.c (test for excess errors)
WARNING: libffi.call/nested_struct1.c compilation failed to produce executable
FAIL: libffi.call/nested_struct2.c (test for excess errors)
WARNING: libffi.call/nested_struct2.c compilation failed to produce executable
FAIL: libffi.call/nested_struct3.c (test for excess errors)
WARNING: libffi.call/nested_struct3.c compilation failed to produce executable
FAIL: libffi.call/problem1.c (test for excess errors)
WARNING: libffi.call/problem1.c compilation failed to produce executable
FAIL: libffi.call/promotion.c execution test
FAIL: libffi.call/return_ll.c execution test
FAIL: libffi.call/return_ll1.c output pattern test, is res: 1, 11111133333222
FAIL: libffi.call/return_sc.c execution test
FAIL: libffi.call/return_uc.c execution test
FAIL: libffi.call/strlen.c execution test
FAIL: libffi.call/struct1.c execution test
FAIL: libffi.call/struct2.c execution test
FAIL: libffi.call/struct3.c execution test
FAIL: libffi.call/struct4.c execution test
FAIL: libffi.call/struct5.c execution test
FAIL: libffi.call/struct6.c execution test
FAIL: libffi.call/struct7.c execution test
FAIL: libffi.call/struct8.c execution test
FAIL: libffi.call/struct9.c execution test
FAIL: libffi.special/unwindtest.cc -shared-libgcc -lstdc++ (test for excess errors)
WARNING: libffi.special/unwindtest.cc -shared-libgcc -lstdc++ compilation
failed to produce executable
=== libffi Summary for unix/-mabi=64 ===
# of expected passes 26
# of unexpected failures 80
# of unsupported tests 2
=== libffi Summary ===
# of expected passes 297
# of unexpected failures 143
# of unsupported tests 6
=== libjava tests ===
Running target unix/
FAIL: PR9577 run
FAIL: longfield run
FAIL: shortfield run
FAIL: simple run
FAIL: PR15133 run
FAIL: PR18116 run
FAIL: bytebuffer run
FAIL: calls run
FAIL: cxxtest run
FAIL: directbuffer run
FAIL: field run
FAIL: final_method run
FAIL: findclass run
FAIL: iface run
FAIL: invoke run
FAIL: jniutf run
FAIL: martin run
FAIL: noclass run
FAIL: overload run
FAIL: pr11951 run
FAIL: pr18278 run
FAIL: pr23739 run
FAIL: register run
FAIL: simple_int run
FAIL: throwit run
FAIL: virtual run
FAIL: PR16923 run
FAIL: ArrayStore execution - source compiled test
FAIL: ArrayStore execution - bytecode->native test
FAIL: ArrayStore -O3 execution - source compiled test
FAIL: ArrayStore -O3 execution - bytecode->native test
FAIL: ArrayStore2 execution - source compiled test
FAIL: ArrayStore2 execution - bytecode->native test
FAIL: ArrayStore2 -O3 execution - source compiled test
FAIL: ArrayStore2 -O3 execution - bytecode->native test
FAIL: Array_1 execution - source compiled test
FAIL: Array_1 execution - bytecode->native test
FAIL: Array_1 -O3 execution - source compiled test
FAIL: Array_1 -O3 execution - bytecode->native test
FAIL: Array_2 execution - source compiled test
FAIL: Array_2 execution - bytecode->native test
FAIL: Array_2 -O3 execution - source compiled test
FAIL: Array_2 -O3 execution - bytecode->native test
FAIL: Array_3 execution - source compiled test
FAIL: Array_3 execution - bytecode->native test
FAIL: Array_3 -O3 execution - source compiled test
FAIL: Array_3 -O3 execution - bytecode->native test
FAIL: Class_1 execution - source compiled test
FAIL: Class_1 execution - bytecode->native test
FAIL: Class_1 -O3 execution - source compiled test
FAIL: Class_1 -O3 execution - bytecode->native test
FAIL: CompareNaN execution - source compiled test
FAIL: CompareNaN execution - bytecode->native test
FAIL: CompareNaN -O3 execution - source compiled test
FAIL: CompareNaN -O3 execution - bytecode->native test
FAIL: Divide_1 execution - source compiled test
FAIL: Divide_1 execution - bytecode->native test
FAIL: Divide_1 -O3 execution - source compiled test
FAIL: Divide_1 -O3 execution - bytecode->native test
FAIL: EvaluationOrder execution - source compiled test
FAIL: EvaluationOrder execution - bytecode->native test
FAIL: EvaluationOrder -O3 execution - source compiled test
FAIL: EvaluationOrder -O3 execution - bytecode->native test
FAIL: ExtraClassLoader execution - source compiled test
FAIL: ExtraClassLoader execution - bytecode->native test
FAIL: ExtraClassLoader -O3 execution - source compiled test
FAIL: ExtraClassLoader -O3 execution - bytecode->native test
FAIL: FileHandleGcTest execution - source compiled test
FAIL: FileHandleGcTest execution - bytecode->native test
FAIL: FileHandleGcTest -O3 execution - source compiled test
FAIL: FileHandleGcTest -O3 execution - bytecode->native test
FAIL: Final execution - source compiled test
FAIL: Final execution - bytecode->native test
FAIL: Final -O3 execution - source compiled test
FAIL: Final -O3 execution - bytecode->native test
FAIL: Float_1 execution - source compiled test
FAIL: Float_1 execution - bytecode->native test
FAIL: Float_1 -O3 execution - source compiled test
FAIL: Float_1 -O3 execution - bytecode->native test
FAIL: G19990301_01 execution - source compiled test
FAIL: G19990301_01 execution - bytecode->native test
FAIL: G19990301_01 -O3 execution - source compiled test
FAIL: G19990301_01 -O3 execution - bytecode->native test
FAIL: G19990302_02 execution - source compiled test
FAIL: G19990302_02 execution - bytecode->native test
FAIL: G19990302_02 -O3 execution - source compiled test
FAIL: G19990302_02 -O3 execution - bytecode->native test
FAIL: G19990303_01 execution - source compiled test
FAIL: G19990303_01 execution - bytecode->native test
FAIL: G19990303_01 -O3 execution - source compiled test
FAIL: G19990303_01 -O3 execution - bytecode->native test
FAIL: G19990303_02 execution - source compiled test
FAIL: G19990303_02 execution - bytecode->native test
FAIL: G19990303_02 -O3 execution - source compiled test
FAIL: G19990303_02 -O3 execution - bytecode->native test
FAIL: G19990304_01 execution - source compiled test
FAIL: G19990304_01 execution - bytecode->native test
FAIL: G19990304_01 -O3 execution - source compiled test
FAIL: G19990304_01 -O3 execution - bytecode->native test
FAIL: G19990310_01 execution - source compiled test
FAIL: G19990310_01 execution - bytecode->native test
FAIL: G19990310_01 -O3 execution - source compiled test
FAIL: G19990310_01 -O3 execution - bytecode->native test
FAIL: II execution - source compiled test
FAIL: II execution - bytecode->native test
FAIL: II -O3 execution - source compiled test
FAIL: II -O3 execution - bytecode->native test
FAIL: InterfaceDispatch execution - source compiled test
FAIL: InterfaceDispatch execution - bytecode->native test
FAIL: InterfaceDispatch -O3 execution - source compiled test
FAIL: InterfaceDispatch -O3 execution - bytecode->native test
FAIL: InvokeInterface execution - source compiled test
FAIL: InvokeInterface execution - bytecode->native test
FAIL: InvokeInterface -O3 execution - source compiled test
FAIL: InvokeInterface -O3 execution - bytecode->native test
FAIL: InvokeReturn execution - source compiled test
FAIL: InvokeReturn execution - bytecode->native test
FAIL: InvokeReturn -O3 execution - source compiled test
FAIL: InvokeReturn -O3 execution - bytecode->native test
FAIL: Invoke_1 execution - source compiled test
FAIL: Invoke_1 execution - bytecode->native test
FAIL: Invoke_1 -O3 execution - source compiled test
FAIL: Invoke_1 -O3 execution - bytecode->native test
FAIL: Invoke_2 execution - source compiled test
FAIL: Invoke_2 execution - bytecode->native test
FAIL: Invoke_2 -O3 execution - source compiled test
FAIL: Invoke_2 -O3 execution - bytecode->native test
FAIL: KeepInline execution - source compiled test
FAIL: KeepInline execution - bytecode->native test
FAIL: KeepInline -O3 execution - source compiled test
FAIL: KeepInline -O3 execution - bytecode->native test
FAIL: LargeFile execution - source compiled test
FAIL: LargeFile execution - bytecode->native test
FAIL: LargeFile -O3 execution - source compiled test
FAIL: LargeFile -O3 execution - bytecode->native test
FAIL: MathBuiltin execution - source compiled test
FAIL: MathBuiltin execution - bytecode->native test
FAIL: MathBuiltin -O3 execution - source compiled test
FAIL: MathBuiltin -O3 execution - bytecode->native test
FAIL: Matrix4f execution - source compiled test
FAIL: Matrix4f execution - bytecode->native test
FAIL: Matrix4f -O3 execution - source compiled test
FAIL: Matrix4f -O3 execution - bytecode->native test
FAIL: N19990310_02 execution - source compiled test
FAIL: N19990310_02 execution - bytecode->native test
FAIL: N19990310_02 -O3 execution - source compiled test
FAIL: N19990310_02 -O3 execution - bytecode->native test
FAIL: N19990310_3 execution - source compiled test
FAIL: N19990310_3 execution - bytecode->native test
FAIL: N19990310_3 -O3 execution - source compiled test
FAIL: N19990310_3 -O3 execution - bytecode->native test
FAIL: N19990310_4 execution - source compiled test
FAIL: N19990310_4 execution - bytecode->native test
FAIL: N19990310_4 -O3 execution - source compiled test
FAIL: N19990310_4 -O3 execution - bytecode->native test
FAIL: N19990310_5 execution - source compiled test
FAIL: N19990310_5 execution - bytecode->native test
FAIL: N19990310_5 -O3 execution - source compiled test
FAIL: N19990310_5 -O3 execution - bytecode->native test
FAIL: Overflow execution - source compiled test
FAIL: Overflow execution - bytecode->native test
FAIL: Overflow -O3 execution - source compiled test
FAIL: Overflow -O3 execution - bytecode->native test
FAIL: PR12350 execution - source compiled test
FAIL: PR12350 execution - bytecode->native test
FAIL: PR12350 -O3 execution - source compiled test
FAIL: PR12350 -O3 execution - bytecode->native test
FAIL: PR12416 execution - source compiled test
FAIL: PR12416 execution - bytecode->native test
FAIL: PR12416 -O3 execution - source compiled test
FAIL: PR12416 -O3 execution - bytecode->native test
FAIL: PR12656 execution - source compiled test
FAIL: PR12656 execution - bytecode->native test
FAIL: PR12656 -O3 execution - source compiled test
FAIL: PR12656 -O3 execution - bytecode->native test
FAIL: PR12915 execution - source compiled test
FAIL: PR12915 execution - bytecode->native test
FAIL: PR12915 -O3 execution - source compiled test
FAIL: PR12915 -O3 execution - bytecode->native test
FAIL: PR141 execution - source compiled test
FAIL: PR141 execution - bytecode->native test
FAIL: PR141 -O3 execution - source compiled test
FAIL: PR141 -O3 execution - bytecode->native test
FAIL: PR160 execution - source compiled test
FAIL: PR160 execution - bytecode->native test
FAIL: PR160 -O3 execution - source compiled test
FAIL: PR160 -O3 execution - bytecode->native test
FAIL: PR162 execution - source compiled test
FAIL: PR162 execution - bytecode->native test
FAIL: PR162 -O3 execution - source compiled test
FAIL: PR162 -O3 execution - bytecode->native test
FAIL: PR16867 execution - source compiled test
FAIL: PR16867 execution - bytecode->native test
FAIL: PR16867 -O3 execution - source compiled test
FAIL: PR16867 -O3 execution - bytecode->native test
FAIL: PR18699 execution - source compiled test
FAIL: PR18699 execution - bytecode->native test
FAIL: PR18699 -O3 execution - source compiled test
FAIL: PR18699 -O3 execution - bytecode->native test
FAIL: PR19870 execution - source compiled test
FAIL: PR19870 execution - bytecode->native test
FAIL: PR19870 -O3 execution - source compiled test
FAIL: PR19870 -O3 execution - bytecode->native test
FAIL: PR19870_2 execution - source compiled test
FAIL: PR19870_2 execution - bytecode->native test
FAIL: PR19870_2 -O3 execution - source compiled test
FAIL: PR19870_2 -O3 execution - bytecode->native test
FAIL: PR19921 execution - source compiled test
FAIL: PR19921 execution - bytecode->native test
FAIL: PR19921 -O3 execution - source compiled test
FAIL: PR19921 -O3 execution - bytecode->native test
FAIL: PR20056 execution - source compiled test
FAIL: PR20056 execution - bytecode->native test
FAIL: PR20056 -O3 execution - source compiled test
FAIL: PR20056 -O3 execution - bytecode->native test
FAIL: PR218 execution - source compiled test
FAIL: PR218 execution - bytecode->native test
FAIL: PR218 -O3 execution - source compiled test
FAIL: PR218 -O3 execution - bytecode->native test
FAIL: PR242 execution - source compiled test
FAIL: PR242 execution - bytecode->native test
FAIL: PR242 -O3 execution - source compiled test
FAIL: PR242 -O3 execution - bytecode->native test
FAIL: PR260 execution - source compiled test
FAIL: PR260 execution - bytecode->native test
FAIL: PR260 -O3 execution - source compiled test
FAIL: PR260 -O3 execution - bytecode->native test
FAIL: PR3096 execution - source compiled test
FAIL: PR3096 execution - bytecode->native test
FAIL: PR3096 -O3 execution - source compiled test
FAIL: PR3096 -O3 execution - bytecode->native test
FAIL: PR3731 execution - source compiled test
FAIL: PR3731 execution - bytecode->native test
FAIL: PR3731 -O3 execution - source compiled test
FAIL: PR3731 -O3 execution - bytecode->native test
FAIL: PR5057 execution - source compiled test
FAIL: PR5057 execution - bytecode->native test
FAIL: PR5057 -O3 execution - source compiled test
FAIL: PR5057 -O3 execution - bytecode->native test
FAIL: PR5057_2 execution - source compiled test
FAIL: PR5057_2 execution - bytecode->native test
FAIL: PR5057_2 -O3 execution - source compiled test
FAIL: PR5057_2 -O3 execution - bytecode->native test
FAIL: PR55 execution - source compiled test
FAIL: PR55 execution - bytecode->native test
FAIL: PR55 -O3 execution - source compiled test
FAIL: PR55 -O3 execution - bytecode->native test
FAIL: PR56 execution - source compiled test
FAIL: PR56 execution - bytecode->native test
FAIL: PR56 -O3 execution - source compiled test
FAIL: PR56 -O3 execution - bytecode->native test
FAIL: PR6085 execution - source compiled test
FAIL: PR6085 execution - bytecode->native test
FAIL: PR6085 -O3 execution - source compiled test
FAIL: PR6085 -O3 execution - bytecode->native test
FAIL: PR6204 execution - source compiled test
FAIL: PR6204 execution - bytecode->native test
FAIL: PR6204 -O3 execution - source compiled test
FAIL: PR6204 -O3 execution - bytecode->native test
FAIL: PR6729 execution - source compiled test
FAIL: PR6729 execution - bytecode->native test
FAIL: PR6729 -O3 execution - source compiled test
FAIL: PR6729 -O3 execution - bytecode->native test
FAIL: PR6820 execution - source compiled test
FAIL: PR6820 execution - bytecode->native test
FAIL: PR6820 -O3 execution - source compiled test
FAIL: PR6820 -O3 execution - bytecode->native test
FAIL: PR7482 execution - source compiled test
FAIL: PR7482 execution - bytecode->native test
FAIL: PR7482 -O3 execution - source compiled test
FAIL: PR7482 -O3 execution - bytecode->native test
FAIL: Process_1 execution - source compiled test
FAIL: Process_1 execution - bytecode->native test
FAIL: Process_1 -O3 execution - source compiled test
FAIL: Process_1 -O3 execution - bytecode->native test
FAIL: Process_2 execution - source compiled test
FAIL: Process_2 execution - bytecode->native test
FAIL: Process_2 -O3 execution - source compiled test
FAIL: Process_2 -O3 execution - bytecode->native test
FAIL: Process_3 execution - source compiled test
FAIL: Process_3 execution - bytecode->native test
FAIL: Process_3 -O3 execution - source compiled test
FAIL: Process_3 -O3 execution - bytecode->native test
FAIL: Process_4 execution - source compiled test
FAIL: Process_4 execution - bytecode->native test
FAIL: Process_4 -O3 execution - source compiled test
FAIL: Process_4 -O3 execution - bytecode->native test
FAIL: Process_5 execution - source compiled test
FAIL: Process_5 execution - bytecode->native test
FAIL: Process_5 -O3 execution - source compiled test
FAIL: Process_5 -O3 execution - bytecode->native test
FAIL: Process_6 execution - source compiled test
FAIL: Process_6 execution - bytecode->native test
FAIL: Process_6 -O3 execution - source compiled test
FAIL: Process_6 -O3 execution - bytecode->native test
FAIL: Serialization execution - source compiled test
FAIL: Serialization execution - bytecode->native test
FAIL: Serialization -O3 execution - source compiled test
FAIL: Serialization -O3 execution - bytecode->native test
FAIL: Shazam execution - source compiled test
FAIL: Shazam execution - bytecode->native test
FAIL: Shazam -O3 execution - source compiled test
FAIL: Shazam -O3 execution - bytecode->native test
FAIL: StaticConstructor execution - source compiled test
FAIL: StaticConstructor execution - bytecode->native test
FAIL: StaticConstructor -O3 execution - source compiled test
FAIL: StaticConstructor -O3 execution - bytecode->native test
FAIL: StringBuffer_1 execution - source compiled test
FAIL: StringBuffer_1 execution - bytecode->native test
FAIL: StringBuffer_1 -O3 execution - source compiled test
FAIL: StringBuffer_1 -O3 execution - bytecode->native test
FAIL: StringBuffer_overflow execution - source compiled test
FAIL: StringBuffer_overflow execution - bytecode->native test
FAIL: StringBuffer_overflow -O3 execution - source compiled test
FAIL: StringBuffer_overflow -O3 execution - bytecode->native test
FAIL: String_overflow execution - source compiled test
FAIL: String_overflow execution - bytecode->native test
FAIL: String_overflow -O3 execution - source compiled test
FAIL: String_overflow -O3 execution - bytecode->native test
FAIL: SyncGlobal execution - source compiled test
FAIL: SyncGlobal execution - bytecode->native test
FAIL: SyncGlobal -O3 execution - source compiled test
FAIL: SyncGlobal -O3 execution - bytecode->native test
FAIL: SyncTest execution - source compiled test
FAIL: SyncTest execution - bytecode->native test
FAIL: SyncTest -O3 execution - source compiled test
FAIL: SyncTest -O3 execution - bytecode->native test
FAIL: Synch execution - source compiled test
FAIL: Synch execution - bytecode->native test
FAIL: Synch -O3 execution - source compiled test
FAIL: Synch -O3 execution - bytecode->native test
FAIL: TLtest execution - source compiled test
FAIL: TLtest execution - bytecode->native test
FAIL: TLtest -O3 execution - source compiled test
FAIL: TLtest -O3 execution - bytecode->native test
FAIL: TestProxy execution - source compiled test
FAIL: TestProxy execution - bytecode->native test
FAIL: TestProxy -O3 execution - source compiled test
FAIL: TestProxy -O3 execution - bytecode->native test
FAIL: Thread_Alive execution - source compiled test
FAIL: Thread_Alive execution - bytecode->native test
FAIL: Thread_Alive -O3 execution - source compiled test
FAIL: Thread_Alive -O3 execution - bytecode->native test
FAIL: Thread_HoldsLock execution - source compiled test
FAIL: Thread_HoldsLock execution - bytecode->native test
FAIL: Thread_HoldsLock -O3 execution - source compiled test
FAIL: Thread_HoldsLock -O3 execution - bytecode->native test
FAIL: Thread_Interrupt execution - source compiled test
FAIL: Thread_Interrupt execution - bytecode->native test
FAIL: Thread_Interrupt -O3 execution - source compiled test
FAIL: Thread_Interrupt -O3 execution - bytecode->native test
FAIL: Thread_Join execution - source compiled test
FAIL: Thread_Join execution - bytecode->native test
FAIL: Thread_Join -O3 execution - source compiled test
FAIL: Thread_Join -O3 execution - bytecode->native test
FAIL: Thread_Monitor execution - source compiled test
FAIL: Thread_Monitor execution - bytecode->native test
FAIL: Thread_Monitor -O3 execution - source compiled test
FAIL: Thread_Monitor -O3 execution - bytecode->native test
FAIL: Thread_Sleep execution - source compiled test
FAIL: Thread_Sleep execution - bytecode->native test
FAIL: Thread_Sleep -O3 execution - source compiled test
FAIL: Thread_Sleep -O3 execution - bytecode->native test
FAIL: Thread_Wait execution - source compiled test
FAIL: Thread_Wait execution - bytecode->native test
FAIL: Thread_Wait -O3 execution - source compiled test
FAIL: Thread_Wait -O3 execution - bytecode->native test
FAIL: Thread_Wait_2 execution - source compiled test
FAIL: Thread_Wait_2 execution - bytecode->native test
FAIL: Thread_Wait_2 -O3 execution - source compiled test
FAIL: Thread_Wait_2 -O3 execution - bytecode->native test
FAIL: Thread_Wait_Interrupt execution - source compiled test
FAIL: Thread_Wait_Interrupt execution - bytecode->native test
FAIL: Thread_Wait_Interrupt -O3 execution - source compiled test
FAIL: Thread_Wait_Interrupt -O3 execution - bytecode->native test
FAIL: Throw_1 execution - source compiled test
FAIL: Throw_1 execution - bytecode->native test
FAIL: Throw_1 -O3 execution - source compiled test
FAIL: Throw_1 -O3 execution - bytecode->native test
FAIL: Throw_2 execution - source compiled test
FAIL: Throw_2 execution - bytecode->native test
FAIL: Throw_2 -O3 execution - source compiled test
FAIL: Throw_2 -O3 execution - bytecode->native test
FAIL: anfi execution - source compiled test
FAIL: anfi execution - bytecode->native test
FAIL: anfi -O3 execution - source compiled test
FAIL: anfi -O3 execution - bytecode->native test
FAIL: anon execution - source compiled test
FAIL: anon execution - bytecode->native test
FAIL: anon -O3 execution - source compiled test
FAIL: anon -O3 execution - bytecode->native test
FAIL: anon2 execution - source compiled test
FAIL: anon2 execution - bytecode->native test
FAIL: anon2 -O3 execution - source compiled test
FAIL: anon2 -O3 execution - bytecode->native test
FAIL: anon3 execution - source compiled test
FAIL: anon3 execution - bytecode->native test
FAIL: anon3 -O3 execution - source compiled test
FAIL: anon3 -O3 execution - bytecode->native test
FAIL: anon4 execution - source compiled test
FAIL: anon4 execution - bytecode->native test
FAIL: anon4 -O3 execution - source compiled test
FAIL: anon4 -O3 execution - bytecode->native test
FAIL: anon_ctor_itf_arg execution - source compiled test
FAIL: anon_ctor_itf_arg execution - bytecode->native test
FAIL: anon_ctor_itf_arg -O3 execution - source compiled test
FAIL: anon_ctor_itf_arg -O3 execution - bytecode->native test
FAIL: anonarray execution - source compiled test
FAIL: anonarray execution - bytecode->native test
FAIL: anonarray -O3 execution - source compiled test
FAIL: anonarray -O3 execution - bytecode->native test
FAIL: anonarray2 execution - source compiled test
FAIL: anonarray2 execution - bytecode->native test
FAIL: anonarray2 -O3 execution - source compiled test
FAIL: anonarray2 -O3 execution - bytecode->native test
FAIL: anonarray3 execution - source compiled test
FAIL: anonarray3 execution - bytecode->native test
FAIL: anonarray3 -O3 execution - source compiled test
FAIL: anonarray3 -O3 execution - bytecode->native test
FAIL: assign execution - source compiled test
FAIL: assign execution - bytecode->native test
FAIL: assign -O3 execution - source compiled test
FAIL: assign -O3 execution - bytecode->native test
FAIL: assign2 execution - source compiled test
FAIL: assign2 execution - bytecode->native test
FAIL: assign2 -O3 execution - source compiled test
FAIL: assign2 -O3 execution - bytecode->native test
FAIL: bclink execution - source compiled test
FAIL: bclink execution - bytecode->native test
FAIL: bclink -O3 execution - source compiled test
FAIL: bclink -O3 execution - bytecode->native test
FAIL: bytearray execution - source compiled test
FAIL: bytearray execution - bytecode->native test
FAIL: bytearray -O3 execution - source compiled test
FAIL: bytearray -O3 execution - bytecode->native test
FAIL: direct_read execution - source compiled test
FAIL: direct_read execution - bytecode->native test
FAIL: direct_read -O3 execution - source compiled test
FAIL: direct_read -O3 execution - bytecode->native test
FAIL: direct_write execution - source compiled test
FAIL: direct_write execution - bytecode->native test
FAIL: direct_write -O3 execution - source compiled test
FAIL: direct_write -O3 execution - bytecode->native test
FAIL: emptystring execution - source compiled test
FAIL: emptystring execution - bytecode->native test
FAIL: emptystring -O3 execution - source compiled test
FAIL: emptystring -O3 execution - bytecode->native test
FAIL: err1 execution - source compiled test
FAIL: err1 execution - bytecode->native test
FAIL: err1 -O3 execution - source compiled test
FAIL: err1 -O3 execution - bytecode->native test
FAIL: err10 execution - source compiled test
FAIL: err10 execution - bytecode->native test
FAIL: err10 -O3 execution - source compiled test
FAIL: err10 -O3 execution - bytecode->native test
FAIL: err11 execution - source compiled test
FAIL: err11 execution - bytecode->native test
FAIL: err11 -O3 execution - source compiled test
FAIL: err11 -O3 execution - bytecode->native test
FAIL: err12 execution - source compiled test
FAIL: err12 execution - bytecode->native test
FAIL: err12 -O3 execution - source compiled test
FAIL: err12 -O3 execution - bytecode->native test
FAIL: err13 execution - source compiled test
FAIL: err13 execution - bytecode->native test
FAIL: err13 -O3 execution - source compiled test
FAIL: err13 -O3 execution - bytecode->native test
FAIL: err14 execution - source compiled test
FAIL: err14 execution - bytecode->native test
FAIL: err14 -O3 execution - source compiled test
FAIL: err14 -O3 execution - bytecode->native test
FAIL: err2 execution - source compiled test
FAIL: err2 execution - bytecode->native test
FAIL: err2 -O3 execution - source compiled test
FAIL: err2 -O3 execution - bytecode->native test
FAIL: err3 execution - source compiled test
FAIL: err3 execution - bytecode->native test
FAIL: err3 -O3 execution - source compiled test
FAIL: err3 -O3 execution - bytecode->native test
FAIL: err4 execution - source compiled test
FAIL: err4 execution - bytecode->native test
FAIL: err4 -O3 execution - source compiled test
FAIL: err4 -O3 execution - bytecode->native test
FAIL: err5 execution - source compiled test
FAIL: err5 execution - bytecode->native test
FAIL: err5 -O3 execution - source compiled test
FAIL: err5 -O3 execution - bytecode->native test
FAIL: err6 execution - source compiled test
FAIL: err6 execution - bytecode->native test
FAIL: err6 -O3 execution - source compiled test
FAIL: err6 -O3 execution - bytecode->native test
FAIL: err7 execution - source compiled test
FAIL: err7 execution - bytecode->native test
FAIL: err7 -O3 execution - source compiled test
FAIL: err7 -O3 execution - bytecode->native test
FAIL: err8 execution - source compiled test
FAIL: err8 execution - bytecode->native test
FAIL: err8 -O3 execution - source compiled test
FAIL: err8 -O3 execution - bytecode->native test
FAIL: err9 execution - source compiled test
FAIL: err9 execution - bytecode->native test
FAIL: err9 -O3 execution - source compiled test
FAIL: err9 -O3 execution - bytecode->native test
FAIL: final_inner execution - source compiled test
FAIL: final_inner execution - bytecode->native test
FAIL: final_inner -O3 execution - source compiled test
FAIL: final_inner -O3 execution - bytecode->native test
FAIL: final_int execution - source compiled test
FAIL: final_int execution - bytecode->native test
FAIL: final_int -O3 execution - source compiled test
FAIL: final_int -O3 execution - bytecode->native test
FAIL: final_static_and_friend execution - source compiled test
FAIL: final_static_and_friend execution - bytecode->native test
FAIL: final_static_and_friend -O3 execution - source compiled test
FAIL: final_static_and_friend -O3 execution - bytecode->native test
FAIL: indirect execution - source compiled test
FAIL: indirect execution - bytecode->native test
FAIL: indirect -O3 execution - source compiled test
FAIL: indirect -O3 execution - bytecode->native test
FAIL: indirect_read execution - source compiled test
FAIL: indirect_read execution - bytecode->native test
FAIL: indirect_read -O3 execution - source compiled test
FAIL: indirect_read -O3 execution - bytecode->native test
FAIL: indirect_write execution - source compiled test
FAIL: indirect_write execution - bytecode->native test
FAIL: indirect_write -O3 execution - source compiled test
FAIL: indirect_write -O3 execution - bytecode->native test
FAIL: initexc execution - source compiled test
FAIL: initexc execution - bytecode->native test
FAIL: initexc -O3 execution - source compiled test
FAIL: initexc -O3 execution - bytecode->native test
FAIL: initfield execution - source compiled test
FAIL: initfield execution - bytecode->native test
FAIL: initfield -O3 execution - source compiled test
FAIL: initfield -O3 execution - bytecode->native test
FAIL: inline execution - source compiled test
FAIL: inline execution - bytecode->native test
FAIL: inline -O3 execution - source compiled test
FAIL: inline -O3 execution - bytecode->native test
FAIL: inner1 execution - source compiled test
FAIL: inner1 execution - bytecode->native test
FAIL: inner1 -O3 execution - source compiled test
FAIL: inner1 -O3 execution - bytecode->native test
FAIL: inner2 execution - source compiled test
FAIL: inner2 execution - bytecode->native test
FAIL: inner2 -O3 execution - source compiled test
FAIL: inner2 -O3 execution - bytecode->native test
FAIL: inner3 execution - source compiled test
FAIL: inner3 execution - bytecode->native test
FAIL: inner3 -O3 execution - source compiled test
FAIL: inner3 -O3 execution - bytecode->native test
FAIL: inner4 execution - source compiled test
FAIL: inner4 execution - bytecode->native test
FAIL: inner4 -O3 execution - source compiled test
FAIL: inner4 -O3 execution - bytecode->native test
FAIL: inner_array execution - source compiled test
FAIL: inner_array execution - bytecode->native test
FAIL: inner_array -O3 execution - source compiled test
FAIL: inner_array -O3 execution - bytecode->native test
FAIL: inner_interface execution - source compiled test
FAIL: inner_interface execution - bytecode->native test
FAIL: inner_interface -O3 execution - source compiled test
FAIL: inner_interface -O3 execution - bytecode->native test
FAIL: instance execution - source compiled test
FAIL: instance execution - bytecode->native test
FAIL: instance -O3 execution - source compiled test
FAIL: instance -O3 execution - bytecode->native test
FAIL: instinit execution - source compiled test
FAIL: instinit execution - bytecode->native test
FAIL: instinit -O3 execution - source compiled test
FAIL: instinit -O3 execution - bytecode->native test
FAIL: instinit2 execution - source compiled test
FAIL: instinit2 execution - bytecode->native test
FAIL: instinit2 -O3 execution - source compiled test
FAIL: instinit2 -O3 execution - bytecode->native test
FAIL: invoke_from_inner execution - source compiled test
FAIL: invoke_from_inner execution - bytecode->native test
FAIL: invoke_from_inner -O3 execution - source compiled test
FAIL: invoke_from_inner -O3 execution - bytecode->native test
FAIL: invokethrow execution - source compiled test
FAIL: invokethrow execution - bytecode->native test
FAIL: invokethrow -O3 execution - source compiled test
FAIL: invokethrow -O3 execution - bytecode->native test
FAIL: klass execution - source compiled test
FAIL: klass execution - bytecode->native test
FAIL: klass -O3 execution - source compiled test
FAIL: klass -O3 execution - bytecode->native test
FAIL: md5test execution - source compiled test
FAIL: md5test execution - bytecode->native test
FAIL: md5test -O3 execution - source compiled test
FAIL: md5test -O3 execution - bytecode->native test
FAIL: multiple_finit execution - source compiled test
FAIL: multiple_finit execution - bytecode->native test
FAIL: multiple_finit -O3 execution - source compiled test
FAIL: multiple_finit -O3 execution - bytecode->native test
FAIL: negzero execution - source compiled test
FAIL: negzero execution - bytecode->native test
FAIL: negzero -O3 execution - source compiled test
FAIL: negzero -O3 execution - bytecode->native test
FAIL: nested_with_ctor execution - source compiled test
FAIL: nested_with_ctor execution - bytecode->native test
FAIL: nested_with_ctor -O3 execution - source compiled test
FAIL: nested_with_ctor -O3 execution - bytecode->native test
FAIL: newarray_overflow execution - source compiled test
FAIL: newarray_overflow execution - bytecode->native test
FAIL: newarray_overflow -O3 execution - source compiled test
FAIL: newarray_overflow -O3 execution - bytecode->native test
FAIL: override execution - source compiled test
FAIL: override execution - bytecode->native test
FAIL: override -O3 execution - source compiled test
FAIL: override -O3 execution - bytecode->native test
FAIL: pr109 execution - source compiled test
FAIL: pr109 execution - bytecode->native test
FAIL: pr109 -O3 execution - source compiled test
FAIL: pr109 -O3 execution - bytecode->native test
FAIL: pr13107 execution - source compiled test
FAIL: pr13107 execution - bytecode->native test
FAIL: pr13107 -O3 execution - source compiled test
FAIL: pr13107 -O3 execution - bytecode->native test
FAIL: pr13107_2 execution - source compiled test
FAIL: pr13107_2 execution - bytecode->native test
FAIL: pr13107_2 -O3 execution - source compiled test
FAIL: pr13107_2 -O3 execution - bytecode->native test
FAIL: pr13107_3 execution - source compiled test
FAIL: pr13107_3 execution - bytecode->native test
FAIL: pr13107_3 -O3 execution - source compiled test
FAIL: pr13107_3 -O3 execution - bytecode->native test
FAIL: pr133 execution - source compiled test
FAIL: pr133 execution - bytecode->native test
FAIL: pr133 -O3 execution - source compiled test
FAIL: pr133 -O3 execution - bytecode->native test
FAIL: pr16789 execution - source compiled test
FAIL: pr16789 execution - bytecode->native test
FAIL: pr16789 -O3 execution - source compiled test
FAIL: pr16789 -O3 execution - bytecode->native test
FAIL: pr17536 execution - source compiled test
FAIL: pr17536 execution - bytecode->native test
FAIL: pr17536 -O3 execution - source compiled test
FAIL: pr17536 -O3 execution - bytecode->native test
FAIL: pr179 execution - source compiled test
FAIL: pr179 execution - bytecode->native test
FAIL: pr179 -O3 execution - source compiled test
FAIL: pr179 -O3 execution - bytecode->native test
FAIL: pr184 execution - source compiled test
FAIL: pr184 execution - bytecode->native test
FAIL: pr184 -O3 execution - source compiled test
FAIL: pr184 -O3 execution - bytecode->native test
FAIL: pr21785 execution - source compiled test
FAIL: pr21785 execution - bytecode->native test
FAIL: pr21785 -O3 execution - source compiled test
FAIL: pr21785 -O3 execution - bytecode->native test
FAIL: pr21844 execution - source compiled test
FAIL: pr21844 execution - bytecode->native test
FAIL: pr21844 -O3 execution - source compiled test
FAIL: pr21844 -O3 execution - bytecode->native test
FAIL: pr6388 execution - source compiled test
FAIL: pr6388 execution - bytecode->native test
FAIL: pr6388 -O3 execution - source compiled test
FAIL: pr6388 -O3 execution - bytecode->native test
FAIL: pr83 execution - source compiled test
FAIL: pr83 execution - bytecode->native test
FAIL: pr83 -O3 execution - source compiled test
FAIL: pr83 -O3 execution - bytecode->native test
FAIL: pr8415 execution - source compiled test
FAIL: pr8415 execution - bytecode->native test
FAIL: pr8415 -O3 execution - source compiled test
FAIL: pr8415 -O3 execution - bytecode->native test
FAIL: pr8676 execution - source compiled test
FAIL: pr8676 execution - bytecode->native test
FAIL: pr8676 -O3 execution - source compiled test
FAIL: pr8676 -O3 execution - bytecode->native test
FAIL: pr8823 execution - source compiled test
FAIL: pr8823 execution - bytecode->native test
FAIL: pr8823 -O3 execution - source compiled test
FAIL: pr8823 -O3 execution - bytecode->native test
FAIL: pr8945 execution - source compiled test
FAIL: pr8945 execution - bytecode->native test
FAIL: pr8945 -O3 execution - source compiled test
FAIL: pr8945 -O3 execution - bytecode->native test
FAIL: private_direct_read execution - source compiled test
FAIL: private_direct_read execution - bytecode->native test
FAIL: private_direct_read -O3 execution - source compiled test
FAIL: private_direct_read -O3 execution - bytecode->native test
FAIL: search_outer execution - source compiled test
FAIL: search_outer execution - bytecode->native test
FAIL: search_outer -O3 execution - source compiled test
FAIL: search_outer -O3 execution - bytecode->native test
FAIL: shatest execution - source compiled test
FAIL: shatest execution - bytecode->native test
FAIL: shatest -O3 execution - source compiled test
FAIL: shatest -O3 execution - bytecode->native test
FAIL: stringconst execution - source compiled test
FAIL: stringconst execution - bytecode->native test
FAIL: stringconst -O3 execution - source compiled test
FAIL: stringconst -O3 execution - bytecode->native test
FAIL: stringconst2 execution - source compiled test
FAIL: stringconst2 execution - bytecode->native test
FAIL: stringconst2 -O3 execution - source compiled test
FAIL: stringconst2 -O3 execution - bytecode->native test
FAIL: stub execution - source compiled test
FAIL: stub execution - bytecode->native test
FAIL: stub -O3 execution - source compiled test
FAIL: stub -O3 execution - bytecode->native test
FAIL: test_long execution - source compiled test
FAIL: test_long execution - bytecode->native test
FAIL: test_long -O3 execution - source compiled test
FAIL: test_long -O3 execution - bytecode->native test
FAIL: tmi execution - source compiled test
FAIL: tmi execution - bytecode->native test
FAIL: tmi -O3 execution - source compiled test
FAIL: tmi -O3 execution - bytecode->native test
FAIL: tp execution - source compiled test
FAIL: tp execution - bytecode->native test
FAIL: tp -O3 execution - source compiled test
FAIL: tp -O3 execution - bytecode->native test
FAIL: update_outer execution - source compiled test
FAIL: update_outer execution - bytecode->native test
FAIL: update_outer -O3 execution - source compiled test
FAIL: update_outer -O3 execution - bytecode->native test
FAIL: utf8concat execution - source compiled test
FAIL: utf8concat execution - bytecode->native test
FAIL: utf8concat -O3 execution - source compiled test
FAIL: utf8concat -O3 execution - bytecode->native test
FAIL: utilTest execution - source compiled test
FAIL: utilTest execution - bytecode->native test
FAIL: utilTest -O3 execution - source compiled test
FAIL: utilTest -O3 execution - bytecode->native test
FAIL: verify execution - source compiled test
FAIL: verify execution - bytecode->native test
FAIL: verify -O3 execution - source compiled test
FAIL: verify -O3 execution - bytecode->native test
FAIL:
/SCRATCH/gcc-build/IRIX64/mips-sgi-irix6.5/gcc-4.1.0-RC1/gcc-4.1.0-RC1/mips-sgi-irix6.5/libjava/testsuite/TestEarlyGC.exe
execution -
/SCRATCH/gcc-build/IRIX64/mips-sgi-irix6.5/gcc-4.1.0-RC1/gcc-4.1.0-RC1/mips-sgi-irix6.5/libjava/testsuite/TestEarlyGC.exe
FAIL:
/SCRATCH/gcc-build/IRIX64/mips-sgi-irix6.5/gcc-4.1.0-RC1/gcc-4.1.0-RC1/mips-sgi-irix6.5/libjava/testsuite/TestLeak.exe
execution -
/SCRATCH/gcc-build/IRIX64/mips-sgi-irix6.5/gcc-4.1.0-RC1/gcc-4.1.0-RC1/mips-sgi-irix6.5/libjava/testsuite/TestLeak.exe
FAIL:
/SCRATCH/gcc-build/IRIX64/mips-sgi-irix6.5/gcc-4.1.0-RC1/gcc-4.1.0-RC1/mips-sgi-irix6.5/libjava/testsuite/TestMultiple.exe
execution -
/SCRATCH/gcc-build/IRIX64/mips-sgi-irix6.5/gcc-4.1.0-RC1/gcc-4.1.0-RC1/mips-sgi-irix6.5/libjava/testsuite/TestMultiple.exe
FAIL:
/SCRATCH/gcc-build/IRIX64/mips-sgi-irix6.5/gcc-4.1.0-RC1/gcc-4.1.0-RC1/mips-sgi-irix6.5/libjava/testsuite/TestParent.exe
execution -
/SCRATCH/gcc-build/IRIX64/mips-sgi-irix6.5/gcc-4.1.0-RC1/gcc-4.1.0-RC1/mips-sgi-irix6.5/libjava/testsuite/TestParent.exe
FAIL: pr21115 run
=== libjava Summary for unix/ ===
# of expected passes 1823
# of unexpected failures 736
# of expected failures 4
# of untested testcases 746
Running target unix/-mabi=32
FAIL: PR9577 run
FAIL: longfield run
FAIL: shortfield run
FAIL: simple run
FAIL: PR15133 run
FAIL: PR18116 run
FAIL: bytebuffer run
FAIL: calls run
FAIL: cxxtest run
FAIL: directbuffer run
FAIL: field run
FAIL: final_method run
FAIL: findclass run
FAIL: iface run
FAIL: invoke run
FAIL: jniutf run
FAIL: martin run
FAIL: noclass run
FAIL: overload run
FAIL: pr11951 run
FAIL: pr18278 run
FAIL: pr23739 run
FAIL: register run
FAIL: simple_int run
FAIL: throwit run
FAIL: virtual run
FAIL: PR16923 run
FAIL: ArrayStore execution - source compiled test
FAIL: ArrayStore execution - bytecode->native test
FAIL: ArrayStore -O3 execution - source compiled test
FAIL: ArrayStore -O3 execution - bytecode->native test
FAIL: ArrayStore2 execution - source compiled test
FAIL: ArrayStore2 execution - bytecode->native test
FAIL: ArrayStore2 -O3 execution - source compiled test
FAIL: ArrayStore2 -O3 execution - bytecode->native test
FAIL: Array_1 execution - source compiled test
FAIL: Array_1 execution - bytecode->native test
FAIL: Array_1 -O3 execution - source compiled test
FAIL: Array_1 -O3 execution - bytecode->native test
FAIL: Array_2 execution - source compiled test
FAIL: Array_2 execution - bytecode->native test
FAIL: Array_2 -O3 execution - source compiled test
FAIL: Array_2 -O3 execution - bytecode->native test
FAIL: Array_3 execution - source compiled test
FAIL: Array_3 execution - bytecode->native test
FAIL: Array_3 -O3 execution - source compiled test
FAIL: Array_3 -O3 execution - bytecode->native test
FAIL: Class_1 execution - source compiled test
FAIL: Class_1 execution - bytecode->native test
FAIL: Class_1 -O3 execution - source compiled test
FAIL: Class_1 -O3 execution - bytecode->native test
FAIL: CompareNaN execution - source compiled test
FAIL: CompareNaN execution - bytecode->native test
FAIL: CompareNaN -O3 execution - source compiled test
FAIL: CompareNaN -O3 execution - bytecode->native test
FAIL: Divide_1 execution - source compiled test
FAIL: Divide_1 execution - bytecode->native test
FAIL: Divide_1 -O3 execution - source compiled test
FAIL: Divide_1 -O3 execution - bytecode->native test
FAIL: EvaluationOrder execution - source compiled test
FAIL: EvaluationOrder execution - bytecode->native test
FAIL: EvaluationOrder -O3 execution - source compiled test
FAIL: EvaluationOrder -O3 execution - bytecode->native test
FAIL: ExtraClassLoader execution - source compiled test
FAIL: ExtraClassLoader execution - bytecode->native test
FAIL: ExtraClassLoader -O3 execution - source compiled test
FAIL: ExtraClassLoader -O3 execution - bytecode->native test
FAIL: FileHandleGcTest execution - source compiled test
FAIL: FileHandleGcTest execution - bytecode->native test
FAIL: FileHandleGcTest -O3 execution - source compiled test
FAIL: FileHandleGcTest -O3 execution - bytecode->native test
FAIL: Final execution - source compiled test
FAIL: Final execution - bytecode->native test
FAIL: Final -O3 execution - source compiled test
FAIL: Final -O3 execution - bytecode->native test
FAIL: Float_1 execution - source compiled test
FAIL: Float_1 execution - bytecode->native test
FAIL: Float_1 -O3 execution - source compiled test
FAIL: Float_1 -O3 execution - bytecode->native test
FAIL: G19990301_01 execution - source compiled test
FAIL: G19990301_01 execution - bytecode->native test
FAIL: G19990301_01 -O3 execution - source compiled test
FAIL: G19990301_01 -O3 execution - bytecode->native test
FAIL: G19990302_02 execution - source compiled test
FAIL: G19990302_02 execution - bytecode->native test
FAIL: G19990302_02 -O3 execution - source compiled test
FAIL: G19990302_02 -O3 execution - bytecode->native test
FAIL: G19990303_01 execution - source compiled test
FAIL: G19990303_01 execution - bytecode->native test
FAIL: G19990303_01 -O3 execution - source compiled test
FAIL: G19990303_01 -O3 execution - bytecode->native test
FAIL: G19990303_02 execution - source compiled test
FAIL: G19990303_02 execution - bytecode->native test
FAIL: G19990303_02 -O3 execution - source compiled test
FAIL: G19990303_02 -O3 execution - bytecode->native test
FAIL: G19990304_01 execution - source compiled test
FAIL: G19990304_01 execution - bytecode->native test
FAIL: G19990304_01 -O3 execution - source compiled test
FAIL: G19990304_01 -O3 execution - bytecode->native test
FAIL: G19990310_01 execution - source compiled test
FAIL: G19990310_01 execution - bytecode->native test
FAIL: G19990310_01 -O3 execution - source compiled test
FAIL: G19990310_01 -O3 execution - bytecode->native test
FAIL: II execution - source compiled test
FAIL: II execution - bytecode->native test
FAIL: II -O3 execution - source compiled test
FAIL: II -O3 execution - bytecode->native test
FAIL: InterfaceDispatch execution - source compiled test
FAIL: InterfaceDispatch execution - bytecode->native test
FAIL: InterfaceDispatch -O3 execution - source compiled test
FAIL: InterfaceDispatch -O3 execution - bytecode->native test
FAIL: InvokeInterface execution - source compiled test
FAIL: InvokeInterface execution - bytecode->native test
FAIL: InvokeInterface -O3 execution - source compiled test
FAIL: InvokeInterface -O3 execution - bytecode->native test
FAIL: InvokeReturn execution - source compiled test
FAIL: InvokeReturn execution - bytecode->native test
FAIL: InvokeReturn -O3 execution - source compiled test
FAIL: InvokeReturn -O3 execution - bytecode->native test
FAIL: Invoke_1 execution - source compiled test
FAIL: Invoke_1 execution - bytecode->native test
FAIL: Invoke_1 -O3 execution - source compiled test
FAIL: Invoke_1 -O3 execution - bytecode->native test
FAIL: Invoke_2 execution - source compiled test
FAIL: Invoke_2 execution - bytecode->native test
FAIL: Invoke_2 -O3 execution - source compiled test
FAIL: Invoke_2 -O3 execution - bytecode->native test
FAIL: KeepInline execution - source compiled test
FAIL: KeepInline execution - bytecode->native test
FAIL: KeepInline -O3 execution - source compiled test
FAIL: KeepInline -O3 execution - bytecode->native test
FAIL: LargeFile execution - source compiled test
FAIL: LargeFile execution - bytecode->native test
FAIL: LargeFile -O3 execution - source compiled test
FAIL: LargeFile -O3 execution - bytecode->native test
FAIL: MathBuiltin execution - source compiled test
FAIL: MathBuiltin execution - bytecode->native test
FAIL: MathBuiltin -O3 execution - source compiled test
FAIL: MathBuiltin -O3 execution - bytecode->native test
FAIL: Matrix4f execution - source compiled test
FAIL: Matrix4f execution - bytecode->native test
FAIL: Matrix4f -O3 execution - source compiled test
FAIL: Matrix4f -O3 execution - bytecode->native test
FAIL: N19990310_02 execution - source compiled test
FAIL: N19990310_02 execution - bytecode->native test
FAIL: N19990310_02 -O3 execution - source compiled test
FAIL: N19990310_02 -O3 execution - bytecode->native test
FAIL: N19990310_3 execution - source compiled test
FAIL: N19990310_3 execution - bytecode->native test
FAIL: N19990310_3 -O3 execution - source compiled test
FAIL: N19990310_3 -O3 execution - bytecode->native test
FAIL: N19990310_4 execution - source compiled test
FAIL: N19990310_4 execution - bytecode->native test
FAIL: N19990310_4 -O3 execution - source compiled test
FAIL: N19990310_4 -O3 execution - bytecode->native test
FAIL: N19990310_5 execution - source compiled test
FAIL: N19990310_5 execution - bytecode->native test
FAIL: N19990310_5 -O3 execution - source compiled test
FAIL: N19990310_5 -O3 execution - bytecode->native test
FAIL: Overflow execution - source compiled test
FAIL: Overflow execution - bytecode->native test
FAIL: Overflow -O3 execution - source compiled test
FAIL: Overflow -O3 execution - bytecode->native test
FAIL: PR12350 execution - source compiled test
FAIL: PR12350 execution - bytecode->native test
FAIL: PR12350 -O3 execution - source compiled test
FAIL: PR12350 -O3 execution - bytecode->native test
FAIL: PR12416 execution - source compiled test
FAIL: PR12416 execution - bytecode->native test
FAIL: PR12416 -O3 execution - source compiled test
FAIL: PR12416 -O3 execution - bytecode->native test
FAIL: PR12656 execution - source compiled test
FAIL: PR12656 execution - bytecode->native test
FAIL: PR12656 -O3 execution - source compiled test
FAIL: PR12656 -O3 execution - bytecode->native test
FAIL: PR12915 execution - source compiled test
FAIL: PR12915 execution - bytecode->native test
FAIL: PR12915 -O3 execution - source compiled test
FAIL: PR12915 -O3 execution - bytecode->native test
FAIL: PR141 execution - source compiled test
FAIL: PR141 execution - bytecode->native test
FAIL: PR141 -O3 execution - source compiled test
FAIL: PR141 -O3 execution - bytecode->native test
FAIL: PR160 execution - source compiled test
FAIL: PR160 execution - bytecode->native test
FAIL: PR160 -O3 execution - source compiled test
FAIL: PR160 -O3 execution - bytecode->native test
FAIL: PR162 execution - source compiled test
FAIL: PR162 execution - bytecode->native test
FAIL: PR162 -O3 execution - source compiled test
FAIL: PR162 -O3 execution - bytecode->native test
FAIL: PR16867 execution - source compiled test
FAIL: PR16867 execution - bytecode->native test
FAIL: PR16867 -O3 execution - source compiled test
FAIL: PR16867 -O3 execution - bytecode->native test
FAIL: PR18699 execution - source compiled test
FAIL: PR18699 execution - bytecode->native test
FAIL: PR18699 -O3 execution - source compiled test
FAIL: PR18699 -O3 execution - bytecode->native test
FAIL: PR19870 execution - source compiled test
FAIL: PR19870 execution - bytecode->native test
FAIL: PR19870 -O3 execution - source compiled test
FAIL: PR19870 -O3 execution - bytecode->native test
FAIL: PR19870_2 execution - source compiled test
FAIL: PR19870_2 execution - bytecode->native test
FAIL: PR19870_2 -O3 execution - source compiled test
FAIL: PR19870_2 -O3 execution - bytecode->native test
FAIL: PR19921 execution - source compiled test
FAIL: PR19921 execution - bytecode->native test
FAIL: PR19921 -O3 execution - source compiled test
FAIL: PR19921 -O3 execution - bytecode->native test
FAIL: PR20056 execution - source compiled test
FAIL: PR20056 execution - bytecode->native test
FAIL: PR20056 -O3 execution - source compiled test
FAIL: PR20056 -O3 execution - bytecode->native test
FAIL: PR218 execution - source compiled test
FAIL: PR218 execution - bytecode->native test
FAIL: PR218 -O3 execution - source compiled test
FAIL: PR218 -O3 execution - bytecode->native test
FAIL: PR242 execution - source compiled test
FAIL: PR242 execution - bytecode->native test
FAIL: PR242 -O3 execution - source compiled test
FAIL: PR242 -O3 execution - bytecode->native test
FAIL: PR260 execution - source compiled test
FAIL: PR260 execution - bytecode->native test
FAIL: PR260 -O3 execution - source compiled test
FAIL: PR260 -O3 execution - bytecode->native test
FAIL: PR3096 execution - source compiled test
FAIL: PR3096 execution - bytecode->native test
FAIL: PR3096 -O3 execution - source compiled test
FAIL: PR3096 -O3 execution - bytecode->native test
FAIL: PR3731 execution - source compiled test
FAIL: PR3731 execution - bytecode->native test
FAIL: PR3731 -O3 execution - source compiled test
FAIL: PR3731 -O3 execution - bytecode->native test
FAIL: PR5057 execution - source compiled test
FAIL: PR5057 execution - bytecode->native test
FAIL: PR5057 -O3 execution - source compiled test
FAIL: PR5057 -O3 execution - bytecode->native test
FAIL: PR5057_2 execution - source compiled test
FAIL: PR5057_2 execution - bytecode->native test
FAIL: PR5057_2 -O3 execution - source compiled test
FAIL: PR5057_2 -O3 execution - bytecode->native test
FAIL: PR55 execution - source compiled test
FAIL: PR55 execution - bytecode->native test
FAIL: PR55 -O3 execution - source compiled test
FAIL: PR55 -O3 execution - bytecode->native test
FAIL: PR56 execution - source compiled test
FAIL: PR56 execution - bytecode->native test
FAIL: PR56 -O3 execution - source compiled test
FAIL: PR56 -O3 execution - bytecode->native test
FAIL: PR6085 execution - source compiled test
FAIL: PR6085 execution - bytecode->native test
FAIL: PR6085 -O3 execution - source compiled test
FAIL: PR6085 -O3 execution - bytecode->native test
FAIL: PR6204 execution - source compiled test
FAIL: PR6204 execution - bytecode->native test
FAIL: PR6204 -O3 execution - source compiled test
FAIL: PR6204 -O3 execution - bytecode->native test
FAIL: PR6729 execution - source compiled test
FAIL: PR6729 execution - bytecode->native test
FAIL: PR6729 -O3 execution - source compiled test
FAIL: PR6729 -O3 execution - bytecode->native test
FAIL: PR6820 execution - source compiled test
FAIL: PR6820 execution - bytecode->native test
FAIL: PR6820 -O3 execution - source compiled test
FAIL: PR6820 -O3 execution - bytecode->native test
FAIL: PR7482 execution - source compiled test
FAIL: PR7482 execution - bytecode->native test
FAIL: PR7482 -O3 execution - source compiled test
FAIL: PR7482 -O3 execution - bytecode->native test
FAIL: Process_1 execution - source compiled test
FAIL: Process_1 execution - bytecode->native test
FAIL: Process_1 -O3 execution - source compiled test
FAIL: Process_1 -O3 execution - bytecode->native test
FAIL: Process_2 execution - source compiled test
FAIL: Process_2 execution - bytecode->native test
FAIL: Process_2 -O3 execution - source compiled test
FAIL: Process_2 -O3 execution - bytecode->native test
FAIL: Process_3 execution - source compiled test
FAIL: Process_3 execution - bytecode->native test
FAIL: Process_3 -O3 execution - source compiled test
FAIL: Process_3 -O3 execution - bytecode->native test
FAIL: Process_4 execution - source compiled test
FAIL: Process_4 execution - bytecode->native test
FAIL: Process_4 -O3 execution - source compiled test
FAIL: Process_4 -O3 execution - bytecode->native test
FAIL: Process_5 execution - source compiled test
FAIL: Process_5 execution - bytecode->native test
FAIL: Process_5 -O3 execution - source compiled test
FAIL: Process_5 -O3 execution - bytecode->native test
FAIL: Process_6 execution - source compiled test
FAIL: Process_6 execution - bytecode->native test
FAIL: Process_6 -O3 execution - source compiled test
FAIL: Process_6 -O3 execution - bytecode->native test
FAIL: Serialization execution - source compiled test
FAIL: Serialization execution - bytecode->native test
FAIL: Serialization -O3 execution - source compiled test
FAIL: Serialization -O3 execution - bytecode->native test
FAIL: Shazam execution - source compiled test
FAIL: Shazam execution - bytecode->native test
FAIL: Shazam -O3 execution - source compiled test
FAIL: Shazam -O3 execution - bytecode->native test
FAIL: StaticConstructor execution - source compiled test
FAIL: StaticConstructor execution - bytecode->native test
FAIL: StaticConstructor -O3 execution - source compiled test
FAIL: StaticConstructor -O3 execution - bytecode->native test
FAIL: StringBuffer_1 execution - source compiled test
FAIL: StringBuffer_1 execution - bytecode->native test
FAIL: StringBuffer_1 -O3 execution - source compiled test
FAIL: StringBuffer_1 -O3 execution - bytecode->native test
FAIL: StringBuffer_overflow execution - source compiled test
FAIL: StringBuffer_overflow execution - bytecode->native test
FAIL: StringBuffer_overflow -O3 execution - source compiled test
FAIL: StringBuffer_overflow -O3 execution - bytecode->native test
FAIL: String_overflow execution - source compiled test
FAIL: String_overflow execution - bytecode->native test
FAIL: String_overflow -O3 execution - source compiled test
FAIL: String_overflow -O3 execution - bytecode->native test
FAIL: SyncGlobal execution - source compiled test
FAIL: SyncGlobal execution - bytecode->native test
FAIL: SyncGlobal -O3 execution - source compiled test
FAIL: SyncGlobal -O3 execution - bytecode->native test
FAIL: SyncTest execution - source compiled test
FAIL: SyncTest execution - bytecode->native test
FAIL: SyncTest -O3 execution - source compiled test
FAIL: SyncTest -O3 execution - bytecode->native test
FAIL: Synch execution - source compiled test
FAIL: Synch execution - bytecode->native test
FAIL: Synch -O3 execution - source compiled test
FAIL: Synch -O3 execution - bytecode->native test
FAIL: TLtest execution - source compiled test
FAIL: TLtest execution - bytecode->native test
FAIL: TLtest -O3 execution - source compiled test
FAIL: TLtest -O3 execution - bytecode->native test
FAIL: TestProxy execution - source compiled test
FAIL: TestProxy execution - bytecode->native test
FAIL: TestProxy -O3 execution - source compiled test
FAIL: TestProxy -O3 execution - bytecode->native test
FAIL: Thread_Alive execution - source compiled test
FAIL: Thread_Alive execution - bytecode->native test
FAIL: Thread_Alive -O3 execution - source compiled test
FAIL: Thread_Alive -O3 execution - bytecode->native test
FAIL: Thread_HoldsLock execution - source compiled test
FAIL: Thread_HoldsLock execution - bytecode->native test
FAIL: Thread_HoldsLock -O3 execution - source compiled test
FAIL: Thread_HoldsLock -O3 execution - bytecode->native test
FAIL: Thread_Interrupt execution - source compiled test
FAIL: Thread_Interrupt execution - bytecode->native test
FAIL: Thread_Interrupt -O3 execution - source compiled test
FAIL: Thread_Interrupt -O3 execution - bytecode->native test
FAIL: Thread_Join execution - source compiled test
FAIL: Thread_Join execution - bytecode->native test
FAIL: Thread_Join -O3 execution - source compiled test
FAIL: Thread_Join -O3 execution - bytecode->native test
FAIL: Thread_Monitor execution - source compiled test
FAIL: Thread_Monitor execution - bytecode->native test
FAIL: Thread_Monitor -O3 execution - source compiled test
FAIL: Thread_Monitor -O3 execution - bytecode->native test
FAIL: Thread_Sleep execution - source compiled test
FAIL: Thread_Sleep execution - bytecode->native test
FAIL: Thread_Sleep -O3 execution - source compiled test
FAIL: Thread_Sleep -O3 execution - bytecode->native test
FAIL: Thread_Wait execution - source compiled test
FAIL: Thread_Wait execution - bytecode->native test
FAIL: Thread_Wait -O3 execution - source compiled test
FAIL: Thread_Wait -O3 execution - bytecode->native test
FAIL: Thread_Wait_2 execution - source compiled test
FAIL: Thread_Wait_2 execution - bytecode->native test
FAIL: Thread_Wait_2 -O3 execution - source compiled test
FAIL: Thread_Wait_2 -O3 execution - bytecode->native test
FAIL: Thread_Wait_Interrupt execution - source compiled test
FAIL: Thread_Wait_Interrupt execution - bytecode->native test
FAIL: Thread_Wait_Interrupt -O3 execution - source compiled test
FAIL: Thread_Wait_Interrupt -O3 execution - bytecode->native test
FAIL: Throw_1 execution - source compiled test
FAIL: Throw_1 execution - bytecode->native test
FAIL: Throw_1 -O3 execution - source compiled test
FAIL: Throw_1 -O3 execution - bytecode->native test
FAIL: Throw_2 execution - source compiled test
FAIL: Throw_2 execution - bytecode->native test
FAIL: Throw_2 -O3 execution - source compiled test
FAIL: Throw_2 -O3 execution - bytecode->native test
FAIL: anfi execution - source compiled test
FAIL: anfi execution - bytecode->native test
FAIL: anfi -O3 execution - source compiled test
FAIL: anfi -O3 execution - bytecode->native test
FAIL: anon execution - source compiled test
FAIL: anon execution - bytecode->native test
FAIL: anon -O3 execution - source compiled test
FAIL: anon -O3 execution - bytecode->native test
FAIL: anon2 execution - source compiled test
FAIL: anon2 execution - bytecode->native test
FAIL: anon2 -O3 execution - source compiled test
FAIL: anon2 -O3 execution - bytecode->native test
FAIL: anon3 execution - source compiled test
FAIL: anon3 execution - bytecode->native test
FAIL: anon3 -O3 execution - source compiled test
FAIL: anon3 -O3 execution - bytecode->native test
FAIL: anon4 execution - source compiled test
FAIL: anon4 execution - bytecode->native test
FAIL: anon4 -O3 execution - source compiled test
FAIL: anon4 -O3 execution - bytecode->native test
FAIL: anon_ctor_itf_arg execution - source compiled test
FAIL: anon_ctor_itf_arg execution - bytecode->native test
FAIL: anon_ctor_itf_arg -O3 execution - source compiled test
FAIL: anon_ctor_itf_arg -O3 execution - bytecode->native test
FAIL: anonarray execution - source compiled test
FAIL: anonarray execution - bytecode->native test
FAIL: anonarray -O3 execution - source compiled test
FAIL: anonarray -O3 execution - bytecode->native test
FAIL: anonarray2 execution - source compiled test
FAIL: anonarray2 execution - bytecode->native test
FAIL: anonarray2 -O3 execution - source compiled test
FAIL: anonarray2 -O3 execution - bytecode->native test
FAIL: anonarray3 execution - source compiled test
FAIL: anonarray3 execution - bytecode->native test
FAIL: anonarray3 -O3 execution - source compiled test
FAIL: anonarray3 -O3 execution - bytecode->native test
FAIL: assign execution - source compiled test
FAIL: assign execution - bytecode->native test
FAIL: assign -O3 execution - source compiled test
FAIL: assign -O3 execution - bytecode->native test
FAIL: assign2 execution - source compiled test
FAIL: assign2 execution - bytecode->native test
FAIL: assign2 -O3 execution - source compiled test
FAIL: assign2 -O3 execution - bytecode->native test
FAIL: bclink execution - source compiled test
FAIL: bclink execution - bytecode->native test
FAIL: bclink -O3 execution - source compiled test
FAIL: bclink -O3 execution - bytecode->native test
FAIL: bytearray execution - source compiled test
FAIL: bytearray execution - bytecode->native test
FAIL: bytearray -O3 execution - source compiled test
FAIL: bytearray -O3 execution - bytecode->native test
FAIL: direct_read execution - source compiled test
FAIL: direct_read execution - bytecode->native test
FAIL: direct_read -O3 execution - source compiled test
FAIL: direct_read -O3 execution - bytecode->native test
FAIL: direct_write execution - source compiled test
FAIL: direct_write execution - bytecode->native test
FAIL: direct_write -O3 execution - source compiled test
FAIL: direct_write -O3 execution - bytecode->native test
FAIL: emptystring execution - source compiled test
FAIL: emptystring execution - bytecode->native test
FAIL: emptystring -O3 execution - source compiled test
FAIL: emptystring -O3 execution - bytecode->native test
FAIL: err1 execution - source compiled test
FAIL: err1 execution - bytecode->native test
FAIL: err1 -O3 execution - source compiled test
FAIL: err1 -O3 execution - bytecode->native test
FAIL: err10 execution - source compiled test
FAIL: err10 execution - bytecode->native test
FAIL: err10 -O3 execution - source compiled test
FAIL: err10 -O3 execution - bytecode->native test
FAIL: err11 execution - source compiled test
FAIL: err11 execution - bytecode->native test
FAIL: err11 -O3 execution - source compiled test
FAIL: err11 -O3 execution - bytecode->native test
FAIL: err12 execution - source compiled test
FAIL: err12 execution - bytecode->native test
FAIL: err12 -O3 execution - source compiled test
FAIL: err12 -O3 execution - bytecode->native test
FAIL: err13 execution - source compiled test
FAIL: err13 execution - bytecode->native test
FAIL: err13 -O3 execution - source compiled test
FAIL: err13 -O3 execution - bytecode->native test
FAIL: err14 execution - source compiled test
FAIL: err14 execution - bytecode->native test
FAIL: err14 -O3 execution - source compiled test
FAIL: err14 -O3 execution - bytecode->native test
FAIL: err2 execution - source compiled test
FAIL: err2 execution - bytecode->native test
FAIL: err2 -O3 execution - source compiled test
FAIL: err2 -O3 execution - bytecode->native test
FAIL: err3 execution - source compiled test
FAIL: err3 execution - bytecode->native test
FAIL: err3 -O3 execution - source compiled test
FAIL: err3 -O3 execution - bytecode->native test
FAIL: err4 execution - source compiled test
FAIL: err4 execution - bytecode->native test
FAIL: err4 -O3 execution - source compiled test
FAIL: err4 -O3 execution - bytecode->native test
FAIL: err5 execution - source compiled test
FAIL: err5 execution - bytecode->native test
FAIL: err5 -O3 execution - source compiled test
FAIL: err5 -O3 execution - bytecode->native test
FAIL: err6 execution - source compiled test
FAIL: err6 execution - bytecode->native test
FAIL: err6 -O3 execution - source compiled test
FAIL: err6 -O3 execution - bytecode->native test
FAIL: err7 execution - source compiled test
FAIL: err7 execution - bytecode->native test
FAIL: err7 -O3 execution - source compiled test
FAIL: err7 -O3 execution - bytecode->native test
FAIL: err8 execution - source compiled test
FAIL: err8 execution - bytecode->native test
FAIL: err8 -O3 execution - source compiled test
FAIL: err8 -O3 execution - bytecode->native test
FAIL: err9 execution - source compiled test
FAIL: err9 execution - bytecode->native test
FAIL: err9 -O3 execution - source compiled test
FAIL: err9 -O3 execution - bytecode->native test
FAIL: final_inner execution - source compiled test
FAIL: final_inner execution - bytecode->native test
FAIL: final_inner -O3 execution - source compiled test
FAIL: final_inner -O3 execution - bytecode->native test
FAIL: final_int execution - source compiled test
FAIL: final_int execution - bytecode->native test
FAIL: final_int -O3 execution - source compiled test
FAIL: final_int -O3 execution - bytecode->native test
FAIL: final_static_and_friend execution - source compiled test
FAIL: final_static_and_friend execution - bytecode->native test
FAIL: final_static_and_friend -O3 execution - source compiled test
FAIL: final_static_and_friend -O3 execution - bytecode->native test
FAIL: indirect execution - source compiled test
FAIL: indirect execution - bytecode->native test
FAIL: indirect -O3 execution - source compiled test
FAIL: indirect -O3 execution - bytecode->native test
FAIL: indirect_read execution - source compiled test
FAIL: indirect_read execution - bytecode->native test
FAIL: indirect_read -O3 execution - source compiled test
FAIL: indirect_read -O3 execution - bytecode->native test
FAIL: indirect_write execution - source compiled test
FAIL: indirect_write execution - bytecode->native test
FAIL: indirect_write -O3 execution - source compiled test
FAIL: indirect_write -O3 execution - bytecode->native test
FAIL: initexc execution - source compiled test
FAIL: initexc execution - bytecode->native test
FAIL: initexc -O3 execution - source compiled test
FAIL: initexc -O3 execution - bytecode->native test
FAIL: initfield execution - source compiled test
FAIL: initfield execution - bytecode->native test
FAIL: initfield -O3 execution - source compiled test
FAIL: initfield -O3 execution - bytecode->native test
FAIL: inline execution - source compiled test
FAIL: inline execution - bytecode->native test
FAIL: inline -O3 execution - source compiled test
FAIL: inline -O3 execution - bytecode->native test
FAIL: inner1 execution - source compiled test
FAIL: inner1 execution - bytecode->native test
FAIL: inner1 -O3 execution - source compiled test
FAIL: inner1 -O3 execution - bytecode->native test
FAIL: inner2 execution - source compiled test
FAIL: inner2 execution - bytecode->native test
FAIL: inner2 -O3 execution - source compiled test
FAIL: inner2 -O3 execution - bytecode->native test
FAIL: inner3 execution - source compiled test
FAIL: inner3 execution - bytecode->native test
FAIL: inner3 -O3 execution - source compiled test
FAIL: inner3 -O3 execution - bytecode->native test
FAIL: inner4 execution - source compiled test
FAIL: inner4 execution - bytecode->native test
FAIL: inner4 -O3 execution - source compiled test
FAIL: inner4 -O3 execution - bytecode->native test
FAIL: inner_array execution - source compiled test
FAIL: inner_array execution - bytecode->native test
FAIL: inner_array -O3 execution - source compiled test
FAIL: inner_array -O3 execution - bytecode->native test
FAIL: inner_interface execution - source compiled test
FAIL: inner_interface execution - bytecode->native test
FAIL: inner_interface -O3 execution - source compiled test
FAIL: inner_interface -O3 execution - bytecode->native test
FAIL: instance execution - source compiled test
FAIL: instance execution - bytecode->native test
FAIL: instance -O3 execution - source compiled test
FAIL: instance -O3 execution - bytecode->native test
FAIL: instinit execution - source compiled test
FAIL: instinit execution - bytecode->native test
FAIL: instinit -O3 execution - source compiled test
FAIL: instinit -O3 execution - bytecode->native test
FAIL: instinit2 execution - source compiled test
FAIL: instinit2 execution - bytecode->native test
FAIL: instinit2 -O3 execution - source compiled test
FAIL: instinit2 -O3 execution - bytecode->native test
FAIL: invoke_from_inner execution - source compiled test
FAIL: invoke_from_inner execution - bytecode->native test
FAIL: invoke_from_inner -O3 execution - source compiled test
FAIL: invoke_from_inner -O3 execution - bytecode->native test
FAIL: invokethrow execution - source compiled test
FAIL: invokethrow execution - bytecode->native test
FAIL: invokethrow -O3 execution - source compiled test
FAIL: invokethrow -O3 execution - bytecode->native test
FAIL: klass execution - source compiled test
FAIL: klass execution - bytecode->native test
FAIL: klass -O3 execution - source compiled test
FAIL: klass -O3 execution - bytecode->native test
FAIL: md5test execution - source compiled test
FAIL: md5test execution - bytecode->native test
FAIL: md5test -O3 execution - source compiled test
FAIL: md5test -O3 execution - bytecode->native test
FAIL: multiple_finit execution - source compiled test
FAIL: multiple_finit execution - bytecode->native test
FAIL: multiple_finit -O3 execution - source compiled test
FAIL: multiple_finit -O3 execution - bytecode->native test
FAIL: negzero execution - source compiled test
FAIL: negzero execution - bytecode->native test
FAIL: negzero -O3 execution - source compiled test
FAIL: negzero -O3 execution - bytecode->native test
FAIL: nested_with_ctor execution - source compiled test
FAIL: nested_with_ctor execution - bytecode->native test
FAIL: nested_with_ctor -O3 execution - source compiled test
FAIL: nested_with_ctor -O3 execution - bytecode->native test
FAIL: newarray_overflow execution - source compiled test
FAIL: newarray_overflow execution - bytecode->native test
FAIL: newarray_overflow -O3 execution - source compiled test
FAIL: newarray_overflow -O3 execution - bytecode->native test
FAIL: override execution - source compiled test
FAIL: override execution - bytecode->native test
FAIL: override -O3 execution - source compiled test
FAIL: override -O3 execution - bytecode->native test
FAIL: pr109 execution - source compiled test
FAIL: pr109 execution - bytecode->native test
FAIL: pr109 -O3 execution - source compiled test
FAIL: pr109 -O3 execution - bytecode->native test
FAIL: pr13107 execution - source compiled test
FAIL: pr13107 execution - bytecode->native test
FAIL: pr13107 -O3 execution - source compiled test
FAIL: pr13107 -O3 execution - bytecode->native test
FAIL: pr13107_2 execution - source compiled test
FAIL: pr13107_2 execution - bytecode->native test
FAIL: pr13107_2 -O3 execution - source compiled test
FAIL: pr13107_2 -O3 execution - bytecode->native test
FAIL: pr13107_3 execution - source compiled test
FAIL: pr13107_3 execution - bytecode->native test
FAIL: pr13107_3 -O3 execution - source compiled test
FAIL: pr13107_3 -O3 execution - bytecode->native test
FAIL: pr133 execution - source compiled test
FAIL: pr133 execution - bytecode->native test
FAIL: pr133 -O3 execution - source compiled test
FAIL: pr133 -O3 execution - bytecode->native test
FAIL: pr16789 execution - source compiled test
FAIL: pr16789 execution - bytecode->native test
FAIL: pr16789 -O3 execution - source compiled test
FAIL: pr16789 -O3 execution - bytecode->native test
FAIL: pr17536 execution - source compiled test
FAIL: pr17536 execution - bytecode->native test
FAIL: pr17536 -O3 execution - source compiled test
FAIL: pr17536 -O3 execution - bytecode->native test
FAIL: pr179 execution - source compiled test
FAIL: pr179 execution - bytecode->native test
FAIL: pr179 -O3 execution - source compiled test
FAIL: pr179 -O3 execution - bytecode->native test
FAIL: pr184 execution - source compiled test
FAIL: pr184 execution - bytecode->native test
FAIL: pr184 -O3 execution - source compiled test
FAIL: pr184 -O3 execution - bytecode->native test
FAIL: pr21785 execution - source compiled test
FAIL: pr21785 execution - bytecode->native test
FAIL: pr21785 -O3 execution - source compiled test
FAIL: pr21785 -O3 execution - bytecode->native test
FAIL: pr21844 execution - source compiled test
FAIL: pr21844 execution - bytecode->native test
FAIL: pr21844 -O3 execution - source compiled test
FAIL: pr21844 -O3 execution - bytecode->native test
FAIL: pr6388 execution - source compiled test
FAIL: pr6388 execution - bytecode->native test
FAIL: pr6388 -O3 execution - source compiled test
FAIL: pr6388 -O3 execution - bytecode->native test
FAIL: pr83 execution - source compiled test
FAIL: pr83 execution - bytecode->native test
FAIL: pr83 -O3 execution - source compiled test
FAIL: pr83 -O3 execution - bytecode->native test
FAIL: pr8415 execution - source compiled test
FAIL: pr8415 execution - bytecode->native test
FAIL: pr8415 -O3 execution - source compiled test
FAIL: pr8415 -O3 execution - bytecode->native test
FAIL: pr8676 execution - source compiled test
FAIL: pr8676 execution - bytecode->native test
FAIL: pr8676 -O3 execution - source compiled test
FAIL: pr8676 -O3 execution - bytecode->native test
FAIL: pr8823 execution - source compiled test
FAIL: pr8823 execution - bytecode->native test
FAIL: pr8823 -O3 execution - source compiled test
FAIL: pr8823 -O3 execution - bytecode->native test
FAIL: pr8945 execution - source compiled test
FAIL: pr8945 execution - bytecode->native test
FAIL: pr8945 -O3 execution - source compiled test
FAIL: pr8945 -O3 execution - bytecode->native test
FAIL: private_direct_read execution - source compiled test
FAIL: private_direct_read execution - bytecode->native test
FAIL: private_direct_read -O3 execution - source compiled test
FAIL: private_direct_read -O3 execution - bytecode->native test
FAIL: search_outer execution - source compiled test
FAIL: search_outer execution - bytecode->native test
FAIL: search_outer -O3 execution - source compiled test
FAIL: search_outer -O3 execution - bytecode->native test
FAIL: shatest execution - source compiled test
FAIL: shatest execution - bytecode->native test
FAIL: shatest -O3 execution - source compiled test
FAIL: shatest -O3 execution - bytecode->native test
FAIL: stringconst execution - source compiled test
FAIL: stringconst execution - bytecode->native test
FAIL: stringconst -O3 execution - source compiled test
FAIL: stringconst -O3 execution - bytecode->native test
FAIL: stringconst2 execution - source compiled test
FAIL: stringconst2 execution - bytecode->native test
FAIL: stringconst2 -O3 execution - source compiled test
FAIL: stringconst2 -O3 execution - bytecode->native test
FAIL: stub execution - source compiled test
FAIL: stub execution - bytecode->native test
FAIL: stub -O3 execution - source compiled test
FAIL: stub -O3 execution - bytecode->native test
FAIL: test_long execution - source compiled test
FAIL: test_long execution - bytecode->native test
FAIL: test_long -O3 execution - source compiled test
FAIL: test_long -O3 execution - bytecode->native test
FAIL: tmi execution - source compiled test
FAIL: tmi execution - bytecode->native test
FAIL: tmi -O3 execution - source compiled test
FAIL: tmi -O3 execution - bytecode->native test
FAIL: tp execution - source compiled test
FAIL: tp execution - bytecode->native test
FAIL: tp -O3 execution - source compiled test
FAIL: tp -O3 execution - bytecode->native test
FAIL: update_outer execution - source compiled test
FAIL: update_outer execution - bytecode->native test
FAIL: update_outer -O3 execution - source compiled test
FAIL: update_outer -O3 execution - bytecode->native test
FAIL: utf8concat execution - source compiled test
FAIL: utf8concat execution - bytecode->native test
FAIL: utf8concat -O3 execution - source compiled test
FAIL: utf8concat -O3 execution - bytecode->native test
FAIL: utilTest execution - source compiled test
FAIL: utilTest execution - bytecode->native test
FAIL: utilTest -O3 execution - source compiled test
FAIL: utilTest -O3 execution - bytecode->native test
FAIL: verify execution - source compiled test
FAIL: verify execution - bytecode->native test
FAIL: verify -O3 execution - source compiled test
FAIL: verify -O3 execution - bytecode->native test
FAIL:
/SCRATCH/gcc-build/IRIX64/mips-sgi-irix6.5/gcc-4.1.0-RC1/gcc-4.1.0-RC1/mips-sgi-irix6.5/libjava/testsuite/TestEarlyGC.exe
execution -
/SCRATCH/gcc-build/IRIX64/mips-sgi-irix6.5/gcc-4.1.0-RC1/gcc-4.1.0-RC1/mips-sgi-irix6.5/libjava/testsuite/TestEarlyGC.exe
FAIL:
/SCRATCH/gcc-build/IRIX64/mips-sgi-irix6.5/gcc-4.1.0-RC1/gcc-4.1.0-RC1/mips-sgi-irix6.5/libjava/testsuite/TestLeak.exe
execution -
/SCRATCH/gcc-build/IRIX64/mips-sgi-irix6.5/gcc-4.1.0-RC1/gcc-4.1.0-RC1/mips-sgi-irix6.5/libjava/testsuite/TestLeak.exe
FAIL:
/SCRATCH/gcc-build/IRIX64/mips-sgi-irix6.5/gcc-4.1.0-RC1/gcc-4.1.0-RC1/mips-sgi-irix6.5/libjava/testsuite/TestMultiple.exe
execution -
/SCRATCH/gcc-build/IRIX64/mips-sgi-irix6.5/gcc-4.1.0-RC1/gcc-4.1.0-RC1/mips-sgi-irix6.5/libjava/testsuite/TestMultiple.exe
FAIL:
/SCRATCH/gcc-build/IRIX64/mips-sgi-irix6.5/gcc-4.1.0-RC1/gcc-4.1.0-RC1/mips-sgi-irix6.5/libjava/testsuite/TestParent.exe
execution -
/SCRATCH/gcc-build/IRIX64/mips-sgi-irix6.5/gcc-4.1.0-RC1/gcc-4.1.0-RC1/mips-sgi-irix6.5/libjava/testsuite/TestParent.exe
FAIL: pr21115 run
=== libjava Summary for unix/-mabi=32 ===
# of expected passes 1823
# of unexpected failures 736
# of expected failures 4
# of untested testcases 746
Running target unix/-mabi=64
FAIL: linking PR9577
FAIL: linking longfield
FAIL: linking shortfield
FAIL: ArrayClass compilation from source
FAIL: ArrayClass -O3 compilation from source
FAIL: AssertBug compilation from source
FAIL: AssertBug -O3 compilation from source
FAIL: Case compilation from source
FAIL: Case -O3 compilation from source
FAIL: G19990210_1 compilation from source
FAIL: G19990210_1 -O3 compilation from source
FAIL: G19990210_2 compilation from source
FAIL: G19990210_2 -O3 compilation from source
FAIL: G19990210_3 compilation from source
FAIL: G19990210_3 -O3 compilation from source
FAIL: G19990217_01 compilation from source
FAIL: G19990217_01 -O3 compilation from source
FAIL: G19990225_01 compilation from source
FAIL: G19990225_01 -O3 compilation from source
FAIL: InnerExcept compilation from source
FAIL: InnerExcept -O3 compilation from source
FAIL: N19990310_01 compilation from source
FAIL: N19990310_01 -O3 compilation from source
FAIL: N19990317 compilation from source
FAIL: N19990317 -O3 compilation from source
FAIL: OperatorBenchmark compilation from source
FAIL: OperatorBenchmark -O3 compilation from source
FAIL: PR12374 compilation from source
FAIL: PR12374 -O3 compilation from source
FAIL: PR12857 compilation from source
FAIL: PR12857 -O3 compilation from source
FAIL: PR13024 compilation from source
FAIL: PR13024 -O3 compilation from source
FAIL: PR13237 compilation from source
FAIL: PR13237 -O3 compilation from source
FAIL: PR1343 compilation from source
FAIL: PR1343 -O3 compilation from source
FAIL: PR15769 compilation from source
FAIL: PR15769 -O3 compilation from source
FAIL: PR16249 compilation from source
FAIL: PR16249 -O3 compilation from source
FAIL: PR16675 compilation from source
FAIL: PR16675 -O3 compilation from source
FAIL: PR16701 compilation from source
FAIL: PR16701 -O3 compilation from source
FAIL: PR19295 compilation from source
FAIL: PR19295 -O3 compilation from source
FAIL: PR19674 compilation from source
FAIL: PR19674 -O3 compilation from source
FAIL: PR206 compilation from source
FAIL: PR206 -O3 compilation from source
FAIL: PR20697 compilation from source
FAIL: PR20697 -O3 compilation from source
FAIL: PR209 compilation from source
FAIL: PR209 -O3 compilation from source
FAIL: PR21045 compilation from source
FAIL: PR21045 -O3 compilation from source
FAIL: PR232 compilation from source
FAIL: PR232 -O3 compilation from source
FAIL: PR232B compilation from source
FAIL: PR232B -O3 compilation from source
FAIL: PR234 compilation from source
FAIL: PR234 -O3 compilation from source
FAIL: PR235 compilation from source
FAIL: PR235 -O3 compilation from source
FAIL: PR295 compilation from source
FAIL: PR295 -O3 compilation from source
FAIL: PR374 compilation from source
FAIL: PR374 -O3 compilation from source
FAIL: PR375 compilation from source
FAIL: PR375 -O3 compilation from source
FAIL: PR4766 compilation from source
FAIL: PR4766 -O3 compilation from source
FAIL: PR5902 compilation from source
FAIL: PR5902 -O3 compilation from source
FAIL: PR5913 compilation from source
FAIL: PR5913 -O3 compilation from source
FAIL: PR6026 compilation from source
FAIL: PR6026 -O3 compilation from source
FAIL: Semi compilation from source
FAIL: Semi -O3 compilation from source
FAIL: Statics compilation from source
FAIL: Statics -O3 compilation from source
FAIL: SuperConstr compilation from source
FAIL: SuperConstr -O3 compilation from source
FAIL: T20020529 compilation from source
FAIL: T20020529 -O3 compilation from source
FAIL: T20020604 compilation from source
FAIL: T20020604 -O3 compilation from source
FAIL: Twice compilation from source
FAIL: Twice -O3 compilation from source
FAIL: XercesBug compilation from source
FAIL: XercesBug -O3 compilation from source
FAIL: assignment compilation from source
FAIL: assignment -O3 compilation from source
FAIL: assignment_2 compilation from source
FAIL: assignment_2 -O3 compilation from source
FAIL: comment compilation from source
FAIL: comment -O3 compilation from source
FAIL: final_initialization_in_ctor compilation from source
FAIL: final_initialization_in_ctor -O3 compilation from source
FAIL: final_local_switch compilation from source
FAIL: final_local_switch -O3 compilation from source
FAIL: iface compilation from source
FAIL: iface -O3 compilation from source
FAIL: inner_data compilation from source
FAIL: inner_data -O3 compilation from source
FAIL: inner_inherit compilation from source
FAIL: inner_inherit -O3 compilation from source
FAIL: inner_priv compilation from source
FAIL: inner_priv -O3 compilation from source
FAIL: inner_pub compilation from source
FAIL: inner_pub -O3 compilation from source
FAIL: narrow_case compilation from source
FAIL: narrow_case -O3 compilation from source
FAIL: perc compilation from source
FAIL: perc -O3 compilation from source
FAIL: plusplus compilation from source
FAIL: plusplus -O3 compilation from source
FAIL: pr10459 compilation from source
FAIL: pr10459 -O3 compilation from source
FAIL: pr13788 compilation from source
FAIL: pr13788 -O3 compilation from source
FAIL: pr172 compilation from source
FAIL: pr172 -O3 compilation from source
FAIL: pr17329 compilation from source
FAIL: pr17329 -O3 compilation from source
FAIL: pr174 compilation from source
FAIL: pr174 -O3 compilation from source
FAIL: pr17500 compilation from source
FAIL: pr17500 -O3 compilation from source
FAIL: pr176 compilation from source
FAIL: pr176 -O3 compilation from source
FAIL: pr21540 compilation from source
FAIL: pr21540 -O3 compilation from source
FAIL: pr25429 compilation from source
FAIL: pr25429 -O3 compilation from source
FAIL: pr7912 compilation from source
FAIL: pr7912 -O3 compilation from source
FAIL: pr8712 compilation from source
FAIL: pr8712 -O3 compilation from source
FAIL: pr8955 compilation from source
FAIL: pr8955 -O3 compilation from source
FAIL: rh174912 compilation from source
FAIL: rh174912 -O3 compilation from source
FAIL: rh175833 compilation from source
FAIL: rh175833 -O3 compilation from source
FAIL: static_init2 compilation from source
FAIL: static_init2 -O3 compilation from source
FAIL: static_inner compilation from source
FAIL: static_inner -O3 compilation from source
FAIL: zeroexp compilation from source
FAIL: zeroexp -O3 compilation from source
FAIL: linking simple
FAIL: linking PR15133
FAIL: linking PR18116
FAIL: linking bytebuffer
FAIL: linking calls
FAIL: linking cxxtest
FAIL: linking directbuffer
FAIL: linking field
FAIL: linking final_method
FAIL: linking findclass
FAIL: linking iface
FAIL: linking invoke
FAIL: linking jniutf
FAIL: linking martin
FAIL: linking noclass
FAIL: linking overload
FAIL: linking pr11951
FAIL: linking pr18278
FAIL: linking pr23739
FAIL: linking register
FAIL: linking simple_int
FAIL: linking throwit
FAIL: linking virtual
FAIL: PR16923 run
FAIL: ArrayStore compilation from source
FAIL: ArrayStore compilation from bytecode
FAIL: ArrayStore -O3 compilation from source
FAIL: ArrayStore -O3 compilation from bytecode
FAIL: ArrayStore2 compilation from source
FAIL: ArrayStore2 compilation from bytecode
FAIL: ArrayStore2 -O3 compilation from source
FAIL: ArrayStore2 -O3 compilation from bytecode
FAIL: Array_1 compilation from source
FAIL: Array_1 compilation from bytecode
FAIL: Array_1 -O3 compilation from source
FAIL: Array_1 -O3 compilation from bytecode
FAIL: Array_2 compilation from source
FAIL: Array_2 compilation from bytecode
FAIL: Array_2 -O3 compilation from source
FAIL: Array_2 -O3 compilation from bytecode
FAIL: Array_3 compilation from source
FAIL: Array_3 compilation from bytecode
FAIL: Array_3 -O3 compilation from source
FAIL: Array_3 -O3 compilation from bytecode
FAIL: Class_1 compilation from source
FAIL: Class_1 compilation from bytecode
FAIL: Class_1 -O3 compilation from source
FAIL: Class_1 -O3 compilation from bytecode
FAIL: CompareNaN compilation from source
FAIL: CompareNaN compilation from bytecode
FAIL: CompareNaN -O3 compilation from source
FAIL: CompareNaN -O3 compilation from bytecode
FAIL: Divide_1 compilation from source
FAIL: Divide_1 compilation from bytecode
FAIL: Divide_1 -O3 compilation from source
FAIL: Divide_1 -O3 compilation from bytecode
FAIL: EvaluationOrder compilation from source
FAIL: EvaluationOrder compilation from bytecode
FAIL: EvaluationOrder -O3 compilation from source
FAIL: EvaluationOrder -O3 compilation from bytecode
FAIL: ExtraClassLoader compilation from source
FAIL: ExtraClassLoader compilation from bytecode
FAIL: ExtraClassLoader -O3 compilation from source
FAIL: ExtraClassLoader -O3 compilation from bytecode
FAIL: FileHandleGcTest compilation from source
FAIL: FileHandleGcTest compilation from bytecode
FAIL: FileHandleGcTest -O3 compilation from source
FAIL: FileHandleGcTest -O3 compilation from bytecode
FAIL: Final compilation from source
FAIL: Final compilation from bytecode
FAIL: Final -O3 compilation from source
FAIL: Final -O3 compilation from bytecode
FAIL: Float_1 compilation from source
FAIL: Float_1 compilation from bytecode
FAIL: Float_1 -O3 compilation from source
FAIL: Float_1 -O3 compilation from bytecode
FAIL: G19990301_01 compilation from source
FAIL: G19990301_01 compilation from bytecode
FAIL: G19990301_01 -O3 compilation from source
FAIL: G19990301_01 -O3 compilation from bytecode
FAIL: G19990302_02 compilation from source
FAIL: G19990302_02 compilation from bytecode
FAIL: G19990302_02 -O3 compilation from source
FAIL: G19990302_02 -O3 compilation from bytecode
FAIL: G19990303_01 compilation from source
FAIL: G19990303_01 compilation from bytecode
FAIL: G19990303_01 -O3 compilation from source
FAIL: G19990303_01 -O3 compilation from bytecode
FAIL: G19990303_02 compilation from source
FAIL: G19990303_02 compilation from bytecode
FAIL: G19990303_02 -O3 compilation from source
FAIL: G19990303_02 -O3 compilation from bytecode
FAIL: G19990304_01 compilation from source
FAIL: G19990304_01 compilation from bytecode
FAIL: G19990304_01 -O3 compilation from source
FAIL: G19990304_01 -O3 compilation from bytecode
FAIL: G19990310_01 compilation from source
FAIL: G19990310_01 compilation from bytecode
FAIL: G19990310_01 -O3 compilation from source
FAIL: G19990310_01 -O3 compilation from bytecode
FAIL: II compilation from source
FAIL: II compilation from bytecode
FAIL: II -O3 compilation from source
FAIL: II -O3 compilation from bytecode
FAIL: InterfaceDispatch compilation from source
FAIL: InterfaceDispatch compilation from bytecode
FAIL: InterfaceDispatch -O3 compilation from source
FAIL: InterfaceDispatch -O3 compilation from bytecode
FAIL: InvokeInterface compilation from source
FAIL: InvokeInterface compilation from bytecode
FAIL: InvokeInterface -O3 compilation from source
FAIL: InvokeInterface -O3 compilation from bytecode
FAIL: InvokeReturn compilation from source
FAIL: InvokeReturn compilation from bytecode
FAIL: InvokeReturn -O3 compilation from source
FAIL: InvokeReturn -O3 compilation from bytecode
FAIL: Invoke_1 compilation from source
FAIL: Invoke_1 compilation from bytecode
FAIL: Invoke_1 -O3 compilation from source
FAIL: Invoke_1 -O3 compilation from bytecode
FAIL: Invoke_2 compilation from source
FAIL: Invoke_2 compilation from bytecode
FAIL: Invoke_2 -O3 compilation from source
FAIL: Invoke_2 -O3 compilation from bytecode
FAIL: KeepInline compilation from source
FAIL: KeepInline compilation from bytecode
FAIL: KeepInline -O3 compilation from source
FAIL: KeepInline -O3 compilation from bytecode
FAIL: LargeFile compilation from source
FAIL: LargeFile compilation from bytecode
FAIL: LargeFile -O3 compilation from source
FAIL: LargeFile -O3 compilation from bytecode
FAIL: MathBuiltin compilation from source
FAIL: MathBuiltin compilation from bytecode
FAIL: MathBuiltin -O3 compilation from source
FAIL: MathBuiltin -O3 compilation from bytecode
FAIL: Matrix4f compilation from source
FAIL: Matrix4f compilation from bytecode
FAIL: Matrix4f -O3 compilation from source
FAIL: Matrix4f -O3 compilation from bytecode
FAIL: N19990310_02 compilation from source
FAIL: N19990310_02 compilation from bytecode
FAIL: N19990310_02 -O3 compilation from source
FAIL: N19990310_02 -O3 compilation from bytecode
FAIL: N19990310_3 compilation from source
FAIL: N19990310_3 compilation from bytecode
FAIL: N19990310_3 -O3 compilation from source
FAIL: N19990310_3 -O3 compilation from bytecode
FAIL: N19990310_4 compilation from source
FAIL: N19990310_4 compilation from bytecode
FAIL: N19990310_4 -O3 compilation from source
FAIL: N19990310_4 -O3 compilation from bytecode
FAIL: N19990310_5 compilation from source
FAIL: N19990310_5 compilation from bytecode
FAIL: N19990310_5 -O3 compilation from source
FAIL: N19990310_5 -O3 compilation from bytecode
FAIL: Overflow compilation from source
FAIL: Overflow compilation from bytecode
FAIL: Overflow -O3 compilation from source
FAIL: Overflow -O3 compilation from bytecode
FAIL: PR12350 compilation from source
FAIL: PR12350 compilation from bytecode
FAIL: PR12350 -O3 compilation from source
FAIL: PR12350 -O3 compilation from bytecode
FAIL: PR12416 compilation from source
FAIL: PR12416 compilation from bytecode
FAIL: PR12416 -O3 compilation from source
FAIL: PR12416 -O3 compilation from bytecode
FAIL: PR12656 compilation from source
FAIL: PR12656 compilation from bytecode
FAIL: PR12656 -O3 compilation from source
FAIL: PR12656 -O3 compilation from bytecode
FAIL: PR12915 compilation from source
FAIL: PR12915 compilation from bytecode
FAIL: PR12915 -O3 compilation from source
FAIL: PR12915 -O3 compilation from bytecode
FAIL: PR141 compilation from source
FAIL: PR141 compilation from bytecode
FAIL: PR141 -O3 compilation from source
FAIL: PR141 -O3 compilation from bytecode
FAIL: PR160 compilation from source
FAIL: PR160 compilation from bytecode
FAIL: PR160 -O3 compilation from source
FAIL: PR160 -O3 compilation from bytecode
FAIL: PR162 compilation from source
FAIL: PR162 compilation from bytecode
FAIL: PR162 -O3 compilation from source
FAIL: PR162 -O3 compilation from bytecode
FAIL: PR16867 compilation from source
FAIL: PR16867 compilation from bytecode
FAIL: PR16867 -O3 compilation from source
FAIL: PR16867 -O3 compilation from bytecode
FAIL: PR18699 compilation from source
FAIL: PR18699 compilation from bytecode
FAIL: PR18699 -O3 compilation from source
FAIL: PR18699 -O3 compilation from bytecode
FAIL: PR19870 compilation from source
FAIL: PR19870 compilation from bytecode
FAIL: PR19870 -O3 compilation from source
FAIL: PR19870 -O3 compilation from bytecode
FAIL: PR19870_2 compilation from source
FAIL: PR19870_2 compilation from bytecode
FAIL: PR19870_2 -O3 compilation from source
FAIL: PR19870_2 -O3 compilation from bytecode
FAIL: PR19921 compilation from source
FAIL: PR19921 compilation from bytecode
FAIL: PR19921 -O3 compilation from source
FAIL: PR19921 -O3 compilation from bytecode
FAIL: PR20056 compilation from source
FAIL: PR20056 compilation from bytecode
FAIL: PR20056 -O3 compilation from source
FAIL: PR20056 -O3 compilation from bytecode
FAIL: PR218 compilation from source
FAIL: PR218 compilation from bytecode
FAIL: PR218 -O3 compilation from source
FAIL: PR218 -O3 compilation from bytecode
FAIL: PR242 compilation from source
FAIL: PR242 compilation from bytecode
FAIL: PR242 -O3 compilation from source
FAIL: PR242 -O3 compilation from bytecode
FAIL: PR260 compilation from source
FAIL: PR260 compilation from bytecode
FAIL: PR260 -O3 compilation from source
FAIL: PR260 -O3 compilation from bytecode
FAIL: PR3096 compilation from source
FAIL: PR3096 compilation from bytecode
FAIL: PR3096 -O3 compilation from source
FAIL: PR3096 -O3 compilation from bytecode
FAIL: PR3731 compilation from source
FAIL: PR3731 compilation from bytecode
FAIL: PR3731 -O3 compilation from source
FAIL: PR3731 -O3 compilation from bytecode
FAIL: PR5057 compilation from source
FAIL: PR5057 compilation from bytecode
FAIL: PR5057 -O3 compilation from source
FAIL: PR5057 -O3 compilation from bytecode
FAIL: PR5057_2 compilation from source
FAIL: PR5057_2 compilation from bytecode
FAIL: PR5057_2 -O3 compilation from source
FAIL: PR5057_2 -O3 compilation from bytecode
FAIL: PR55 compilation from source
FAIL: PR55 compilation from bytecode
FAIL: PR55 -O3 compilation from source
FAIL: PR55 -O3 compilation from bytecode
FAIL: PR56 compilation from source
FAIL: PR56 compilation from bytecode
FAIL: PR56 -O3 compilation from source
FAIL: PR56 -O3 compilation from bytecode
FAIL: PR6085 compilation from source
FAIL: PR6085 compilation from bytecode
FAIL: PR6085 -O3 compilation from source
FAIL: PR6085 -O3 compilation from bytecode
FAIL: PR6204 compilation from source
FAIL: PR6204 compilation from bytecode
FAIL: PR6204 -O3 compilation from source
FAIL: PR6204 -O3 compilation from bytecode
FAIL: PR6729 compilation from source
FAIL: PR6729 compilation from bytecode
FAIL: PR6729 -O3 compilation from source
FAIL: PR6729 -O3 compilation from bytecode
FAIL: PR6820 compilation from source
FAIL: PR6820 compilation from bytecode
FAIL: PR6820 -O3 compilation from source
FAIL: PR6820 -O3 compilation from bytecode
FAIL: PR7482 compilation from source
FAIL: PR7482 compilation from bytecode
FAIL: PR7482 -O3 compilation from source
FAIL: PR7482 -O3 compilation from bytecode
FAIL: Process_1 compilation from source
FAIL: Process_1 compilation from bytecode
FAIL: Process_1 -O3 compilation from source
FAIL: Process_1 -O3 compilation from bytecode
FAIL: Process_2 compilation from source
FAIL: Process_2 compilation from bytecode
FAIL: Process_2 -O3 compilation from source
FAIL: Process_2 -O3 compilation from bytecode
FAIL: Process_3 compilation from source
FAIL: Process_3 compilation from bytecode
FAIL: Process_3 -O3 compilation from source
FAIL: Process_3 -O3 compilation from bytecode
FAIL: Process_4 compilation from source
FAIL: Process_4 compilation from bytecode
FAIL: Process_4 -O3 compilation from source
FAIL: Process_4 -O3 compilation from bytecode
FAIL: Process_5 compilation from source
FAIL: Process_5 compilation from bytecode
FAIL: Process_5 -O3 compilation from source
FAIL: Process_5 -O3 compilation from bytecode
FAIL: Process_6 compilation from source
FAIL: Process_6 compilation from bytecode
FAIL: Process_6 -O3 compilation from source
FAIL: Process_6 -O3 compilation from bytecode
FAIL: Serialization compilation from source
FAIL: Serialization compilation from bytecode
FAIL: Serialization -O3 compilation from source
FAIL: Serialization -O3 compilation from bytecode
FAIL: Shazam compilation from source
FAIL: Shazam compilation from bytecode
FAIL: Shazam -O3 compilation from source
FAIL: Shazam -O3 compilation from bytecode
FAIL: StaticConstructor compilation from source
FAIL: StaticConstructor compilation from bytecode
FAIL: StaticConstructor -O3 compilation from source
FAIL: StaticConstructor -O3 compilation from bytecode
FAIL: StringBuffer_1 compilation from source
FAIL: StringBuffer_1 compilation from bytecode
FAIL: StringBuffer_1 -O3 compilation from source
FAIL: StringBuffer_1 -O3 compilation from bytecode
FAIL: StringBuffer_overflow compilation from source
FAIL: StringBuffer_overflow compilation from bytecode
FAIL: StringBuffer_overflow -O3 compilation from source
FAIL: StringBuffer_overflow -O3 compilation from bytecode
FAIL: String_overflow compilation from source
FAIL: String_overflow compilation from bytecode
FAIL: String_overflow -O3 compilation from source
FAIL: String_overflow -O3 compilation from bytecode
FAIL: SyncGlobal compilation from source
FAIL: SyncGlobal compilation from bytecode
FAIL: SyncGlobal -O3 compilation from source
FAIL: SyncGlobal -O3 compilation from bytecode
FAIL: SyncTest compilation from source
FAIL: SyncTest compilation from bytecode
FAIL: SyncTest -O3 compilation from source
FAIL: SyncTest -O3 compilation from bytecode
FAIL: Synch compilation from source
FAIL: Synch compilation from bytecode
FAIL: Synch -O3 compilation from source
FAIL: Synch -O3 compilation from bytecode
FAIL: TLtest compilation from source
FAIL: TLtest compilation from bytecode
FAIL: TLtest -O3 compilation from source
FAIL: TLtest -O3 compilation from bytecode
FAIL: TestProxy compilation from source
FAIL: TestProxy compilation from bytecode
FAIL: TestProxy -O3 compilation from source
FAIL: TestProxy -O3 compilation from bytecode
FAIL: Thread_Alive compilation from source
FAIL: Thread_Alive compilation from bytecode
FAIL: Thread_Alive -O3 compilation from source
FAIL: Thread_Alive -O3 compilation from bytecode
FAIL: Thread_HoldsLock compilation from source
FAIL: Thread_HoldsLock compilation from bytecode
FAIL: Thread_HoldsLock -O3 compilation from source
FAIL: Thread_HoldsLock -O3 compilation from bytecode
FAIL: Thread_Interrupt compilation from source
FAIL: Thread_Interrupt compilation from bytecode
FAIL: Thread_Interrupt -O3 compilation from source
FAIL: Thread_Interrupt -O3 compilation from bytecode
FAIL: Thread_Join compilation from source
FAIL: Thread_Join compilation from bytecode
FAIL: Thread_Join -O3 compilation from source
FAIL: Thread_Join -O3 compilation from bytecode
FAIL: Thread_Monitor compilation from source
FAIL: Thread_Monitor compilation from bytecode
FAIL: Thread_Monitor -O3 compilation from source
FAIL: Thread_Monitor -O3 compilation from bytecode
FAIL: Thread_Sleep compilation from source
FAIL: Thread_Sleep compilation from bytecode
FAIL: Thread_Sleep -O3 compilation from source
FAIL: Thread_Sleep -O3 compilation from bytecode
FAIL: Thread_Wait compilation from source
FAIL: Thread_Wait compilation from bytecode
FAIL: Thread_Wait -O3 compilation from source
FAIL: Thread_Wait -O3 compilation from bytecode
FAIL: Thread_Wait_2 compilation from source
FAIL: Thread_Wait_2 compilation from bytecode
FAIL: Thread_Wait_2 -O3 compilation from source
FAIL: Thread_Wait_2 -O3 compilation from bytecode
FAIL: Thread_Wait_Interrupt compilation from source
FAIL: Thread_Wait_Interrupt compilation from bytecode
FAIL: Thread_Wait_Interrupt -O3 compilation from source
FAIL: Thread_Wait_Interrupt -O3 compilation from bytecode
FAIL: Throw_1 compilation from source
FAIL: Throw_1 compilation from bytecode
FAIL: Throw_1 -O3 compilation from source
FAIL: Throw_1 -O3 compilation from bytecode
FAIL: Throw_2 compilation from source
FAIL: Throw_2 compilation from bytecode
FAIL: Throw_2 -O3 compilation from source
FAIL: Throw_2 -O3 compilation from bytecode
FAIL: anfi compilation from source
FAIL: anfi compilation from bytecode
FAIL: anfi -O3 compilation from source
FAIL: anfi -O3 compilation from bytecode
FAIL: anon compilation from source
FAIL: anon compilation from bytecode
FAIL: anon -O3 compilation from source
FAIL: anon -O3 compilation from bytecode
FAIL: anon2 compilation from source
FAIL: anon2 compilation from bytecode
FAIL: anon2 -O3 compilation from source
FAIL: anon2 -O3 compilation from bytecode
FAIL: anon3 compilation from source
FAIL: anon3 compilation from bytecode
FAIL: anon3 -O3 compilation from source
FAIL: anon3 -O3 compilation from bytecode
FAIL: anon4 compilation from source
FAIL: anon4 compilation from bytecode
FAIL: anon4 -O3 compilation from source
FAIL: anon4 -O3 compilation from bytecode
FAIL: anon_ctor_itf_arg compilation from source
FAIL: anon_ctor_itf_arg compilation from bytecode
FAIL: anon_ctor_itf_arg -O3 compilation from source
FAIL: anon_ctor_itf_arg -O3 compilation from bytecode
FAIL: anonarray compilation from source
FAIL: anonarray compilation from bytecode
FAIL: anonarray -O3 compilation from source
FAIL: anonarray -O3 compilation from bytecode
FAIL: anonarray2 compilation from source
FAIL: anonarray2 compilation from bytecode
FAIL: anonarray2 -O3 compilation from source
FAIL: anonarray2 -O3 compilation from bytecode
FAIL: anonarray3 compilation from source
FAIL: anonarray3 compilation from bytecode
FAIL: anonarray3 -O3 compilation from source
FAIL: anonarray3 -O3 compilation from bytecode
FAIL: assign compilation from source
FAIL: assign compilation from bytecode
FAIL: assign -O3 compilation from source
FAIL: assign -O3 compilation from bytecode
FAIL: assign2 compilation from source
FAIL: assign2 compilation from bytecode
FAIL: assign2 -O3 compilation from source
FAIL: assign2 -O3 compilation from bytecode
FAIL: bclink compilation from source
FAIL: bclink compilation from bytecode
FAIL: bclink -O3 compilation from source
FAIL: bclink -O3 compilation from bytecode
FAIL: bytearray compilation from source
FAIL: bytearray compilation from bytecode
FAIL: bytearray -O3 compilation from source
FAIL: bytearray -O3 compilation from bytecode
FAIL: direct_read compilation from source
FAIL: direct_read compilation from bytecode
FAIL: direct_read -O3 compilation from source
FAIL: direct_read -O3 compilation from bytecode
FAIL: direct_write compilation from source
FAIL: direct_write compilation from bytecode
FAIL: direct_write -O3 compilation from source
FAIL: direct_write -O3 compilation from bytecode
FAIL: emptystring compilation from source
FAIL: emptystring compilation from bytecode
FAIL: emptystring -O3 compilation from source
FAIL: emptystring -O3 compilation from bytecode
FAIL: err1 compilation from source
FAIL: err1 compilation from bytecode
FAIL: err1 -O3 compilation from source
FAIL: err1 -O3 compilation from bytecode
FAIL: err10 compilation from source
FAIL: err10 compilation from bytecode
FAIL: err10 -O3 compilation from source
FAIL: err10 -O3 compilation from bytecode
FAIL: err11 compilation from source
FAIL: err11 compilation from bytecode
FAIL: err11 -O3 compilation from source
FAIL: err11 -O3 compilation from bytecode
FAIL: err12 compilation from source
FAIL: err12 compilation from bytecode
FAIL: err12 -O3 compilation from source
FAIL: err12 -O3 compilation from bytecode
FAIL: err13 compilation from source
FAIL: err13 compilation from bytecode
FAIL: err13 -O3 compilation from source
FAIL: err13 -O3 compilation from bytecode
FAIL: err14 compilation from source
FAIL: err14 compilation from bytecode
FAIL: err14 -O3 compilation from source
FAIL: err14 -O3 compilation from bytecode
FAIL: err2 compilation from source
FAIL: err2 compilation from bytecode
FAIL: err2 -O3 compilation from source
FAIL: err2 -O3 compilation from bytecode
FAIL: err3 compilation from source
FAIL: err3 compilation from bytecode
FAIL: err3 -O3 compilation from source
FAIL: err3 -O3 compilation from bytecode
FAIL: err4 compilation from source
FAIL: err4 compilation from bytecode
FAIL: err4 -O3 compilation from source
FAIL: err4 -O3 compilation from bytecode
FAIL: err5 compilation from source
FAIL: err5 compilation from bytecode
FAIL: err5 -O3 compilation from source
FAIL: err5 -O3 compilation from bytecode
FAIL: err6 compilation from source
FAIL: err6 compilation from bytecode
FAIL: err6 -O3 compilation from source
FAIL: err6 -O3 compilation from bytecode
FAIL: err7 compilation from source
FAIL: err7 compilation from bytecode
FAIL: err7 -O3 compilation from source
FAIL: err7 -O3 compilation from bytecode
FAIL: err8 compilation from source
FAIL: err8 compilation from bytecode
FAIL: err8 -O3 compilation from source
FAIL: err8 -O3 compilation from bytecode
FAIL: err9 compilation from source
FAIL: err9 compilation from bytecode
FAIL: err9 -O3 compilation from source
FAIL: err9 -O3 compilation from bytecode
FAIL: final_inner compilation from source
FAIL: final_inner compilation from bytecode
FAIL: final_inner -O3 compilation from source
FAIL: final_inner -O3 compilation from bytecode
FAIL: final_int compilation from source
FAIL: final_int compilation from bytecode
FAIL: final_int -O3 compilation from source
FAIL: final_int -O3 compilation from bytecode
FAIL: final_static_and_friend compilation from source
FAIL: final_static_and_friend compilation from bytecode
FAIL: final_static_and_friend -O3 compilation from source
FAIL: final_static_and_friend -O3 compilation from bytecode
FAIL: indirect compilation from source
FAIL: indirect compilation from bytecode
FAIL: indirect -O3 compilation from source
FAIL: indirect -O3 compilation from bytecode
FAIL: indirect_read compilation from source
FAIL: indirect_read compilation from bytecode
FAIL: indirect_read -O3 compilation from source
FAIL: indirect_read -O3 compilation from bytecode
FAIL: indirect_write compilation from source
FAIL: indirect_write compilation from bytecode
FAIL: indirect_write -O3 compilation from source
FAIL: indirect_write -O3 compilation from bytecode
FAIL: initexc compilation from source
FAIL: initexc compilation from bytecode
FAIL: initexc -O3 compilation from source
FAIL: initexc -O3 compilation from bytecode
FAIL: initfield compilation from source
FAIL: initfield compilation from bytecode
FAIL: initfield -O3 compilation from source
FAIL: initfield -O3 compilation from bytecode
FAIL: inline compilation from source
FAIL: inline compilation from bytecode
FAIL: inline -O3 compilation from source
FAIL: inline -O3 compilation from bytecode
FAIL: inner1 compilation from source
FAIL: inner1 compilation from bytecode
FAIL: inner1 -O3 compilation from source
FAIL: inner1 -O3 compilation from bytecode
FAIL: inner2 compilation from source
FAIL: inner2 compilation from bytecode
FAIL: inner2 -O3 compilation from source
FAIL: inner2 -O3 compilation from bytecode
FAIL: inner3 compilation from source
FAIL: inner3 compilation from bytecode
FAIL: inner3 -O3 compilation from source
FAIL: inner3 -O3 compilation from bytecode
FAIL: inner4 compilation from source
FAIL: inner4 compilation from bytecode
FAIL: inner4 -O3 compilation from source
FAIL: inner4 -O3 compilation from bytecode
FAIL: inner_array compilation from source
FAIL: inner_array compilation from bytecode
FAIL: inner_array -O3 compilation from source
FAIL: inner_array -O3 compilation from bytecode
FAIL: inner_interface compilation from source
FAIL: inner_interface compilation from bytecode
FAIL: inner_interface -O3 compilation from source
FAIL: inner_interface -O3 compilation from bytecode
FAIL: instance compilation from source
FAIL: instance compilation from bytecode
FAIL: instance -O3 compilation from source
FAIL: instance -O3 compilation from bytecode
FAIL: instinit compilation from source
FAIL: instinit compilation from bytecode
FAIL: instinit -O3 compilation from source
FAIL: instinit -O3 compilation from bytecode
FAIL: instinit2 compilation from source
FAIL: instinit2 compilation from bytecode
FAIL: instinit2 -O3 compilation from source
FAIL: instinit2 -O3 compilation from bytecode
FAIL: invoke_from_inner compilation from source
FAIL: invoke_from_inner compilation from bytecode
FAIL: invoke_from_inner -O3 compilation from source
FAIL: invoke_from_inner -O3 compilation from bytecode
FAIL: invokethrow compilation from source
FAIL: invokethrow compilation from bytecode
FAIL: invokethrow -O3 compilation from source
FAIL: invokethrow -O3 compilation from bytecode
FAIL: klass compilation from source
FAIL: klass compilation from bytecode
FAIL: klass -O3 compilation from source
FAIL: klass -O3 compilation from bytecode
FAIL: md5test compilation from source
FAIL: md5test compilation from bytecode
FAIL: md5test -O3 compilation from source
FAIL: md5test -O3 compilation from bytecode
FAIL: multiple_finit compilation from source
FAIL: multiple_finit compilation from bytecode
FAIL: multiple_finit -O3 compilation from source
FAIL: multiple_finit -O3 compilation from bytecode
FAIL: negzero compilation from source
FAIL: negzero compilation from bytecode
FAIL: negzero -O3 compilation from source
FAIL: negzero -O3 compilation from bytecode
FAIL: nested_with_ctor compilation from source
FAIL: nested_with_ctor compilation from bytecode
FAIL: nested_with_ctor -O3 compilation from source
FAIL: nested_with_ctor -O3 compilation from bytecode
FAIL: newarray_overflow compilation from source
FAIL: newarray_overflow compilation from bytecode
FAIL: newarray_overflow -O3 compilation from source
FAIL: newarray_overflow -O3 compilation from bytecode
FAIL: override compilation from source
FAIL: override compilation from bytecode
FAIL: override -O3 compilation from source
FAIL: override -O3 compilation from bytecode
FAIL: pr109 compilation from source
FAIL: pr109 compilation from bytecode
FAIL: pr109 -O3 compilation from source
FAIL: pr109 -O3 compilation from bytecode
FAIL: pr13107 compilation from source
FAIL: pr13107 compilation from bytecode
FAIL: pr13107 -O3 compilation from source
FAIL: pr13107 -O3 compilation from bytecode
FAIL: pr13107_2 compilation from source
FAIL: pr13107_2 compilation from bytecode
FAIL: pr13107_2 -O3 compilation from source
FAIL: pr13107_2 -O3 compilation from bytecode
FAIL: pr13107_3 compilation from source
FAIL: pr13107_3 compilation from bytecode
FAIL: pr13107_3 -O3 compilation from source
FAIL: pr13107_3 -O3 compilation from bytecode
FAIL: pr133 compilation from source
FAIL: pr133 compilation from bytecode
FAIL: pr133 -O3 compilation from source
FAIL: pr133 -O3 compilation from bytecode
FAIL: pr16789 compilation from source
FAIL: pr16789 compilation from bytecode
FAIL: pr16789 -O3 compilation from source
FAIL: pr16789 -O3 compilation from bytecode
FAIL: pr17536 compilation from source
FAIL: pr17536 compilation from bytecode
FAIL: pr17536 -O3 compilation from source
FAIL: pr17536 -O3 compilation from bytecode
FAIL: pr179 compilation from source
FAIL: pr179 compilation from bytecode
FAIL: pr179 -O3 compilation from source
FAIL: pr179 -O3 compilation from bytecode
FAIL: pr184 compilation from source
FAIL: pr184 compilation from bytecode
FAIL: pr184 -O3 compilation from source
FAIL: pr184 -O3 compilation from bytecode
FAIL: pr21785 compilation from source
FAIL: pr21785 compilation from bytecode
FAIL: pr21785 -O3 compilation from source
FAIL: pr21785 -O3 compilation from bytecode
FAIL: pr21844 compilation from source
FAIL: pr21844 compilation from bytecode
FAIL: pr21844 -O3 compilation from source
FAIL: pr21844 -O3 compilation from bytecode
FAIL: pr6388 compilation from source
FAIL: pr6388 compilation from bytecode
FAIL: pr6388 -O3 compilation from source
FAIL: pr6388 -O3 compilation from bytecode
FAIL: pr83 compilation from source
FAIL: pr83 compilation from bytecode
FAIL: pr83 -O3 compilation from source
FAIL: pr83 -O3 compilation from bytecode
FAIL: pr8415 compilation from source
FAIL: pr8415 compilation from bytecode
FAIL: pr8415 -O3 compilation from source
FAIL: pr8415 -O3 compilation from bytecode
FAIL: pr8676 compilation from source
FAIL: pr8676 compilation from bytecode
FAIL: pr8676 -O3 compilation from source
FAIL: pr8676 -O3 compilation from bytecode
FAIL: pr8823 compilation from source
FAIL: pr8823 compilation from bytecode
FAIL: pr8823 -O3 compilation from source
FAIL: pr8823 -O3 compilation from bytecode
FAIL: pr8945 compilation from source
FAIL: pr8945 compilation from bytecode
FAIL: pr8945 -O3 compilation from source
FAIL: pr8945 -O3 compilation from bytecode
FAIL: private_direct_read compilation from source
FAIL: private_direct_read compilation from bytecode
FAIL: private_direct_read -O3 compilation from source
FAIL: private_direct_read -O3 compilation from bytecode
FAIL: search_outer compilation from source
FAIL: search_outer compilation from bytecode
FAIL: search_outer -O3 compilation from source
FAIL: search_outer -O3 compilation from bytecode
FAIL: shatest compilation from source
FAIL: shatest compilation from bytecode
FAIL: shatest -O3 compilation from source
FAIL: shatest -O3 compilation from bytecode
FAIL: stringconst compilation from source
FAIL: stringconst compilation from bytecode
FAIL: stringconst -O3 compilation from source
FAIL: stringconst -O3 compilation from bytecode
FAIL: stringconst2 compilation from source
FAIL: stringconst2 compilation from bytecode
FAIL: stringconst2 -O3 compilation from source
FAIL: stringconst2 -O3 compilation from bytecode
FAIL: stub compilation from source
FAIL: stub compilation from bytecode
FAIL: stub -O3 compilation from source
FAIL: stub -O3 compilation from bytecode
FAIL: test_long compilation from source
FAIL: test_long compilation from bytecode
FAIL: test_long -O3 compilation from source
FAIL: test_long -O3 compilation from bytecode
FAIL: tmi compilation from source
FAIL: tmi compilation from bytecode
FAIL: tmi -O3 compilation from source
FAIL: tmi -O3 compilation from bytecode
FAIL: tp compilation from source
FAIL: tp compilation from bytecode
FAIL: tp -O3 compilation from source
FAIL: tp -O3 compilation from bytecode
FAIL: update_outer compilation from source
FAIL: update_outer compilation from bytecode
FAIL: update_outer -O3 compilation from source
FAIL: update_outer -O3 compilation from bytecode
FAIL: utf8concat compilation from source
FAIL: utf8concat compilation from bytecode
FAIL: utf8concat -O3 compilation from source
FAIL: utf8concat -O3 compilation from bytecode
FAIL: utilTest compilation from source
FAIL: utilTest compilation from bytecode
FAIL: utilTest -O3 compilation from source
FAIL: utilTest -O3 compilation from bytecode
FAIL: verify compilation from source
FAIL: verify compilation from bytecode
FAIL: verify -O3 compilation from source
FAIL: verify -O3 compilation from bytecode
FAIL: TestEarlyGC compilation from source
FAIL: TestLeak compilation from source
FAIL: TestMultiple compilation from source
FAIL: TestParent compilation from source
FAIL: linking pr21115
FAIL: compiling/linking pr21115.java
=== libjava Summary for unix/-mabi=64 ===
# of expected passes 938
# of unexpected failures 887
# of expected failures 31
# of untested testcases 1423
=== libjava Summary ===
# of expected passes 4584
# of unexpected failures 2359
# of expected failures 39
# of untested testcases 2915
=== libstdc++ tests ===
Running target unix/
FAIL: 18_support/numeric_limits/epsilon.cc execution test
FAIL: 21_strings/basic_string/inserters_extractors/wchar_t/1.cc execution test
FAIL: 21_strings/basic_string/inserters_extractors/wchar_t/11.cc execution test
FAIL: 21_strings/basic_string/inserters_extractors/wchar_t/5.cc execution test
FAIL: 22_locale/ctype/cons/char/1.cc execution test
FAIL: 22_locale/ctype/is/wchar_t/1.cc execution test
FAIL: 22_locale/ctype/scan/wchar_t/1.cc execution test
FAIL: 22_locale/money_get/get/wchar_t/19.cc execution test
FAIL: 22_locale/money_get/get/wchar_t/8.cc execution test
FAIL: 27_io/basic_istream/extractors_arithmetic/wchar_t/01.cc execution test
FAIL: 27_io/basic_istream/extractors_arithmetic/wchar_t/07.cc execution test
FAIL: 27_io/basic_istream/extractors_arithmetic/wchar_t/08.cc execution test
FAIL: 27_io/basic_istream/extractors_arithmetic/wchar_t/10.cc execution test
FAIL: 27_io/basic_istream/extractors_arithmetic/wchar_t/13.cc execution test
FAIL: 27_io/basic_istream/extractors_character/wchar_t/1.cc execution test
FAIL: 27_io/basic_istream/extractors_character/wchar_t/11095-i.cc execution test
FAIL: 27_io/basic_istream/extractors_character/wchar_t/2.cc execution test
FAIL: 27_io/basic_istream/extractors_character/wchar_t/3.cc execution test
FAIL: 27_io/basic_istream/extractors_character/wchar_t/4.cc execution test
FAIL: 27_io/basic_istream/sentry/wchar_t/2.cc execution test
FAIL: 27_io/basic_istream/ws/wchar_t/1.cc execution test
FAIL: ext/mt_allocator/deallocate_global-2.cc execution test
FAIL: ext/mt_allocator/deallocate_global-4.cc execution test
FAIL: ext/mt_allocator/deallocate_global_thread-1.cc execution test
FAIL: ext/mt_allocator/deallocate_global_thread-3.cc execution test
FAIL: ext/mt_allocator/deallocate_local-2.cc execution test
FAIL: ext/mt_allocator/deallocate_local-4.cc execution test
FAIL: ext/mt_allocator/deallocate_local_thread-1.cc execution test
FAIL: ext/mt_allocator/deallocate_local_thread-3.cc execution test
=== libstdc++ Summary for unix/ ===
# of expected passes 3342
# of unexpected failures 29
# of expected failures 12
# of unsupported tests 329
Running target unix/-mabi=32
FAIL: 22_locale/ctype/cons/char/1.cc execution test
FAIL: 22_locale/num_get/get/char/10.cc execution test
FAIL: 27_io/basic_istream/extractors_arithmetic/char/12.cc execution test
=== libstdc++ Summary for unix/-mabi=32 ===
# of expected passes 2616
# of unexpected failures 3
# of expected failures 10
# of unsupported tests 159
Running target unix/-mabi=64
FAIL: 18_support/numeric_limits/epsilon.cc execution test
FAIL: 21_strings/basic_string/inserters_extractors/wchar_t/1.cc execution test
FAIL: 21_strings/basic_string/inserters_extractors/wchar_t/11.cc execution test
FAIL: 21_strings/basic_string/inserters_extractors/wchar_t/5.cc execution test
FAIL: 22_locale/ctype/cons/char/1.cc execution test
FAIL: 22_locale/ctype/is/wchar_t/1.cc execution test
FAIL: 22_locale/ctype/scan/wchar_t/1.cc execution test
FAIL: 22_locale/money_get/get/wchar_t/19.cc execution test
FAIL: 22_locale/money_get/get/wchar_t/8.cc execution test
FAIL: 27_io/basic_istream/extractors_arithmetic/wchar_t/01.cc execution test
FAIL: 27_io/basic_istream/extractors_arithmetic/wchar_t/07.cc execution test
FAIL: 27_io/basic_istream/extractors_arithmetic/wchar_t/08.cc execution test
FAIL: 27_io/basic_istream/extractors_arithmetic/wchar_t/10.cc execution test
FAIL: 27_io/basic_istream/extractors_arithmetic/wchar_t/13.cc execution test
FAIL: 27_io/basic_istream/extractors_character/wchar_t/1.cc execution test
FAIL: 27_io/basic_istream/extractors_character/wchar_t/11095-i.cc execution test
FAIL: 27_io/basic_istream/extractors_character/wchar_t/2.cc execution test
FAIL: 27_io/basic_istream/extractors_character/wchar_t/3.cc execution test
FAIL: 27_io/basic_istream/extractors_character/wchar_t/4.cc execution test
FAIL: 27_io/basic_istream/sentry/wchar_t/2.cc execution test
FAIL: 27_io/basic_istream/ws/wchar_t/1.cc execution test
FAIL: ext/mt_allocator/deallocate_global-2.cc execution test
FAIL: ext/mt_allocator/deallocate_global-4.cc execution test
FAIL: ext/mt_allocator/deallocate_global_thread-1.cc execution test
FAIL: ext/mt_allocator/deallocate_global_thread-3.cc execution test
FAIL: ext/mt_allocator/deallocate_local-2.cc execution test
FAIL: ext/mt_allocator/deallocate_local-4.cc execution test
FAIL: ext/mt_allocator/deallocate_local_thread-1.cc execution test
FAIL: ext/mt_allocator/deallocate_local_thread-3.cc execution test
=== libstdc++ Summary for unix/-mabi=64 ===
# of expected passes 3342
# of unexpected failures 29
# of expected failures 12
# of unsupported tests 329
=== libstdc++ Summary ===
# of expected passes 9300
# of unexpected failures 61
# of expected failures 34
# of unsupported tests 817
Compiler version: 4.1.0 20060219 (prerelease)
Platform: mips-sgi-irix6.5
configure flags: --prefix=/SCRATCH/gcc-build/IRIX64/mips-sgi-irix6.5/install
--with-gnu-as
--with-as=/SCRATCH/gcc-build/IRIX64/mips-sgi-irix6.5/install/bin/as
--with-gnu-ld
--with-ld=/SCRATCH/gcc-build/IRIX64/mips-sgi-irix6.5/install/bin/ld
--enable-shared --enable-threads=posix --enable-libgcj --enable-checking=release
--with-gmp=/appl/shared/gnu/IRIX64/mips-sgi-irix6.5
--with-mpfr=/appl/shared/gnu/IRIX64/mips-sgi-irix6.5
--enable-languages=c,ada,c++,fortran,java,objc,obj-c++,treelang
binutils:
binutils-2.16.1-IRIX
Build system:
IRIX64 octane-3 6.5 10070055 IP30 mips Irix
cc for building:
gcc
gcc (GCC) 4.0.2
Copyright (C) 2005 Free Software Foundation, Inc.
This is free software; see the source for copying conditions. There is NO
warranty; not even for MERCHANTABILITY or FITNESS FOR A PARTICULAR PURPOSE.
as for building:
GNU assembler 2.16.1
Copyright 2005 Free Software Foundation, Inc.
This program is free software; you may redistribute it under the terms of
the GNU General Public License. This program has absolutely no warranty.
This assembler was configured for a target of \`mips-sgi-irix6.5'.
ld for building:
GNU ld version 2.16.1
Copyright 2005 Free Software Foundation, Inc.
This program is free software; you may redistribute it under the terms of
the GNU General Public License. This program has absolutely no warranty.