This is the mail archive of the
gcc-testresults@gcc.gnu.org
mailing list for the GCC project.
Results for 4.1.0 20060219 (prerelease) (Debian 4.1-0exp9) testsuite on ia64-unknown-linux-gnu
- From: Matthias Klose <doko at debian dot org>
- To: gcc-testresults at gcc dot gnu dot org
- Cc: debian-gcc at lists dot debian dot org
- Date: Wed, 22 Feb 2006 17:55:24 -0700
- Subject: Results for 4.1.0 20060219 (prerelease) (Debian 4.1-0exp9) testsuite on ia64-unknown-linux-gnu
- Reply-to: Matthias Klose <doko at debian dot org>
LAST_UPDATED: Obtained from SVN: branches/gcc-4_1-branch revision 111279
=== acats tests ===
FAIL: c36204d
=== acats Summary ===
# of expected passes 2315
# of unexpected failures 1
Native configuration is ia64-unknown-linux-gnu
=== g++ tests ===
Running target unix
XPASS: g++.dg/tree-ssa/pr14814.C scan-tree-dump-times &this 0
XPASS: g++.old-deja/g++.other/init5.C execution test
=== g++ Summary ===
# of expected passes 11429
# of unexpected successes 2
# of expected failures 66
# of unsupported tests 103
/home/doko/gcc/4.1/gcc-4.1-4.1ds9/build/gcc/testsuite/../g++ version 4.1.0 20060219 (prerelease) (Debian 4.1-0exp9)
=== gcc tests ===
Running target unix
FAIL: gcc.dg/builtin-apply4.c execution test
XPASS: gcc.dg/tree-ssa/loop-1.c scan-assembler-times foo 5
XPASS: gcc.dg/vect/pr16105.c scan-tree-dump-times vectorized 1 loops 1
XPASS: gcc.dg/vect/pr20122.c scan-tree-dump-times vectorized 1 loops 2
XPASS: gcc.dg/vect/vect-105.c scan-tree-dump-times vectorized 1 loops 1
XPASS: gcc.dg/vect/vect-30.c scan-tree-dump-times vectorized 1 loops 2
XPASS: gcc.dg/vect/vect-42.c scan-tree-dump-times vectorized 1 loops 1
XPASS: gcc.dg/vect/vect-43.c scan-tree-dump-times vectorized 1 loops 1
XPASS: gcc.dg/vect/vect-74.c scan-tree-dump-times vectorized 1 loops 1
XPASS: gcc.dg/vect/vect-75.c scan-tree-dump-times vectorized 1 loops 1
XPASS: gcc.dg/vect/vect-8.c scan-tree-dump-times vectorized 1 loops 1
=== gcc Summary ===
# of expected passes 37005
# of unexpected failures 1
# of unexpected successes 10
# of expected failures 132
# of untested testcases 28
# of unsupported tests 316
/home/doko/gcc/4.1/gcc-4.1-4.1ds9/build/gcc/xgcc version 4.1.0 20060219 (prerelease) (Debian 4.1-0exp9)
=== gfortran tests ===
Running target unix
FAIL: gfortran.dg/vect/vect-4.f90 -O scan-tree-dump-times Alignment of access forced using peeling 1
FAIL: gfortran.dg/vect/vect-4.f90 -O scan-tree-dump-times Vectorizing an unaligned access 1
=== gfortran Summary ===
# of expected passes 11627
# of unexpected failures 2
# of expected failures 20
# of unsupported tests 18
/home/doko/gcc/4.1/gcc-4.1-4.1ds9/build/gcc/testsuite/../gfortran version 4.1.0 20060219 (prerelease) (Debian 4.1-0exp9)
=== obj-c++ tests ===
Running target unix
FAIL: obj-c++.dg/bitfield-1.mm (test for excess errors)
FAIL: obj-c++.dg/bitfield-4.mm (test for excess errors)
FAIL: obj-c++.dg/cxx-ivars-2.mm execution test
FAIL: obj-c++.dg/encode-3.mm execution test
FAIL: obj-c++.dg/encode-8.mm execution test
FAIL: obj-c++.dg/isa-field-1.mm (test for excess errors)
FAIL: obj-c++.dg/layout-1.mm (test for excess errors)
FAIL: obj-c++.dg/lookup-2.mm (test for excess errors)
WARNING: obj-c++.dg/lookup-2.mm compilation failed to produce executable
FAIL: obj-c++.dg/try-catch-2.mm (test for excess errors)
WARNING: obj-c++.dg/try-catch-2.mm compilation failed to produce executable
FAIL: obj-c++.dg/try-catch-9.mm (test for excess errors)
WARNING: obj-c++.dg/try-catch-9.mm compilation failed to produce executable
=== obj-c++ Summary ===
# of expected passes 419
# of unexpected failures 10
# of unsupported tests 13
/home/doko/gcc/4.1/gcc-4.1-4.1ds9/build/gcc/testsuite/../g++ version 4.1.0 20060219 (prerelease) (Debian 4.1-0exp9)
=== objc tests ===
Running target unix
=== objc Summary ===
# of expected passes 1682
# of unsupported tests 23
/home/doko/gcc/4.1/gcc-4.1-4.1ds9/build/gcc/xgcc version 4.1.0 20060219 (prerelease) (Debian 4.1-0exp9)
=== libffi tests ===
Running target unix
=== libffi Summary ===
# of expected passes 228
# of unsupported tests 2
=== libjava tests ===
Running target unix
=== libjava Summary ===
# of expected passes 4011
# of expected failures 10
# of untested testcases 8
=== libmudflap tests ===
Running target unix
FAIL: libmudflap.c++/pass41-frag.cxx (test for excess errors)
WARNING: libmudflap.c++/pass41-frag.cxx compilation failed to produce executable
FAIL: libmudflap.c++/pass41-frag.cxx (-O) (test for excess errors)
WARNING: libmudflap.c++/pass41-frag.cxx (-O) compilation failed to produce executable
FAIL: libmudflap.c++/pass41-frag.cxx (-O2) (test for excess errors)
WARNING: libmudflap.c++/pass41-frag.cxx (-O2) compilation failed to produce executable
FAIL: libmudflap.c++/pass41-frag.cxx (-O3) (test for excess errors)
WARNING: libmudflap.c++/pass41-frag.cxx (-O3) compilation failed to produce executable
FAIL: ctors-12 linkage
FAIL: ctors-21 linkage
WARNING: program timed out.
FAIL: ctors-12 execution
WARNING: program timed out.
FAIL: ctors-21 execution
FAIL: ctors-12 linkage -static
FAIL: ctors-21 linkage -static
WARNING: program timed out.
FAIL: ctors-12 execution -static
WARNING: program timed out.
FAIL: ctors-21 execution -static
FAIL: ctors-12 linkage -O2
FAIL: ctors-21 linkage -O2
WARNING: program timed out.
FAIL: ctors-12 execution -O2
WARNING: program timed out.
FAIL: ctors-21 execution -O2
FAIL: ctors-12 linkage -O3
FAIL: ctors-21 linkage -O3
WARNING: program timed out.
FAIL: ctors-12 execution -O3
WARNING: program timed out.
FAIL: ctors-21 execution -O3
=== libmudflap Summary ===
# of expected passes 1765
# of unexpected failures 20
=== libstdc++ tests ===
Running target unix
XPASS: 26_numerics/cmath/c99_classification_macros_c.cc (test for excess errors)
XPASS: 27_io/fpos/14320-1.cc execution test
=== libstdc++ Summary ===
# of expected passes 3399
# of unexpected successes 2
# of expected failures 11
# of unsupported tests 315
Compiler version: 4.1.0 20060219 (prerelease) (Debian 4.1-0exp9)
Platform: ia64-unknown-linux-gnu
configure flags: -v --prefix=/usr --enable-shared --with-system-zlib --libexecdir=/usr/lib --without-included-gettext --enable-threads=posix --enable-nls --program-suffix=-4.1 --enable-__cxa_atexit --enable-clocale=gnu --enable-libstdcxx-debug --enable-java-awt=gtk --enable-gtk-cairo --with-java-home=/usr/lib/jvm/java-1.4.2-gcj-4.1-1.4.2.0/jre --enable-mpfr --with-system-libunwind --enable-checking=release ia64-linux-gnu --enable-languages=c,ada,c++,fortran,java,objc,obj-c++,treelang
BOOT_CFLAGS=-O2
Build Dependencies:
Desired=Unknown/Install/Remove/Purge/Hold
| Status=Not/Installed/Config-files/Unpacked/Failed-config/Half-installed
|/ Err?=(none)/Hold/Reinst-required/X=both-problems (Status,Err: uppercase=bad)
||/ Name Version Description
+++-==============-===================-==============================================
ii binutils 2.16.1cvs20060117-1 The GNU assembler, linker and binary utilities
Patches that Debian applied in this version:
libjava-update:
libjava awt & swing update, taken from trunk 2006-02-16
gcc-version:
Add package identification to the gcc version string
gcc-textdomain:
Set gettext's domain and textdomain to the versioned package name.
rename-info-files:
Allow transformations on info file names. Reference the
transformed info file names in the texinfo files.
libstdc++-pic:
Build and install libstdc++_pic.a library.
libstdc++-doclink:
adjust hrefs to point to the local documentation
gccbug:
Use sensible-editor instead of vi as fallback editor
gccbug-posix:
Make gccbug POSIX compliant (patch by David Weinehall)
http://www.opengroup.org/onlinepubs/009695399/utilities/test.html
boehm-gc-nocheck:
Disable running the boehm-gc testsuite. Hangs the buildd at least on hppa.
fastjar-version:
Append GCC version to the fastjar version string.
libstdc++-doxygen:
libstdc++ doxygen docs: Set SHORT_NAMES to YES
classmap-path:
Set the location for gcj-dbtool's database to /var/lib/gcj-X.Y
libjava-dlsearch-path:
Add /usr/lib/gcj-4.1 to the dlsearch path.
arm-libffi:
Add closure support to libffi for arm
arm-gij:
Enable gij interpreter on arm
deb-protoize:
build protoize/unprotoize binaries
ada-link-lib:
- Install the shared Ada libraries as '.so.1', not '.so' to conform
to the Debian policy.
- Don't include a runtime link path (-rpath), when linking binaries.
- Build the shared libraries on hppa-linux.
ada-gcc-name:
use gcc-4.1 instead of gcc as the command name.
ignore-comp-fail:
Ignore the bootstrap comparision failure
link-libs:
cpu-default-i486:
set default 32bit ix86 architecture to i486
reporting:
Add Debian URL for bug reporting isntructions.
gcc-ice-hack:
2004-01-23 Jakub Jelinek <jakub@redhat.com>
* system.h (ICE_EXIT_CODE): Define.
* gcc.c (execute): Don't free first string early, but at the end
of the function. Call retry_ice if compiler exited with
ICE_EXIT_CODE.
(retry_ice): New function.
* diagnostic.c (diagnostic_count_diagnostic,
diagnostic_action_after_output, error_recursion): Exit with
ICE_EXIT_CODE instead of FATAL_EXIT_CODE.
Counting all warnings,
there are 121 warnings in stage3 of this bootstrap.
Number of warnings per file:
88 genattrtab
11 treelang/lex.c
11 gengtype-lex.c
3 gcc/gcc.c
3 SYSCALLS.c
2 gcc/objc/lang-specs.h
1 gcc/protoize.c
1 gcc/java/jvspec.c
1 gcc/config/ia64/itanium2.md
Number of warning types:
56 unit `???' excludes and requires presence of `???'
32 unit `???' is not used
22 no previous prototype for `???'
7 string length `???' is greater than the length `???' ISO C89 compilers are required to support
3 conflicting types for built-in function `???'
1 argument `???' might be clobbered by `???' or `???'