This is the mail archive of the gcc-testresults@gcc.gnu.org mailing list for the GCC project.


Index Nav: [Date Index] [Subject Index] [Author Index] [Thread Index]
Message Nav: [Date Prev] [Date Next] [Thread Prev] [Thread Next]
Other format: [Raw text]

Results for 4.1.0 20060222 (prerelease) testsuite on i386-pc-solaris2.11


LAST_UPDATED: Wed Feb 22 09:57:46 UTC 2006 (revision 111360M)

		=== acats tests ===
FAIL:	c94002f
FAIL:	c96005d
FAIL:	cc3120a

		=== acats Summary ===
# of expected passes		2313
# of unexpected failures	3
Native configuration is i386-pc-solaris2.11

		=== g++ tests ===


Running target unix
FAIL: g++.dg/eh/simd-1.C (test for excess errors)
WARNING: g++.dg/eh/simd-1.C compilation failed to produce executable
XPASS: g++.dg/other/ucnid-1.C (test for excess errors)
XPASS: g++.dg/tree-ssa/pr14814.C scan-tree-dump-times &this 0

		=== g++ Summary ===

# of expected passes		11919
# of unexpected failures	1
# of unexpected successes	2
# of expected failures		67
# of unsupported tests		104
/vol/gcc/obj/gcc-4.1.0-20060222/10-gcc-gas/gcc/testsuite/../g++  version 4.1.0 20060222 (prerelease)

		=== gcc tests ===


Running target unix
FAIL: gcc.c-torture/execute/20050316-1.c compilation,  -O0 
UNRESOLVED: gcc.c-torture/execute/20050316-1.c execution,  -O0 
FAIL: gcc.c-torture/execute/20050316-1.c compilation,  -O1 
UNRESOLVED: gcc.c-torture/execute/20050316-1.c execution,  -O1 
FAIL: gcc.c-torture/execute/20050316-1.c compilation,  -O2 
UNRESOLVED: gcc.c-torture/execute/20050316-1.c execution,  -O2 
FAIL: gcc.c-torture/execute/20050316-1.c compilation,  -O3 -fomit-frame-pointer 
UNRESOLVED: gcc.c-torture/execute/20050316-1.c execution,  -O3 -fomit-frame-pointer 
FAIL: gcc.c-torture/execute/20050316-1.c compilation,  -O3 -g 
UNRESOLVED: gcc.c-torture/execute/20050316-1.c execution,  -O3 -g 
FAIL: gcc.c-torture/execute/20050316-1.c compilation,  -Os 
UNRESOLVED: gcc.c-torture/execute/20050316-1.c execution,  -Os 
FAIL: gcc.c-torture/execute/20050316-3.c compilation,  -O0 
UNRESOLVED: gcc.c-torture/execute/20050316-3.c execution,  -O0 
FAIL: gcc.c-torture/execute/20050316-3.c compilation,  -O1 
UNRESOLVED: gcc.c-torture/execute/20050316-3.c execution,  -O1 
FAIL: gcc.c-torture/execute/20050316-3.c compilation,  -O2 
UNRESOLVED: gcc.c-torture/execute/20050316-3.c execution,  -O2 
FAIL: gcc.c-torture/execute/20050316-3.c compilation,  -O3 -fomit-frame-pointer 
UNRESOLVED: gcc.c-torture/execute/20050316-3.c execution,  -O3 -fomit-frame-pointer 
FAIL: gcc.c-torture/execute/20050316-3.c compilation,  -O3 -g 
UNRESOLVED: gcc.c-torture/execute/20050316-3.c execution,  -O3 -g 
FAIL: gcc.c-torture/execute/20050316-3.c compilation,  -Os 
UNRESOLVED: gcc.c-torture/execute/20050316-3.c execution,  -Os 
FAIL: gcc.c-torture/execute/simd-6.c compilation,  -O0 
UNRESOLVED: gcc.c-torture/execute/simd-6.c execution,  -O0 
FAIL: gcc.c-torture/execute/simd-6.c compilation,  -O1 
UNRESOLVED: gcc.c-torture/execute/simd-6.c execution,  -O1 
FAIL: gcc.c-torture/execute/simd-6.c compilation,  -O2 
UNRESOLVED: gcc.c-torture/execute/simd-6.c execution,  -O2 
FAIL: gcc.c-torture/execute/simd-6.c compilation,  -O3 -fomit-frame-pointer 
UNRESOLVED: gcc.c-torture/execute/simd-6.c execution,  -O3 -fomit-frame-pointer 
FAIL: gcc.c-torture/execute/simd-6.c compilation,  -O3 -g 
UNRESOLVED: gcc.c-torture/execute/simd-6.c execution,  -O3 -g 
FAIL: gcc.c-torture/execute/simd-6.c compilation,  -Os 
UNRESOLVED: gcc.c-torture/execute/simd-6.c execution,  -Os 
FAIL: gcc.dg/compat/vector-1 c_compat_x_tst.o compile
FAIL: gcc.dg/compat/vector-1 c_compat_y_tst.o compile
UNRESOLVED: gcc.dg/compat/vector-1 c_compat_x_tst.o-c_compat_y_tst.o link 
UNRESOLVED: gcc.dg/compat/vector-1 c_compat_x_tst.o-c_compat_y_tst.o execute 
XPASS: gcc.dg/ucnid-2.c (test for excess errors)
XPASS: gcc.dg/ucnid-3.c (test for excess errors)
XPASS: gcc.dg/ucnid-4.c (test for excess errors)
FAIL: gcc.dg/format/unnamed-1.c (test for excess errors)
FAIL: gcc.dg/format/unnamed-1.c (test for excess errors)
FAIL: largefile.c (test for excess errors)
FAIL: largefile.c (test for excess errors)
FAIL: largefile.c (test for excess errors)
FAIL: largefile.c (test for excess errors)
FAIL: largefile.c (test for excess errors)
FAIL: largefile.c (test for excess errors)
FAIL: largefile.c (test for excess errors)
XPASS: gcc.dg/tree-ssa/20040204-1.c scan-tree-dump-times link_error 0
FAIL: gcc.target/i386/abi-1.c scan-assembler xmm0

		=== gcc Summary ===

# of expected passes		37974
# of unexpected failures	30
# of unexpected successes	4
# of expected failures		100
# of unresolved testcases	20
# of untested testcases		35
# of unsupported tests		272
/vol/gcc/obj/gcc-4.1.0-20060222/10-gcc-gas/gcc/xgcc  version 4.1.0 20060222 (prerelease)

		=== gfortran tests ===


Running target unix
FAIL: gfortran.dg/secnds.f execution test

		=== gfortran Summary ===

# of expected passes		11614
# of unexpected failures	1
# of expected failures		7
# of unsupported tests		32
/vol/gcc/obj/gcc-4.1.0-20060222/10-gcc-gas/gcc/testsuite/../gfortran  version 4.1.0 20060222 (prerelease)

		=== objc tests ===


Running target unix

		=== objc Summary ===

# of expected passes		1684
# of unsupported tests		22
/vol/gcc/obj/gcc-4.1.0-20060222/10-gcc-gas/gcc/xgcc  version 4.1.0 20060222 (prerelease)

		=== libffi tests ===


Running target unix

		=== libffi Summary ===

# of expected passes		228
# of unsupported tests		2
		=== libjava tests ===


Running target unix
FAIL: Class_1 execution - source compiled test
FAIL: Class_1 execution - bytecode->native test
FAIL: Class_1 -O3 execution - source compiled test
FAIL: Class_1 -O3 execution - bytecode->native test
FAIL: ExtraClassLoader output - source compiled test
FAIL: ExtraClassLoader output - gij test
FAIL: ExtraClassLoader output - bytecode->native test
FAIL: ExtraClassLoader -O3 output - source compiled test
FAIL: ExtraClassLoader output - gij test
FAIL: ExtraClassLoader -O3 output - bytecode->native test
FAIL: FileHandleGcTest execution - source compiled test
FAIL: FileHandleGcTest execution - gij test
FAIL: FileHandleGcTest execution - bytecode->native test
FAIL: FileHandleGcTest -O3 execution - source compiled test
FAIL: FileHandleGcTest execution - gij test
FAIL: FileHandleGcTest -O3 execution - bytecode->native test
FAIL: InvokeInterface execution - bytecode->native test
FAIL: InvokeInterface -O3 execution - bytecode->native test
FAIL: PR12416 execution - bytecode->native test
FAIL: PR12416 -O3 execution - bytecode->native test
FAIL: PR18699 execution - source compiled test
FAIL: PR18699 execution - gij test
FAIL: PR18699 execution - bytecode->native test
FAIL: PR18699 -O3 execution - source compiled test
FAIL: PR18699 execution - gij test
FAIL: PR18699 -O3 execution - bytecode->native test
FAIL: PR260 execution - bytecode->native test
FAIL: PR260 -O3 execution - bytecode->native test
FAIL: SyncTest execution - bytecode->native test
FAIL: SyncTest -O3 execution - bytecode->native test
FAIL: Throw_2 execution - source compiled test
FAIL: Throw_2 execution - gij test
FAIL: Throw_2 execution - bytecode->native test
FAIL: Throw_2 -O3 execution - source compiled test
FAIL: Throw_2 execution - gij test
FAIL: Throw_2 -O3 execution - bytecode->native test
FAIL: invokethrow execution - bytecode->native test
FAIL: invokethrow -O3 execution - bytecode->native test
FAIL: pr179 execution - bytecode->native test
FAIL: pr179 -O3 execution - bytecode->native test
FAIL: pr8415 execution - bytecode->native test
FAIL: pr8415 -O3 execution - bytecode->native test
FAIL: stringconst2 output - source compiled test
FAIL: stringconst2 output - bytecode->native test
FAIL: stringconst2 -O3 output - source compiled test
FAIL: stringconst2 -O3 output - bytecode->native test
FAIL: /vol/gcc/obj/gcc-4.1.0-20060222/10-gcc-gas/i386-pc-solaris2.11/libjava/testsuite/TestEarlyGC.exe execution - /vol/gcc/obj/gcc-4.1.0-20060222/10-gcc-gas/i386-pc-solaris2.11/libjava/testsuite/TestEarlyGC.exe
FAIL: /vol/gcc/obj/gcc-4.1.0-20060222/10-gcc-gas/i386-pc-solaris2.11/libjava/testsuite/TestLeak.exe execution - /vol/gcc/obj/gcc-4.1.0-20060222/10-gcc-gas/i386-pc-solaris2.11/libjava/testsuite/TestLeak.exe
FAIL: pr21115 run

		=== libjava Summary ===

# of expected passes		3924
# of unexpected failures	49
# of expected failures		10
# of untested testcases		47
		=== libstdc++ tests ===


Running target unix

		=== libstdc++ Summary ===

# of expected passes		1878
# of expected failures		6
# of unsupported tests		43

Compiler version: 4.1.0 20060222 (prerelease) 
Platform: i386-pc-solaris2.11
configure flags: --prefix=/vol/gcc --with-local-prefix=/vol/gcc --disable-nls --with-gnu-as --with-as=/usr/sfw/bin/gas --disable-multilib --with-gmp-dir=/vol/gnu/obj/gmp-4.1.3 --with-mpfr-dir=/vol/gnu/obj/gmp-4.1.3/mpfr --enable-languages=c,ada,c++,fortran,java,objc
BOOT_CFLAGS=-g -O2


Index Nav: [Date Index] [Subject Index] [Author Index] [Thread Index]
Message Nav: [Date Prev] [Date Next] [Thread Prev] [Thread Next]