This is the mail archive of the
gcc-testresults@gcc.gnu.org
mailing list for the GCC project.
Results for 3.4.6 20060222 (prerelease) gcc testsuite on avr-unknown-none
- From: mstein at phenix dot rootshell dot be (mstein)
- To: gcc-testresults at gcc dot gnu dot org
- Date: Wed, 22 Feb 2006 17:00:04 +0100 (CET)
- Subject: Results for 3.4.6 20060222 (prerelease) gcc testsuite on avr-unknown-none
LAST_UPDATED: Wed Feb 22 00:20:34 UTC 2006 (revision 111354M)
Target is avr-unknown-none
Host is i686-pc-linux-gnu
=== gcc tests ===
Running target atmega128-sim
FAIL: gcc.c-torture/compile/20001212-1.c -O3 -fomit-frame-pointer (test for excess errors)
FAIL: gcc.c-torture/compile/20001212-1.c -O3 -g (test for excess errors)
FAIL: gcc.c-torture/compile/20010226-1.c -O0 (test for excess errors)
FAIL: gcc.c-torture/compile/20010226-1.c -O1 (test for excess errors)
FAIL: gcc.c-torture/compile/20010226-1.c -O2 (test for excess errors)
FAIL: gcc.c-torture/compile/20010226-1.c -O3 -fomit-frame-pointer (test for excess errors)
FAIL: gcc.c-torture/compile/20010226-1.c -O3 -g (test for excess errors)
FAIL: gcc.c-torture/compile/20010226-1.c -Os (test for excess errors)
FAIL: gcc.c-torture/compile/20010327-1.c -O0 (test for excess errors)
FAIL: gcc.c-torture/compile/20010327-1.c -O1 (test for excess errors)
FAIL: gcc.c-torture/compile/20010327-1.c -O2 (test for excess errors)
FAIL: gcc.c-torture/compile/20010327-1.c -O3 -fomit-frame-pointer (test for excess errors)
FAIL: gcc.c-torture/compile/20010327-1.c -O3 -g (test for excess errors)
FAIL: gcc.c-torture/compile/20010327-1.c -Os (test for excess errors)
FAIL: gcc.c-torture/compile/20010605-1.c -O0 (test for excess errors)
FAIL: gcc.c-torture/compile/20010605-1.c -O1 (test for excess errors)
FAIL: gcc.c-torture/compile/20010605-1.c -O2 (test for excess errors)
FAIL: gcc.c-torture/compile/20010605-1.c -O3 -fomit-frame-pointer (test for excess errors)
FAIL: gcc.c-torture/compile/20010605-1.c -O3 -g (test for excess errors)
FAIL: gcc.c-torture/compile/20010605-1.c -Os (test for excess errors)
FAIL: gcc.c-torture/compile/20020604-1.c -O0 (test for excess errors)
FAIL: gcc.c-torture/compile/20020604-1.c -O1 (test for excess errors)
FAIL: gcc.c-torture/compile/20020604-1.c -O2 (test for excess errors)
FAIL: gcc.c-torture/compile/20020604-1.c -O3 -fomit-frame-pointer (test for excess errors)
FAIL: gcc.c-torture/compile/20020604-1.c -O3 -fomit-frame-pointer -funroll-loops (test for excess errors)
FAIL: gcc.c-torture/compile/20020604-1.c -O3 -fomit-frame-pointer -funroll-all-loops -finline-functions (test for excess errors)
FAIL: gcc.c-torture/compile/20020604-1.c -O3 -g (test for excess errors)
FAIL: gcc.c-torture/compile/20020604-1.c -Os (test for excess errors)
FAIL: gcc.c-torture/compile/20030224-1.c -O0 (test for excess errors)
FAIL: gcc.c-torture/compile/20030224-1.c -O1 (test for excess errors)
FAIL: gcc.c-torture/compile/20030224-1.c -O2 (test for excess errors)
FAIL: gcc.c-torture/compile/20030224-1.c -O3 -fomit-frame-pointer (test for excess errors)
FAIL: gcc.c-torture/compile/20030224-1.c -O3 -fomit-frame-pointer -funroll-loops (test for excess errors)
FAIL: gcc.c-torture/compile/20030224-1.c -O3 -fomit-frame-pointer -funroll-all-loops -finline-functions (test for excess errors)
FAIL: gcc.c-torture/compile/20030224-1.c -O3 -g (test for excess errors)
FAIL: gcc.c-torture/compile/20030224-1.c -Os (test for excess errors)
FAIL: gcc.c-torture/compile/20040130-1.c -O0 (test for excess errors)
FAIL: gcc.c-torture/compile/20040130-1.c -O1 (test for excess errors)
FAIL: gcc.c-torture/compile/20040130-1.c -O2 (test for excess errors)
FAIL: gcc.c-torture/compile/20040130-1.c -O3 -fomit-frame-pointer (test for excess errors)
FAIL: gcc.c-torture/compile/20040130-1.c -O3 -g (test for excess errors)
FAIL: gcc.c-torture/compile/20040130-1.c -Os (test for excess errors)
FAIL: gcc.c-torture/compile/900116-1.c -O3 -fomit-frame-pointer (test for excess errors)
FAIL: gcc.c-torture/compile/900116-1.c -O3 -fomit-frame-pointer -funroll-loops (test for excess errors)
FAIL: gcc.c-torture/compile/900116-1.c -O3 -fomit-frame-pointer -funroll-all-loops -finline-functions (test for excess errors)
FAIL: gcc.c-torture/compile/900116-1.c -O3 -g (test for excess errors)
FAIL: gcc.c-torture/compile/930621-1.c -O3 -fomit-frame-pointer (test for excess errors)
FAIL: gcc.c-torture/compile/930621-1.c -O3 -fomit-frame-pointer -funroll-loops (test for excess errors)
FAIL: gcc.c-torture/compile/930621-1.c -O3 -fomit-frame-pointer -funroll-all-loops -finline-functions (test for excess errors)
FAIL: gcc.c-torture/compile/930621-1.c -O3 -g (test for excess errors)
FAIL: gcc.c-torture/compile/961203-1.c -O0 (test for excess errors)
FAIL: gcc.c-torture/compile/961203-1.c -O1 (test for excess errors)
FAIL: gcc.c-torture/compile/961203-1.c -O2 (test for excess errors)
FAIL: gcc.c-torture/compile/961203-1.c -O3 -fomit-frame-pointer (test for excess errors)
FAIL: gcc.c-torture/compile/961203-1.c -O3 -g (test for excess errors)
FAIL: gcc.c-torture/compile/961203-1.c -Os (test for excess errors)
FAIL: gcc.c-torture/compile/980506-1.c -O0 (test for excess errors)
FAIL: gcc.c-torture/compile/980506-1.c -O1 (test for excess errors)
FAIL: gcc.c-torture/compile/980506-1.c -O2 (test for excess errors)
FAIL: gcc.c-torture/compile/980506-1.c -O3 -fomit-frame-pointer (test for excess errors)
FAIL: gcc.c-torture/compile/980506-1.c -O3 -fomit-frame-pointer -funroll-loops (test for excess errors)
FAIL: gcc.c-torture/compile/980506-1.c -O3 -fomit-frame-pointer -funroll-all-loops -finline-functions (test for excess errors)
FAIL: gcc.c-torture/compile/980506-1.c -O3 -g (test for excess errors)
FAIL: gcc.c-torture/compile/980506-1.c -Os (test for excess errors)
FAIL: gcc.c-torture/execute/20001101.c compilation, -O0
UNRESOLVED: gcc.c-torture/execute/20001101.c execution, -O0
FAIL: gcc.c-torture/execute/20001101.c compilation, -O1
UNRESOLVED: gcc.c-torture/execute/20001101.c execution, -O1
FAIL: gcc.c-torture/execute/20001101.c compilation, -O2
UNRESOLVED: gcc.c-torture/execute/20001101.c execution, -O2
FAIL: gcc.c-torture/execute/20001101.c compilation, -O3 -fomit-frame-pointer
UNRESOLVED: gcc.c-torture/execute/20001101.c execution, -O3 -fomit-frame-pointer
FAIL: gcc.c-torture/execute/20001101.c compilation, -O3 -g
UNRESOLVED: gcc.c-torture/execute/20001101.c execution, -O3 -g
FAIL: gcc.c-torture/execute/20001101.c compilation, -Os
UNRESOLVED: gcc.c-torture/execute/20001101.c execution, -Os
FAIL: gcc.c-torture/execute/20010122-1.c compilation, -O0
UNRESOLVED: gcc.c-torture/execute/20010122-1.c execution, -O0
FAIL: gcc.c-torture/execute/20010122-1.c compilation, -O1
UNRESOLVED: gcc.c-torture/execute/20010122-1.c execution, -O1
FAIL: gcc.c-torture/execute/20010122-1.c compilation, -O2
UNRESOLVED: gcc.c-torture/execute/20010122-1.c execution, -O2
FAIL: gcc.c-torture/execute/20010122-1.c compilation, -O3 -g
UNRESOLVED: gcc.c-torture/execute/20010122-1.c execution, -O3 -g
FAIL: gcc.c-torture/execute/20010122-1.c compilation, -Os
UNRESOLVED: gcc.c-torture/execute/20010122-1.c execution, -Os
FAIL: gcc.c-torture/execute/20020720-1.c compilation, -O1
UNRESOLVED: gcc.c-torture/execute/20020720-1.c execution, -O1
FAIL: gcc.c-torture/execute/20020720-1.c compilation, -O2
UNRESOLVED: gcc.c-torture/execute/20020720-1.c execution, -O2
FAIL: gcc.c-torture/execute/20020720-1.c compilation, -O3 -fomit-frame-pointer
UNRESOLVED: gcc.c-torture/execute/20020720-1.c execution, -O3 -fomit-frame-pointer
FAIL: gcc.c-torture/execute/20020720-1.c compilation, -O3 -g
UNRESOLVED: gcc.c-torture/execute/20020720-1.c execution, -O3 -g
FAIL: gcc.c-torture/execute/20020720-1.c compilation, -Os
UNRESOLVED: gcc.c-torture/execute/20020720-1.c execution, -Os
FAIL: gcc.c-torture/execute/20040331-1.c compilation, -O0
UNRESOLVED: gcc.c-torture/execute/20040331-1.c execution, -O0
FAIL: gcc.c-torture/execute/20040331-1.c compilation, -O1
UNRESOLVED: gcc.c-torture/execute/20040331-1.c execution, -O1
FAIL: gcc.c-torture/execute/20040331-1.c compilation, -O2
UNRESOLVED: gcc.c-torture/execute/20040331-1.c execution, -O2
FAIL: gcc.c-torture/execute/20040331-1.c compilation, -O3 -fomit-frame-pointer
UNRESOLVED: gcc.c-torture/execute/20040331-1.c execution, -O3 -fomit-frame-pointer
FAIL: gcc.c-torture/execute/20040331-1.c compilation, -O3 -fomit-frame-pointer -funroll-loops
UNRESOLVED: gcc.c-torture/execute/20040331-1.c execution, -O3 -fomit-frame-pointer -funroll-loops
FAIL: gcc.c-torture/execute/20040331-1.c compilation, -O3 -fomit-frame-pointer -funroll-all-loops -finline-functions
UNRESOLVED: gcc.c-torture/execute/20040331-1.c execution, -O3 -fomit-frame-pointer -funroll-all-loops -finline-functions
FAIL: gcc.c-torture/execute/20040331-1.c compilation, -O3 -g
UNRESOLVED: gcc.c-torture/execute/20040331-1.c execution, -O3 -g
FAIL: gcc.c-torture/execute/20040331-1.c compilation, -Os
UNRESOLVED: gcc.c-torture/execute/20040331-1.c execution, -Os
FAIL: gcc.c-torture/execute/920501-8.c execution, -O0
FAIL: gcc.c-torture/execute/920501-8.c execution, -O1
FAIL: gcc.c-torture/execute/920501-8.c execution, -O2
FAIL: gcc.c-torture/execute/920501-8.c execution, -O3 -fomit-frame-pointer
FAIL: gcc.c-torture/execute/920501-8.c execution, -O3 -g
FAIL: gcc.c-torture/execute/920501-8.c execution, -Os
FAIL: gcc.c-torture/execute/930513-1.c execution, -O0
FAIL: gcc.c-torture/execute/930513-1.c execution, -O1
FAIL: gcc.c-torture/execute/930513-1.c execution, -O2
FAIL: gcc.c-torture/execute/930513-1.c execution, -O3 -fomit-frame-pointer
FAIL: gcc.c-torture/execute/930513-1.c execution, -O3 -g
FAIL: gcc.c-torture/execute/930513-1.c execution, -Os
FAIL: gcc.c-torture/execute/930608-1.c compilation, -O3 -fomit-frame-pointer
UNRESOLVED: gcc.c-torture/execute/930608-1.c execution, -O3 -fomit-frame-pointer
FAIL: gcc.c-torture/execute/930608-1.c compilation, -O3 -g
UNRESOLVED: gcc.c-torture/execute/930608-1.c execution, -O3 -g
FAIL: gcc.c-torture/execute/960405-1.c execution, -O0
FAIL: gcc.c-torture/execute/960405-1.c execution, -O1
FAIL: gcc.c-torture/execute/960405-1.c execution, -O2
FAIL: gcc.c-torture/execute/960405-1.c execution, -O3 -fomit-frame-pointer
FAIL: gcc.c-torture/execute/960405-1.c execution, -O3 -g
FAIL: gcc.c-torture/execute/960405-1.c execution, -Os
FAIL: gcc.c-torture/execute/990130-1.c compilation, -O0
UNRESOLVED: gcc.c-torture/execute/990130-1.c execution, -O0
FAIL: gcc.c-torture/execute/990130-1.c compilation, -O1
UNRESOLVED: gcc.c-torture/execute/990130-1.c execution, -O1
FAIL: gcc.c-torture/execute/990130-1.c compilation, -O2
UNRESOLVED: gcc.c-torture/execute/990130-1.c execution, -O2
FAIL: gcc.c-torture/execute/990130-1.c compilation, -O3 -fomit-frame-pointer
UNRESOLVED: gcc.c-torture/execute/990130-1.c execution, -O3 -fomit-frame-pointer
FAIL: gcc.c-torture/execute/990130-1.c compilation, -O3 -g
UNRESOLVED: gcc.c-torture/execute/990130-1.c execution, -O3 -g
FAIL: gcc.c-torture/execute/990130-1.c compilation, -Os
UNRESOLVED: gcc.c-torture/execute/990130-1.c execution, -Os
FAIL: gcc.c-torture/execute/builtin-bitops-1.c compilation, -O0
UNRESOLVED: gcc.c-torture/execute/builtin-bitops-1.c execution, -O0
FAIL: gcc.c-torture/execute/builtin-bitops-1.c compilation, -O1
UNRESOLVED: gcc.c-torture/execute/builtin-bitops-1.c execution, -O1
FAIL: gcc.c-torture/execute/builtin-bitops-1.c compilation, -O2
UNRESOLVED: gcc.c-torture/execute/builtin-bitops-1.c execution, -O2
FAIL: gcc.c-torture/execute/builtin-bitops-1.c compilation, -O3 -fomit-frame-pointer
UNRESOLVED: gcc.c-torture/execute/builtin-bitops-1.c execution, -O3 -fomit-frame-pointer
FAIL: gcc.c-torture/execute/builtin-bitops-1.c compilation, -O3 -fomit-frame-pointer -funroll-loops
UNRESOLVED: gcc.c-torture/execute/builtin-bitops-1.c execution, -O3 -fomit-frame-pointer -funroll-loops
FAIL: gcc.c-torture/execute/builtin-bitops-1.c compilation, -O3 -fomit-frame-pointer -funroll-all-loops -finline-functions
UNRESOLVED: gcc.c-torture/execute/builtin-bitops-1.c execution, -O3 -fomit-frame-pointer -funroll-all-loops -finline-functions
FAIL: gcc.c-torture/execute/builtin-bitops-1.c compilation, -O3 -g
UNRESOLVED: gcc.c-torture/execute/builtin-bitops-1.c execution, -O3 -g
FAIL: gcc.c-torture/execute/builtin-bitops-1.c compilation, -Os
UNRESOLVED: gcc.c-torture/execute/builtin-bitops-1.c execution, -Os
FAIL: gcc.c-torture/execute/cmpsi-1.c compilation, -O0
UNRESOLVED: gcc.c-torture/execute/cmpsi-1.c execution, -O0
FAIL: gcc.c-torture/execute/cmpsi-1.c compilation, -O1
UNRESOLVED: gcc.c-torture/execute/cmpsi-1.c execution, -O1
FAIL: gcc.c-torture/execute/cmpsi-1.c compilation, -O2
UNRESOLVED: gcc.c-torture/execute/cmpsi-1.c execution, -O2
FAIL: gcc.c-torture/execute/cmpsi-1.c compilation, -O3 -fomit-frame-pointer
UNRESOLVED: gcc.c-torture/execute/cmpsi-1.c execution, -O3 -fomit-frame-pointer
FAIL: gcc.c-torture/execute/cmpsi-1.c compilation, -O3 -g
UNRESOLVED: gcc.c-torture/execute/cmpsi-1.c execution, -O3 -g
FAIL: gcc.c-torture/execute/cmpsi-1.c compilation, -Os
UNRESOLVED: gcc.c-torture/execute/cmpsi-1.c execution, -Os
FAIL: gcc.c-torture/execute/multi-ix.c compilation, -O0
UNRESOLVED: gcc.c-torture/execute/multi-ix.c execution, -O0
FAIL: gcc.c-torture/execute/pending-4.c compilation, -O0
UNRESOLVED: gcc.c-torture/execute/pending-4.c execution, -O0
FAIL: gcc.c-torture/execute/pending-4.c compilation, -O1
UNRESOLVED: gcc.c-torture/execute/pending-4.c execution, -O1
FAIL: gcc.c-torture/execute/pending-4.c compilation, -O2
UNRESOLVED: gcc.c-torture/execute/pending-4.c execution, -O2
FAIL: gcc.c-torture/execute/pending-4.c compilation, -O3 -fomit-frame-pointer
UNRESOLVED: gcc.c-torture/execute/pending-4.c execution, -O3 -fomit-frame-pointer
FAIL: gcc.c-torture/execute/pending-4.c compilation, -O3 -fomit-frame-pointer -funroll-loops
UNRESOLVED: gcc.c-torture/execute/pending-4.c execution, -O3 -fomit-frame-pointer -funroll-loops
FAIL: gcc.c-torture/execute/pending-4.c compilation, -O3 -fomit-frame-pointer -funroll-all-loops -finline-functions
UNRESOLVED: gcc.c-torture/execute/pending-4.c execution, -O3 -fomit-frame-pointer -funroll-all-loops -finline-functions
FAIL: gcc.c-torture/execute/pending-4.c compilation, -O3 -g
UNRESOLVED: gcc.c-torture/execute/pending-4.c execution, -O3 -g
FAIL: gcc.c-torture/execute/pending-4.c compilation, -Os
UNRESOLVED: gcc.c-torture/execute/pending-4.c execution, -Os
FAIL: gcc.c-torture/execute/string-opt-11.c compilation, -O0
UNRESOLVED: gcc.c-torture/execute/string-opt-11.c execution, -O0
FAIL: gcc.c-torture/execute/string-opt-12.c compilation, -O0
UNRESOLVED: gcc.c-torture/execute/string-opt-12.c execution, -O0
FAIL: gcc.c-torture/execute/string-opt-2.c compilation, -O0
UNRESOLVED: gcc.c-torture/execute/string-opt-2.c execution, -O0
FAIL: gcc.c-torture/execute/va-arg-13.c compilation, -O0
UNRESOLVED: gcc.c-torture/execute/va-arg-13.c execution, -O0
FAIL: gcc.c-torture/execute/va-arg-13.c compilation, -O1
UNRESOLVED: gcc.c-torture/execute/va-arg-13.c execution, -O1
FAIL: gcc.c-torture/execute/va-arg-13.c compilation, -O2
UNRESOLVED: gcc.c-torture/execute/va-arg-13.c execution, -O2
FAIL: gcc.c-torture/execute/va-arg-13.c compilation, -O3 -fomit-frame-pointer
UNRESOLVED: gcc.c-torture/execute/va-arg-13.c execution, -O3 -fomit-frame-pointer
FAIL: gcc.c-torture/execute/va-arg-13.c compilation, -O3 -g
UNRESOLVED: gcc.c-torture/execute/va-arg-13.c execution, -O3 -g
FAIL: gcc.c-torture/execute/va-arg-13.c compilation, -Os
UNRESOLVED: gcc.c-torture/execute/va-arg-13.c execution, -Os
FAIL: gcc.c-torture/execute/ieee/920810-1.c execution, -O0
FAIL: gcc.c-torture/execute/ieee/920810-1.c execution, -O1
FAIL: gcc.c-torture/execute/ieee/920810-1.c execution, -O2
FAIL: gcc.c-torture/execute/ieee/920810-1.c execution, -O3 -fomit-frame-pointer
FAIL: gcc.c-torture/execute/ieee/920810-1.c execution, -O3 -g
FAIL: gcc.c-torture/execute/ieee/920810-1.c execution, -Os
FAIL: gcc.c-torture/execute/ieee/fp-cmp-1.c compilation, -O0
UNRESOLVED: gcc.c-torture/execute/ieee/fp-cmp-1.c execution, -O0
FAIL: gcc.c-torture/execute/ieee/fp-cmp-1.c compilation, -O1
UNRESOLVED: gcc.c-torture/execute/ieee/fp-cmp-1.c execution, -O1
FAIL: gcc.c-torture/execute/ieee/fp-cmp-1.c compilation, -O2
UNRESOLVED: gcc.c-torture/execute/ieee/fp-cmp-1.c execution, -O2
FAIL: gcc.c-torture/execute/ieee/fp-cmp-1.c compilation, -O3 -fomit-frame-pointer
UNRESOLVED: gcc.c-torture/execute/ieee/fp-cmp-1.c execution, -O3 -fomit-frame-pointer
FAIL: gcc.c-torture/execute/ieee/fp-cmp-1.c compilation, -O3 -fomit-frame-pointer -funroll-loops
UNRESOLVED: gcc.c-torture/execute/ieee/fp-cmp-1.c execution, -O3 -fomit-frame-pointer -funroll-loops
FAIL: gcc.c-torture/execute/ieee/fp-cmp-1.c compilation, -O3 -fomit-frame-pointer -funroll-all-loops -finline-functions
UNRESOLVED: gcc.c-torture/execute/ieee/fp-cmp-1.c execution, -O3 -fomit-frame-pointer -funroll-all-loops -finline-functions
FAIL: gcc.c-torture/execute/ieee/fp-cmp-1.c compilation, -O3 -g
UNRESOLVED: gcc.c-torture/execute/ieee/fp-cmp-1.c execution, -O3 -g
FAIL: gcc.c-torture/execute/ieee/fp-cmp-1.c compilation, -Os
UNRESOLVED: gcc.c-torture/execute/ieee/fp-cmp-1.c execution, -Os
FAIL: gcc.c-torture/execute/ieee/fp-cmp-2.c compilation, -O0
UNRESOLVED: gcc.c-torture/execute/ieee/fp-cmp-2.c execution, -O0
FAIL: gcc.c-torture/execute/ieee/fp-cmp-2.c compilation, -O1
UNRESOLVED: gcc.c-torture/execute/ieee/fp-cmp-2.c execution, -O1
FAIL: gcc.c-torture/execute/ieee/fp-cmp-2.c compilation, -O2
UNRESOLVED: gcc.c-torture/execute/ieee/fp-cmp-2.c execution, -O2
FAIL: gcc.c-torture/execute/ieee/fp-cmp-2.c compilation, -O3 -fomit-frame-pointer
UNRESOLVED: gcc.c-torture/execute/ieee/fp-cmp-2.c execution, -O3 -fomit-frame-pointer
FAIL: gcc.c-torture/execute/ieee/fp-cmp-2.c compilation, -O3 -fomit-frame-pointer -funroll-loops
UNRESOLVED: gcc.c-torture/execute/ieee/fp-cmp-2.c execution, -O3 -fomit-frame-pointer -funroll-loops
FAIL: gcc.c-torture/execute/ieee/fp-cmp-2.c compilation, -O3 -fomit-frame-pointer -funroll-all-loops -finline-functions
UNRESOLVED: gcc.c-torture/execute/ieee/fp-cmp-2.c execution, -O3 -fomit-frame-pointer -funroll-all-loops -finline-functions
FAIL: gcc.c-torture/execute/ieee/fp-cmp-2.c compilation, -O3 -g
UNRESOLVED: gcc.c-torture/execute/ieee/fp-cmp-2.c execution, -O3 -g
FAIL: gcc.c-torture/execute/ieee/fp-cmp-2.c compilation, -Os
UNRESOLVED: gcc.c-torture/execute/ieee/fp-cmp-2.c execution, -Os
FAIL: gcc.c-torture/execute/ieee/fp-cmp-3.c compilation, -O0
UNRESOLVED: gcc.c-torture/execute/ieee/fp-cmp-3.c execution, -O0
FAIL: gcc.c-torture/execute/ieee/fp-cmp-3.c compilation, -O1
UNRESOLVED: gcc.c-torture/execute/ieee/fp-cmp-3.c execution, -O1
FAIL: gcc.c-torture/execute/ieee/fp-cmp-3.c compilation, -O2
UNRESOLVED: gcc.c-torture/execute/ieee/fp-cmp-3.c execution, -O2
FAIL: gcc.c-torture/execute/ieee/fp-cmp-3.c compilation, -O3 -fomit-frame-pointer
UNRESOLVED: gcc.c-torture/execute/ieee/fp-cmp-3.c execution, -O3 -fomit-frame-pointer
FAIL: gcc.c-torture/execute/ieee/fp-cmp-3.c compilation, -O3 -fomit-frame-pointer -funroll-loops
UNRESOLVED: gcc.c-torture/execute/ieee/fp-cmp-3.c execution, -O3 -fomit-frame-pointer -funroll-loops
FAIL: gcc.c-torture/execute/ieee/fp-cmp-3.c compilation, -O3 -fomit-frame-pointer -funroll-all-loops -finline-functions
UNRESOLVED: gcc.c-torture/execute/ieee/fp-cmp-3.c execution, -O3 -fomit-frame-pointer -funroll-all-loops -finline-functions
FAIL: gcc.c-torture/execute/ieee/fp-cmp-3.c compilation, -O3 -g
UNRESOLVED: gcc.c-torture/execute/ieee/fp-cmp-3.c execution, -O3 -g
FAIL: gcc.c-torture/execute/ieee/fp-cmp-3.c compilation, -Os
UNRESOLVED: gcc.c-torture/execute/ieee/fp-cmp-3.c execution, -Os
FAIL: gcc.c-torture/execute/ieee/fp-cmp-8.c execution, -O0
FAIL: gcc.c-torture/execute/ieee/fp-cmp-8.c execution, -O1
FAIL: gcc.c-torture/execute/ieee/fp-cmp-8.c execution, -O2
FAIL: gcc.c-torture/execute/ieee/fp-cmp-8.c execution, -O3 -fomit-frame-pointer
FAIL: gcc.c-torture/execute/ieee/fp-cmp-8.c execution, -O3 -fomit-frame-pointer -funroll-loops
FAIL: gcc.c-torture/execute/ieee/fp-cmp-8.c execution, -O3 -fomit-frame-pointer -funroll-all-loops -finline-functions
FAIL: gcc.c-torture/execute/ieee/fp-cmp-8.c execution, -O3 -g
FAIL: gcc.c-torture/execute/ieee/fp-cmp-8.c execution, -Os
FAIL: gcc.c-torture/execute/ieee/hugeval.c execution, -O0
FAIL: gcc.c-torture/execute/ieee/hugeval.c execution, -O1
FAIL: gcc.c-torture/execute/ieee/hugeval.c execution, -O2
FAIL: gcc.c-torture/execute/ieee/hugeval.c execution, -O3 -fomit-frame-pointer
FAIL: gcc.c-torture/execute/ieee/hugeval.c execution, -O3 -g
FAIL: gcc.c-torture/execute/ieee/hugeval.c execution, -Os
FAIL: gcc.c-torture/execute/ieee/inf-1.c execution, -O0
FAIL: gcc.c-torture/execute/ieee/inf-1.c execution, -O1
FAIL: gcc.c-torture/execute/ieee/inf-2.c execution, -O0
FAIL: gcc.c-torture/execute/ieee/inf-2.c execution, -O1
FAIL: gcc.c-torture/execute/ieee/inf-2.c execution, -O2
FAIL: gcc.c-torture/execute/ieee/inf-2.c execution, -O3 -fomit-frame-pointer
FAIL: gcc.c-torture/execute/ieee/inf-2.c execution, -O3 -g
FAIL: gcc.c-torture/execute/ieee/inf-2.c execution, -Os
FAIL: gcc.c-torture/execute/ieee/minuszero.c execution, -O0
FAIL: gcc.c-torture/execute/ieee/mzero2.c execution, -O0
FAIL: gcc.c-torture/execute/ieee/mzero2.c execution, -O1
FAIL: gcc.c-torture/execute/ieee/mzero2.c execution, -O2
FAIL: gcc.c-torture/execute/ieee/mzero2.c execution, -O3 -fomit-frame-pointer
FAIL: gcc.c-torture/execute/ieee/mzero2.c execution, -O3 -g
FAIL: gcc.c-torture/execute/ieee/mzero2.c execution, -Os
FAIL: gcc.dg/compat/scalar-by-value-1 c_compat_x_tst.o-c_compat_y_tst.o execute
FAIL: gcc.dg/compat/scalar-by-value-3 c_compat_x_tst.o-c_compat_y_tst.o execute
FAIL: gcc.dg/compat/scalar-return-1 c_compat_x_tst.o-c_compat_y_tst.o execute
FAIL: gcc.dg/compat/scalar-return-3 c_compat_x_tst.o-c_compat_y_tst.o execute
FAIL: gcc.dg/compat/struct-align-1 c_compat_x_tst.o compile
UNRESOLVED: gcc.dg/compat/struct-by-value-10 c_compat_x_tst.o-c_compat_y_tst.o execute
UNRESOLVED: gcc.dg/compat/struct-by-value-11 c_compat_x_tst.o-c_compat_y_tst.o execute
UNRESOLVED: gcc.dg/compat/struct-by-value-12 c_compat_x_tst.o-c_compat_y_tst.o execute
UNRESOLVED: gcc.dg/compat/struct-by-value-13 c_compat_x_tst.o-c_compat_y_tst.o execute
UNRESOLVED: gcc.dg/compat/struct-by-value-14 c_compat_x_tst.o-c_compat_y_tst.o execute
UNRESOLVED: gcc.dg/compat/struct-by-value-15 c_compat_x_tst.o-c_compat_y_tst.o execute
UNRESOLVED: gcc.dg/compat/struct-by-value-16 c_compat_x_tst.o-c_compat_y_tst.o execute
UNRESOLVED: gcc.dg/compat/struct-by-value-17 c_compat_x_tst.o-c_compat_y_tst.o execute
UNRESOLVED: gcc.dg/compat/struct-by-value-18 c_compat_x_tst.o-c_compat_y_tst.o execute
UNRESOLVED: gcc.dg/compat/struct-by-value-19 c_compat_x_tst.o-c_compat_y_tst.o execute
UNRESOLVED: gcc.dg/compat/struct-by-value-2 c_compat_x_tst.o-c_compat_y_tst.o execute
UNRESOLVED: gcc.dg/compat/struct-by-value-3 c_compat_x_tst.o-c_compat_y_tst.o execute
UNRESOLVED: gcc.dg/compat/struct-by-value-4 c_compat_x_tst.o-c_compat_y_tst.o execute
UNRESOLVED: gcc.dg/compat/struct-by-value-5a c_compat_x_tst.o-c_compat_y_tst.o execute
UNRESOLVED: gcc.dg/compat/struct-by-value-5b c_compat_x_tst.o-c_compat_y_tst.o execute
UNRESOLVED: gcc.dg/compat/struct-by-value-6a c_compat_x_tst.o-c_compat_y_tst.o execute
UNRESOLVED: gcc.dg/compat/struct-by-value-6b c_compat_x_tst.o-c_compat_y_tst.o execute
UNRESOLVED: gcc.dg/compat/struct-by-value-7a c_compat_x_tst.o-c_compat_y_tst.o execute
UNRESOLVED: gcc.dg/compat/struct-by-value-7b c_compat_x_tst.o-c_compat_y_tst.o execute
UNRESOLVED: gcc.dg/compat/struct-by-value-8 c_compat_x_tst.o-c_compat_y_tst.o execute
UNRESOLVED: gcc.dg/compat/struct-by-value-9 c_compat_x_tst.o-c_compat_y_tst.o execute
UNRESOLVED: gcc.dg/compat/struct-return-2 c_compat_x_tst.o-c_compat_y_tst.o execute
UNRESOLVED: gcc.dg/compat/union-by-value-1 c_compat_x_tst.o-c_compat_y_tst.o execute
FAIL: gcc.dg/compat/vector-1 c_compat_x_tst.o compile
FAIL: gcc.dg/compat/vector-1 c_compat_y_tst.o compile
UNRESOLVED: gcc.dg/compat/vector-1 c_compat_x_tst.o-c_compat_y_tst.o link
UNRESOLVED: gcc.dg/compat/vector-1 c_compat_x_tst.o-c_compat_y_tst.o execute
FAIL: gcc.dg/compat/vector-2 c_compat_x_tst.o compile
FAIL: gcc.dg/compat/vector-2 c_compat_y_tst.o compile
UNRESOLVED: gcc.dg/compat/vector-2 c_compat_x_tst.o-c_compat_y_tst.o link
UNRESOLVED: gcc.dg/compat/vector-2 c_compat_x_tst.o-c_compat_y_tst.o execute
FAIL: gcc.dg/cpp/if-2.c multi-character charconst (test for warnings, line 20)
FAIL: gcc.dg/cpp/if-2.c (test for excess errors)
FAIL: gcc.dg/debug/20020327-1.c -gstabs1 (test for excess errors)
FAIL: gcc.dg/debug/20020327-1.c -gstabs1 -O (test for excess errors)
FAIL: gcc.dg/debug/20020327-1.c -gstabs1 -O3 (test for excess errors)
FAIL: gcc.dg/debug/20020327-1.c -gstabs (test for excess errors)
FAIL: gcc.dg/debug/20020327-1.c -gstabs -O (test for excess errors)
FAIL: gcc.dg/debug/20020327-1.c -gstabs -O3 (test for excess errors)
FAIL: gcc.dg/debug/20020327-1.c -gstabs3 (test for excess errors)
FAIL: gcc.dg/debug/20020327-1.c -gstabs3 -O (test for excess errors)
FAIL: gcc.dg/debug/20020327-1.c -gstabs3 -O3 (test for excess errors)
FAIL: gcc.dg/debug/20020327-1.c -gstabs+1 (test for excess errors)
FAIL: gcc.dg/debug/20020327-1.c -gstabs+1 -O (test for excess errors)
FAIL: gcc.dg/debug/20020327-1.c -gstabs+1 -O3 (test for excess errors)
FAIL: gcc.dg/debug/20020327-1.c -gstabs+ (test for excess errors)
FAIL: gcc.dg/debug/20020327-1.c -gstabs+ -O (test for excess errors)
FAIL: gcc.dg/debug/20020327-1.c -gstabs+ -O3 (test for excess errors)
FAIL: gcc.dg/debug/20020327-1.c -gstabs+3 (test for excess errors)
FAIL: gcc.dg/debug/20020327-1.c -gstabs+3 -O (test for excess errors)
FAIL: gcc.dg/debug/20020327-1.c -gstabs+3 -O3 (test for excess errors)
FAIL: gcc.dg/debug/debug-3.c -gstabs1 (test for excess errors)
FAIL: gcc.dg/debug/debug-3.c -gstabs1 -O (test for excess errors)
FAIL: gcc.dg/debug/debug-3.c -gstabs1 -O3 (test for excess errors)
FAIL: gcc.dg/debug/debug-3.c -gstabs (test for excess errors)
FAIL: gcc.dg/debug/debug-3.c -gstabs -O (test for excess errors)
FAIL: gcc.dg/debug/debug-3.c -gstabs -O3 (test for excess errors)
FAIL: gcc.dg/debug/debug-3.c -gstabs3 (test for excess errors)
FAIL: gcc.dg/debug/debug-3.c -gstabs3 -O (test for excess errors)
FAIL: gcc.dg/debug/debug-3.c -gstabs3 -O3 (test for excess errors)
FAIL: gcc.dg/debug/debug-3.c -gstabs+1 (test for excess errors)
FAIL: gcc.dg/debug/debug-3.c -gstabs+1 -O (test for excess errors)
FAIL: gcc.dg/debug/debug-3.c -gstabs+1 -O3 (test for excess errors)
FAIL: gcc.dg/debug/debug-3.c -gstabs+ (test for excess errors)
FAIL: gcc.dg/debug/debug-3.c -gstabs+ -O (test for excess errors)
FAIL: gcc.dg/debug/debug-3.c -gstabs+ -O3 (test for excess errors)
FAIL: gcc.dg/debug/debug-3.c -gstabs+3 (test for excess errors)
FAIL: gcc.dg/debug/debug-3.c -gstabs+3 -O (test for excess errors)
FAIL: gcc.dg/debug/debug-3.c -gstabs+3 -O3 (test for excess errors)
FAIL: gcc.dg/debug/debug-5.c -gstabs1 (test for excess errors)
FAIL: gcc.dg/debug/debug-5.c -gstabs1 -O (test for excess errors)
FAIL: gcc.dg/debug/debug-5.c -gstabs1 -O3 (test for excess errors)
FAIL: gcc.dg/debug/debug-5.c -gstabs (test for excess errors)
FAIL: gcc.dg/debug/debug-5.c -gstabs -O (test for excess errors)
FAIL: gcc.dg/debug/debug-5.c -gstabs -O3 (test for excess errors)
FAIL: gcc.dg/debug/debug-5.c -gstabs3 (test for excess errors)
FAIL: gcc.dg/debug/debug-5.c -gstabs3 -O (test for excess errors)
FAIL: gcc.dg/debug/debug-5.c -gstabs3 -O3 (test for excess errors)
FAIL: gcc.dg/debug/debug-5.c -gstabs+1 (test for excess errors)
FAIL: gcc.dg/debug/debug-5.c -gstabs+1 -O (test for excess errors)
FAIL: gcc.dg/debug/debug-5.c -gstabs+1 -O3 (test for excess errors)
FAIL: gcc.dg/debug/debug-5.c -gstabs+ (test for excess errors)
FAIL: gcc.dg/debug/debug-5.c -gstabs+ -O (test for excess errors)
FAIL: gcc.dg/debug/debug-5.c -gstabs+ -O3 (test for excess errors)
FAIL: gcc.dg/debug/debug-5.c -gstabs+3 (test for excess errors)
FAIL: gcc.dg/debug/debug-5.c -gstabs+3 -O (test for excess errors)
FAIL: gcc.dg/debug/debug-5.c -gstabs+3 -O3 (test for excess errors)
FAIL: gcc.dg/20020312-2.c (test for excess errors)
WARNING: gcc.dg/20020312-2.c compilation failed to produce executable
FAIL: gcc.dg/20021014-1.c (test for excess errors)
WARNING: gcc.dg/20021014-1.c compilation failed to produce executable
FAIL: gcc.dg/20040625-1.c (test for excess errors)
FAIL: gcc.dg/Wpadded.c (test for warnings, line 8)
FAIL: gcc.dg/array-quals-1.c scan-assembler-not \\\\.data(?!\\\\.rel\\\\.ro)
FAIL: gcc.dg/asm-1.c casts make rvalues (test for errors, line 10)
FAIL: gcc.dg/attr-mode-2.c (test for excess errors)
FAIL: gcc.dg/bitfld-3.c (test for excess errors)
FAIL: gcc.dg/bitfld-3.c execution test
FAIL: gcc.dg/builtin-apply2.c execution test
FAIL: gcc.dg/builtin-return-1.c (test for excess errors)
WARNING: gcc.dg/builtin-return-1.c compilation failed to produce executable
FAIL: gcc.dg/builtins-18.c (test for excess errors)
FAIL: gcc.dg/builtins-20.c (test for excess errors)
XPASS: gcc.dg/c99-flex-array-4.c sizeof != offsetof (test for bogus messages, line 24)
FAIL: gcc.dg/const-elim-1.c scan-assembler-not L\\\\\$?C[^A-Z]
FAIL: gcc.dg/ftrapv-1.c (test for excess errors)
WARNING: gcc.dg/ftrapv-1.c compilation failed to produce executable
FAIL: gcc.dg/ftrapv-2.c (test for excess errors)
WARNING: gcc.dg/ftrapv-2.c compilation failed to produce executable
FAIL: gcc.dg/i386-sse-8.c (test for excess errors)
FAIL: gcc.dg/loop-3.c (test for excess errors)
FAIL: gcc.dg/nest.c (test for excess errors)
WARNING: gcc.dg/nest.c compilation failed to produce executable
FAIL: gcc.dg/pr19340.c (test for excess errors)
FAIL: gcc.dg/section1.c scan-assembler-not .bss
XPASS: gcc.dg/sibcall-3.c execution test
XPASS: gcc.dg/sibcall-4.c execution test
FAIL: gcc.dg/trampoline-1.c (test for excess errors)
WARNING: gcc.dg/trampoline-1.c compilation failed to produce executable
FAIL: gcc.dg/typeof-1.c scan-assembler-not foo
FAIL: gcc.dg/ultrasp4.c (test for excess errors)
FAIL: gcc.dg/wchar_t-1.c (test for excess errors)
FAIL: gcc.dg/wint_t-1.c (test for excess errors)
FAIL: gcc.dg/wtr-conversion-1.c (test for excess errors)
FAIL: gcc.dg/pch/static-1.c -O0 -g assembly comparison
FAIL: gcc.dg/pch/static-1.c -O0 assembly comparison
FAIL: gcc.dg/pch/static-1.c -O1 assembly comparison
FAIL: gcc.dg/pch/static-2.c -O0 -g assembly comparison
FAIL: gcc.dg/pch/static-2.c -O0 assembly comparison
FAIL: gcc.dg/pch/static-2.c -O1 assembly comparison
FAIL: gcc.dg/pch/static-3.c -O0 -g assembly comparison
FAIL: gcc.dg/pch/static-3.c -O0 assembly comparison
FAIL: gcc.dg/pch/static-3.c -O1 assembly comparison
UNRESOLVED: gcc.dg/special/20000419-2.c
UNRESOLVED: gcc.dg/special/alias-1.c
UNRESOLVED: gcc.dg/special/alias-2.c
UNRESOLVED: gcc.dg/special/wkali-1.c
UNRESOLVED: gcc.dg/special/wkali-2.c
FAIL: gcc.dg/torture/builtin-explog-1.c -O0 (test for excess errors)
FAIL: gcc.dg/torture/builtin-explog-1.c -O1 (test for excess errors)
FAIL: gcc.dg/torture/builtin-explog-1.c -O2 (test for excess errors)
FAIL: gcc.dg/torture/builtin-explog-1.c -O3 -fomit-frame-pointer (test for excess errors)
FAIL: gcc.dg/torture/builtin-explog-1.c -O3 -g (test for excess errors)
FAIL: gcc.dg/torture/builtin-explog-1.c -Os (test for excess errors)
FAIL: gcc.dg/torture/nested-fn-1.c -O0 (test for excess errors)
ERROR: gcc.dg/torture/nested-fn-1.c -O0 : error executing dg-final: couldn't open "nested-fn-1.s": no such file or directory
UNRESOLVED: gcc.dg/torture/nested-fn-1.c -O0 : error executing dg-final: couldn't open "nested-fn-1.s": no such file or directory
FAIL: gcc.dg/torture/nested-fn-1.c -O1 (test for excess errors)
ERROR: gcc.dg/torture/nested-fn-1.c -O1 : error executing dg-final: couldn't open "nested-fn-1.s": no such file or directory
UNRESOLVED: gcc.dg/torture/nested-fn-1.c -O1 : error executing dg-final: couldn't open "nested-fn-1.s": no such file or directory
FAIL: gcc.dg/torture/nested-fn-1.c -O2 (test for excess errors)
ERROR: gcc.dg/torture/nested-fn-1.c -O2 : error executing dg-final: couldn't open "nested-fn-1.s": no such file or directory
UNRESOLVED: gcc.dg/torture/nested-fn-1.c -O2 : error executing dg-final: couldn't open "nested-fn-1.s": no such file or directory
FAIL: gcc.dg/torture/nested-fn-1.c -O3 -fomit-frame-pointer (test for excess errors)
ERROR: gcc.dg/torture/nested-fn-1.c -O3 -fomit-frame-pointer : error executing dg-final: couldn't open "nested-fn-1.s": no such file or directory
UNRESOLVED: gcc.dg/torture/nested-fn-1.c -O3 -fomit-frame-pointer : error executing dg-final: couldn't open "nested-fn-1.s": no such file or directory
FAIL: gcc.dg/torture/nested-fn-1.c -O3 -g (test for excess errors)
ERROR: gcc.dg/torture/nested-fn-1.c -O3 -g : error executing dg-final: couldn't open "nested-fn-1.s": no such file or directory
UNRESOLVED: gcc.dg/torture/nested-fn-1.c -O3 -g : error executing dg-final: couldn't open "nested-fn-1.s": no such file or directory
FAIL: gcc.dg/torture/nested-fn-1.c -Os (test for excess errors)
ERROR: gcc.dg/torture/nested-fn-1.c -Os : error executing dg-final: couldn't open "nested-fn-1.s": no such file or directory
UNRESOLVED: gcc.dg/torture/nested-fn-1.c -Os : error executing dg-final: couldn't open "nested-fn-1.s": no such file or directory
FAIL: gcc.dg/weak/typeof-2.c (test for excess errors)
FAIL: gcc.dg/weak/weak-3.c (test for excess errors)
FAIL: gcc.dg/weak/weak-5.c (test for excess errors)
FAIL: gcc.dg/weak/weak-9.c (test for excess errors)
FAIL: gcc.dg/weak/weak-9.c scan-assembler notf1
FAIL: gcc.dg/weak/weak-9.c scan-assembler notf2
FAIL: gcc.dg/weak/weak-9.c scan-assembler notf3
FAIL: gcc.dg/weak/weak-9.c scan-assembler notf4
UNRESOLVED: gcc.misc-tests/bprob-1.c execution, -g -fprofile-arcs
UNRESOLVED: gcc.misc-tests/bprob-1.c compilation, -g -fbranch-probabilities
UNRESOLVED: gcc.misc-tests/bprob-1.c execution, -g -fbranch-probabilities
UNRESOLVED: gcc.misc-tests/bprob-1.c execution, -O0 -fprofile-arcs
UNRESOLVED: gcc.misc-tests/bprob-1.c compilation, -O0 -fbranch-probabilities
UNRESOLVED: gcc.misc-tests/bprob-1.c execution, -O0 -fbranch-probabilities
FAIL: gcc.misc-tests/bprob-1.c execution: file bprob-1.gcda does not exist, -O1 -fprofile-arcs
UNRESOLVED: gcc.misc-tests/bprob-1.c compilation, -O1 -fbranch-probabilities
UNRESOLVED: gcc.misc-tests/bprob-1.c execution, -O1 -fbranch-probabilities
FAIL: gcc.misc-tests/bprob-1.c execution: file bprob-1.gcda does not exist, -O2 -DPERFTIME -fprofile-arcs
UNRESOLVED: gcc.misc-tests/bprob-1.c compilation, -O2 -DPERFTIME -fbranch-probabilities
UNRESOLVED: gcc.misc-tests/bprob-1.c execution, -O2 -DPERFTIME -fbranch-probabilities
FAIL: gcc.misc-tests/bprob-1.c execution: file bprob-1.gcda does not exist, -O3 -DPERFTIME -fprofile-arcs
UNRESOLVED: gcc.misc-tests/bprob-1.c compilation, -O3 -DPERFTIME -fbranch-probabilities
UNRESOLVED: gcc.misc-tests/bprob-1.c execution, -O3 -DPERFTIME -fbranch-probabilities
FAIL: gcc.misc-tests/bprob-1.c execution: file bprob-1.gcda does not exist, -O3 -g -DPERFTIME -fprofile-arcs
UNRESOLVED: gcc.misc-tests/bprob-1.c compilation, -O3 -g -DPERFTIME -fbranch-probabilities
UNRESOLVED: gcc.misc-tests/bprob-1.c execution, -O3 -g -DPERFTIME -fbranch-probabilities
FAIL: gcc.misc-tests/bprob-1.c execution: file bprob-1.gcda does not exist, -Os -fprofile-arcs
UNRESOLVED: gcc.misc-tests/bprob-1.c compilation, -Os -fbranch-probabilities
UNRESOLVED: gcc.misc-tests/bprob-1.c execution, -Os -fbranch-probabilities
FAIL: gcc.misc-tests/bprob-2.c execution: file bprob-2.gcda does not exist, -g -fprofile-arcs
UNRESOLVED: gcc.misc-tests/bprob-2.c compilation, -g -fbranch-probabilities
UNRESOLVED: gcc.misc-tests/bprob-2.c execution, -g -fbranch-probabilities
FAIL: gcc.misc-tests/bprob-2.c execution: file bprob-2.gcda does not exist, -O0 -fprofile-arcs
UNRESOLVED: gcc.misc-tests/bprob-2.c compilation, -O0 -fbranch-probabilities
UNRESOLVED: gcc.misc-tests/bprob-2.c execution, -O0 -fbranch-probabilities
FAIL: gcc.misc-tests/bprob-2.c execution: file bprob-2.gcda does not exist, -O1 -fprofile-arcs
UNRESOLVED: gcc.misc-tests/bprob-2.c compilation, -O1 -fbranch-probabilities
UNRESOLVED: gcc.misc-tests/bprob-2.c execution, -O1 -fbranch-probabilities
FAIL: gcc.misc-tests/bprob-2.c execution: file bprob-2.gcda does not exist, -O2 -DPERFTIME -fprofile-arcs
UNRESOLVED: gcc.misc-tests/bprob-2.c compilation, -O2 -DPERFTIME -fbranch-probabilities
UNRESOLVED: gcc.misc-tests/bprob-2.c execution, -O2 -DPERFTIME -fbranch-probabilities
FAIL: gcc.misc-tests/bprob-2.c execution: file bprob-2.gcda does not exist, -O3 -DPERFTIME -fprofile-arcs
UNRESOLVED: gcc.misc-tests/bprob-2.c compilation, -O3 -DPERFTIME -fbranch-probabilities
UNRESOLVED: gcc.misc-tests/bprob-2.c execution, -O3 -DPERFTIME -fbranch-probabilities
FAIL: gcc.misc-tests/bprob-2.c execution: file bprob-2.gcda does not exist, -O3 -g -DPERFTIME -fprofile-arcs
UNRESOLVED: gcc.misc-tests/bprob-2.c compilation, -O3 -g -DPERFTIME -fbranch-probabilities
UNRESOLVED: gcc.misc-tests/bprob-2.c execution, -O3 -g -DPERFTIME -fbranch-probabilities
FAIL: gcc.misc-tests/bprob-2.c execution: file bprob-2.gcda does not exist, -Os -fprofile-arcs
UNRESOLVED: gcc.misc-tests/bprob-2.c compilation, -Os -fbranch-probabilities
UNRESOLVED: gcc.misc-tests/bprob-2.c execution, -Os -fbranch-probabilities
=== gcc Summary ===
# of expected passes 23462
# of unexpected failures 338
# of unexpected successes 3
# of expected failures 67
# of unresolved testcases 156
# of untested testcases 17
# of unsupported tests 1020
/home/mstein/avr-obj/gcc/xgcc version 3.4.6 20060222 (prerelease)
Compiler version: 3.4.6 20060222 (prerelease) gcc
Platform: avr-unknown-none
configure flags: --target=avr --enable-languages=c --disable-nls --prefix=/home/mstein/install --with-ld=/usr/bin/avr-ld --with-as=/usr/bin/avr-as