This is the mail archive of the gcc-testresults@gcc.gnu.org mailing list for the GCC project.


Index Nav: [Date Index] [Subject Index] [Author Index] [Thread Index]
Message Nav: [Date Prev] [Date Next] [Thread Prev] [Thread Next]
Other format: [Raw text]

Results for 4.1.0 20060219 (prerelease) testsuite on powerpc-ibm-aix5.2.0.0


LAST_UPDATED: Obtained from SVN: branches/gcc-4_1-branch revision 111279

Native configuration is powerpc-ibm-aix5.2.0.0

		=== g++ tests ===


Running target unix
FAIL: tmpdir-g++.dg-struct-layout-1/t002 cp_compat_x_tst.o-cp_compat_y_tst.o execute 
FAIL: tmpdir-g++.dg-struct-layout-1/t005 cp_compat_x_tst.o-cp_compat_y_tst.o execute 
FAIL: tmpdir-g++.dg-struct-layout-1/t007 cp_compat_x_tst.o-cp_compat_y_tst.o execute 
FAIL: tmpdir-g++.dg-struct-layout-1/t009 cp_compat_x_tst.o-cp_compat_y_tst.o execute 
FAIL: tmpdir-g++.dg-struct-layout-1/t010 cp_compat_x_tst.o-cp_compat_y_tst.o execute 
FAIL: tmpdir-g++.dg-struct-layout-1/t013 cp_compat_x_tst.o-cp_compat_y_tst.o execute 
FAIL: tmpdir-g++.dg-struct-layout-1/t014 cp_compat_x_tst.o-cp_compat_y_tst.o execute 
FAIL: tmpdir-g++.dg-struct-layout-1/t015 cp_compat_x_tst.o-cp_compat_y_tst.o execute 
FAIL: tmpdir-g++.dg-struct-layout-1/t017 cp_compat_x_tst.o-cp_compat_y_tst.o execute 
FAIL: tmpdir-g++.dg-struct-layout-1/t019 cp_compat_x_tst.o-cp_compat_y_tst.o execute 
FAIL: tmpdir-g++.dg-struct-layout-1/t021 cp_compat_x_tst.o-cp_compat_y_tst.o execute 
FAIL: tmpdir-g++.dg-struct-layout-1/t023 cp_compat_x_tst.o-cp_compat_y_tst.o execute 
FAIL: tmpdir-g++.dg-struct-layout-1/t024 cp_compat_x_tst.o-cp_compat_y_tst.o execute 
FAIL: tmpdir-g++.dg-struct-layout-1/t026 cp_compat_x_tst.o-cp_compat_y_tst.o execute 
FAIL: tmpdir-g++.dg-struct-layout-1/t027 cp_compat_x_tst.o-cp_compat_y_tst.o execute 
FAIL: tmpdir-g++.dg-struct-layout-1/t028 cp_compat_x_tst.o-cp_compat_y_tst.o execute 
FAIL: tmpdir-g++.dg-struct-layout-1/t029 cp_compat_x_tst.o-cp_compat_y_tst.o execute 
FAIL: tmpdir-g++.dg-struct-layout-1/t030 cp_compat_x_tst.o-cp_compat_y_tst.o execute 
FAIL: g++.dg/abi/local1.C execution test
FAIL: g++.dg/conversion/simd1.C (test for excess errors)
WARNING: g++.dg/ext/altivec-3.C compilation failed to produce executable
ERROR: g++.dg/ext/altivec-7.C: error executing dg-final: couldn't open "altivec-7.s": no such file or directory
UNRESOLVED: g++.dg/ext/altivec-7.C: error executing dg-final: couldn't open "altivec-7.s": no such file or directory
FAIL: g++.dg/ext/attribute-test-1.C (test for excess errors)
FAIL: g++.dg/ext/attribute-test-2.C (test for excess errors)
FAIL: g++.dg/ext/attribute-test-3.C (test for excess errors)
FAIL: g++.dg/ext/attribute-test-4.C (test for excess errors)
WARNING: g++.dg/other/ucnid-1.C compilation failed to produce executable
FAIL: g++.dg/template/repo3.C (test for excess errors)
FAIL: g++.dg/template/repo4.C (test for excess errors)
XPASS: g++.dg/tree-ssa/pr14814.C scan-tree-dump-times &this 0
FAIL: g++.old-deja/g++.pt/const2.C  (test for errors, line )
FAIL: g++.old-deja/g++.pt/instantiate4.C (test for excess errors)
FAIL: g++.old-deja/g++.pt/instantiate6.C (test for excess errors)
FAIL: g++.old-deja/g++.pt/repo1.C (test for excess errors)
FAIL: g++.old-deja/g++.pt/repo2.C (test for excess errors)
FAIL: g++.old-deja/g++.pt/repo4.C (test for excess errors)

		=== g++ Summary ===

# of expected passes		11514
# of unexpected failures	32
# of unexpected successes	1
# of expected failures		85
# of unresolved testcases	1
# of unsupported tests		143
/tmp/gcc-build/gcc/testsuite/../g++  version 4.1.0 20060219 (prerelease)

		=== gcc tests ===


Running target unix
FAIL: tmpdir-gcc.dg-struct-layout-1/t025 c_compat_x_tst.o-c_compat_y_tst.o execute 
FAIL: tmpdir-gcc.dg-struct-layout-1/t027 c_compat_x_tst.o-c_compat_y_tst.o execute 
FAIL: tmpdir-gcc.dg-struct-layout-1/t028 c_compat_x_tst.o-c_compat_y_tst.o execute 
FAIL: gcc.dg/20060218-1.c  (test for errors, line 6)
FAIL: gcc.dg/20060218-1.c (test for excess errors)
FAIL: gcc.dg/asm-names.c scan-assembler-not ____frob14
FAIL: gcc.dg/pr17957.c (test for excess errors)
WARNING: gcc.dg/ucnid-2.c compilation failed to produce executable
WARNING: gcc.dg/ucnid-3.c compilation failed to produce executable
WARNING: gcc.dg/ucnid-4.c compilation failed to produce executable
WARNING: gcc.dg/ucnid-5.c compilation failed to produce executable
XPASS: gcc.dg/ucnid-6.c (test for excess errors)
FAIL: gcc.dg/pch/save-temps-1.c -O0 -g assembly comparison
FAIL: gcc.dg/pch/static-1.c -O0 -g assembly comparison
FAIL: gcc.dg/pch/static-2.c -O0 -g assembly comparison
FAIL: gcc.dg/pch/static-3.c -O0 -g assembly comparison
FAIL: gcc.dg/pch/system-1.c -O0 -g assembly comparison
FAIL: largefile.c -O0 -g (test for excess errors)
FAIL: largefile.c  -O0  (test for excess errors)
FAIL: largefile.c  -O1  (test for excess errors)
FAIL: largefile.c  -O2  (test for excess errors)
FAIL: largefile.c  -O3 -fomit-frame-pointer  (test for excess errors)
FAIL: largefile.c  -O3 -g  (test for excess errors)
FAIL: largefile.c  -Os  (test for excess errors)
FAIL: gcc.dg/vect/pr16105.c scan-tree-dump-times vectorized 1 loops 1
FAIL: gcc.dg/vect/pr18400.c scan-tree-dump-times vectorized 1 loops 1
FAIL: gcc.dg/vect/pr18425.c scan-tree-dump-times vectorized 1 loops 1
FAIL: gcc.dg/vect/vect-1.c scan-tree-dump-times vectorized 3 loops 1
FAIL: gcc.dg/vect/vect-101.c scan-tree-dump-times can't determine dependence 1
FAIL: gcc.dg/vect/vect-102.c scan-tree-dump-times possible dependence between data-refs 1
FAIL: gcc.dg/vect/vect-103.c scan-tree-dump-times vectorized 1 loops 1
FAIL: gcc.dg/vect/vect-103.c scan-tree-dump-times dependence distance modulo vf == 0 1
FAIL: gcc.dg/vect/vect-104.c scan-tree-dump-times possible dependence between data-refs 1
FAIL: gcc.dg/vect/vect-105.c scan-tree-dump-times vectorized 1 loops 1
FAIL: gcc.dg/vect/vect-108.c scan-tree-dump-times vectorized 1 loops 1
FAIL: gcc.dg/vect/vect-11.c scan-tree-dump-times vectorized 1 loops 1
FAIL: gcc.dg/vect/vect-111.c scan-tree-dump-times vectorized 1 loops 1
FAIL: gcc.dg/vect/vect-115.c scan-tree-dump-times vectorized 2 loops 1
FAIL: gcc.dg/vect/vect-11a.c scan-tree-dump-times vectorized 1 loops 2
FAIL: gcc.dg/vect/vect-13.c scan-tree-dump-times vectorized 1 loops 1
FAIL: gcc.dg/vect/vect-17.c scan-tree-dump-times vectorized 3 loops 1
FAIL: gcc.dg/vect/vect-18.c scan-tree-dump-times vectorized 3 loops 1
FAIL: gcc.dg/vect/vect-19.c scan-tree-dump-times vectorized 3 loops 1
FAIL: gcc.dg/vect/vect-20.c scan-tree-dump-times vectorized 3 loops 1
FAIL: gcc.dg/vect/vect-22.c scan-tree-dump-times vectorized 4 loops 1
FAIL: gcc.dg/vect/vect-25.c scan-tree-dump-times vectorized 2 loops 1
FAIL: gcc.dg/vect/vect-26.c scan-tree-dump-times vectorized 1 loops 1
FAIL: gcc.dg/vect/vect-26.c scan-tree-dump-times Alignment of access forced using peeling 1
FAIL: gcc.dg/vect/vect-27.c scan-tree-dump-times vectorized 1 loops 1
FAIL: gcc.dg/vect/vect-27.c scan-tree-dump-times Vectorizing an unaligned access 1
FAIL: gcc.dg/vect/vect-28.c scan-tree-dump-times vectorized 1 loops 1
FAIL: gcc.dg/vect/vect-28.c scan-tree-dump-times Alignment of access forced using peeling 1
FAIL: gcc.dg/vect/vect-29.c scan-tree-dump-times vectorized 1 loops 1
FAIL: gcc.dg/vect/vect-29.c scan-tree-dump-times Vectorizing an unaligned access 1
FAIL: gcc.dg/vect/vect-3.c scan-tree-dump-times vectorized 1 loops 1
FAIL: gcc.dg/vect/vect-30.c scan-tree-dump-times vectorized 1 loops 2
FAIL: gcc.dg/vect/vect-31.c scan-tree-dump-times vectorized 4 loops 1
FAIL: gcc.dg/vect/vect-31.c scan-tree-dump-times Alignment of access forced using peeling 2
FAIL: gcc.dg/vect/vect-4.c scan-tree-dump-times vectorized 1 loops 1
FAIL: gcc.dg/vect/vect-40.c scan-tree-dump-times vectorized 1 loops 1
FAIL: gcc.dg/vect/vect-42.c scan-tree-dump-times vectorized 1 loops 1
FAIL: gcc.dg/vect/vect-42.c scan-tree-dump-times Vectorizing an unaligned access 2
FAIL: gcc.dg/vect/vect-42.c scan-tree-dump-times Alignment of access forced using peeling 1
FAIL: gcc.dg/vect/vect-43.c scan-tree-dump-times vectorized 1 loops 1
FAIL: gcc.dg/vect/vect-44.c scan-tree-dump-times vectorized 1 loops 1
FAIL: gcc.dg/vect/vect-44.c scan-tree-dump-times Vectorizing an unaligned access 2
FAIL: gcc.dg/vect/vect-44.c scan-tree-dump-times Alignment of access forced using peeling 1
FAIL: gcc.dg/vect/vect-46.c scan-tree-dump-times vectorized 1 loops 1
FAIL: gcc.dg/vect/vect-48.c scan-tree-dump-times vectorized 1 loops 1
FAIL: gcc.dg/vect/vect-48.c scan-tree-dump-times Vectorizing an unaligned access 2
FAIL: gcc.dg/vect/vect-5.c scan-tree-dump-times vectorized 2 loops 1
FAIL: gcc.dg/vect/vect-50.c scan-tree-dump-times vectorized 1 loops 1
FAIL: gcc.dg/vect/vect-50.c scan-tree-dump-times Vectorizing an unaligned access 2
FAIL: gcc.dg/vect/vect-50.c scan-tree-dump-times Alignment of access forced using peeling 1
FAIL: gcc.dg/vect/vect-52.c scan-tree-dump-times vectorized 1 loops 1
FAIL: gcc.dg/vect/vect-52.c scan-tree-dump-times Vectorizing an unaligned access 2
FAIL: gcc.dg/vect/vect-54.c scan-tree-dump-times vectorized 1 loops 1
FAIL: gcc.dg/vect/vect-54.c scan-tree-dump-times Alignment of access forced using peeling 1
FAIL: gcc.dg/vect/vect-56.c scan-tree-dump-times vectorized 1 loops 1
FAIL: gcc.dg/vect/vect-56.c scan-tree-dump-times Vectorizing an unaligned access 2
FAIL: gcc.dg/vect/vect-58.c scan-tree-dump-times vectorized 1 loops 1
FAIL: gcc.dg/vect/vect-58.c scan-tree-dump-times Alignment of access forced using peeling 1
FAIL: gcc.dg/vect/vect-6.c scan-tree-dump-times vectorized 2 loops 1
FAIL: gcc.dg/vect/vect-60.c scan-tree-dump-times vectorized 1 loops 1
FAIL: gcc.dg/vect/vect-60.c scan-tree-dump-times Vectorizing an unaligned access 2
FAIL: gcc.dg/vect/vect-62.c scan-tree-dump-times vectorized 1 loops 1
FAIL: gcc.dg/vect/vect-64.c scan-tree-dump-times vectorized 3 loops 1
FAIL: gcc.dg/vect/vect-64.c scan-tree-dump-times Alignment of access forced using peeling 2
FAIL: gcc.dg/vect/vect-65.c scan-tree-dump-times vectorized 2 loops 1
FAIL: gcc.dg/vect/vect-66.c scan-tree-dump-times vectorized 3 loops 1
FAIL: gcc.dg/vect/vect-66.c scan-tree-dump-times Alignment of access forced using peeling 1
FAIL: gcc.dg/vect/vect-67.c scan-tree-dump-times vectorized 1 loops 1
FAIL: gcc.dg/vect/vect-68.c scan-tree-dump-times vectorized 4 loops 1
FAIL: gcc.dg/vect/vect-68.c scan-tree-dump-times Alignment of access forced using peeling 2
FAIL: gcc.dg/vect/vect-69.c scan-tree-dump-times vectorized 4 loops 1
FAIL: gcc.dg/vect/vect-69.c scan-tree-dump-times Alignment of access forced using peeling 2
FAIL: gcc.dg/vect/vect-70.c scan-tree-dump-times vectorized 1 loops 1
FAIL: gcc.dg/vect/vect-70.c scan-tree-dump-times Alignment of access forced using peeling 1
FAIL: gcc.dg/vect/vect-72.c scan-tree-dump-times vectorized 1 loops 1
FAIL: gcc.dg/vect/vect-72.c scan-tree-dump-times Vectorizing an unaligned access 1
FAIL: gcc.dg/vect/vect-73.c scan-tree-dump-times vectorized 1 loops 1
FAIL: gcc.dg/vect/vect-74.c scan-tree-dump-times vectorized 1 loops 1
FAIL: gcc.dg/vect/vect-74.c scan-tree-dump-times Vectorizing an unaligned access 2
FAIL: gcc.dg/vect/vect-74.c scan-tree-dump-times Alignment of access forced using peeling 1
FAIL: gcc.dg/vect/vect-75.c scan-tree-dump-times vectorized 1 loops 1
FAIL: gcc.dg/vect/vect-75.c scan-tree-dump-times Vectorizing an unaligned access 1
FAIL: gcc.dg/vect/vect-76.c scan-tree-dump-times vectorized 3 loops 1
FAIL: gcc.dg/vect/vect-76.c scan-tree-dump-times Vectorizing an unaligned access 2
FAIL: gcc.dg/vect/vect-77.c scan-tree-dump-times vectorized 1 loops 1
FAIL: gcc.dg/vect/vect-77.c scan-tree-dump-times Vectorizing an unaligned access 1
FAIL: gcc.dg/vect/vect-78.c scan-tree-dump-times vectorized 1 loops 1
FAIL: gcc.dg/vect/vect-78.c scan-tree-dump-times Vectorizing an unaligned access 1
FAIL: gcc.dg/vect/vect-79.c scan-tree-dump-times can't determine dependence between 1
FAIL: gcc.dg/vect/vect-8.c scan-tree-dump-times vectorized 1 loops 1
FAIL: gcc.dg/vect/vect-80.c scan-tree-dump-times vectorized 1 loops 1
FAIL: gcc.dg/vect/vect-80.c scan-tree-dump-times Vectorizing an unaligned access 2
FAIL: gcc.dg/vect/vect-80.c scan-tree-dump-times Alignment of access forced using peeling 1
FAIL: gcc.dg/vect/vect-82.c scan-tree-dump-times vectorized 1 loops 1
FAIL: gcc.dg/vect/vect-82_64.c (test for excess errors)
ERROR: gcc.dg/vect/vect-82_64.c: error executing dg-final: no files matched glob pattern "vect-82_64.c.t[0-9][0-9].vect"
UNRESOLVED: gcc.dg/vect/vect-82_64.c: error executing dg-final: no files matched glob pattern "vect-82_64.c.t[0-9][0-9].vect"
FAIL: gcc.dg/vect/vect-83.c scan-tree-dump-times vectorized 1 loops 1
FAIL: gcc.dg/vect/vect-83_64.c (test for excess errors)
ERROR: gcc.dg/vect/vect-83_64.c: error executing dg-final: no files matched glob pattern "vect-83_64.c.t[0-9][0-9].vect"
UNRESOLVED: gcc.dg/vect/vect-83_64.c: error executing dg-final: no files matched glob pattern "vect-83_64.c.t[0-9][0-9].vect"
FAIL: gcc.dg/vect/vect-85.c scan-tree-dump-times vectorized 1 loops 1
FAIL: gcc.dg/vect/vect-86.c scan-tree-dump-times vectorized 1 loops 1
FAIL: gcc.dg/vect/vect-87.c scan-tree-dump-times vectorized 1 loops 1
FAIL: gcc.dg/vect/vect-87.c scan-tree-dump-times Alignment of access forced using peeling 1
FAIL: gcc.dg/vect/vect-88.c scan-tree-dump-times vectorized 1 loops 1
FAIL: gcc.dg/vect/vect-88.c scan-tree-dump-times Alignment of access forced using peeling 1
FAIL: gcc.dg/vect/vect-89.c scan-tree-dump-times vectorized 1 loops 1
FAIL: gcc.dg/vect/vect-89.c scan-tree-dump-times Alignment of access forced using peeling 1
FAIL: gcc.dg/vect/vect-91.c scan-tree-dump-times vectorized 1 loops 3
FAIL: gcc.dg/vect/vect-91.c scan-tree-dump-times accesses have the same alignment. 3
FAIL: gcc.dg/vect/vect-91.c scan-tree-dump-times Alignment of access forced using peeling 3
FAIL: gcc.dg/vect/vect-92.c scan-tree-dump-times vectorized 1 loops 3
FAIL: gcc.dg/vect/vect-92.c scan-tree-dump-times Alignment of access forced using peeling 3
FAIL: gcc.dg/vect/vect-93.c scan-tree-dump-times vectorized 2 loops 1
FAIL: gcc.dg/vect/vect-93.c scan-tree-dump-times Alignment of access forced using peeling 3
FAIL: gcc.dg/vect/vect-93.c scan-tree-dump-times vectorized 1 loops 1
FAIL: gcc.dg/vect/vect-93.c scan-tree-dump-times Vectorizing an unaligned access 1
FAIL: gcc.dg/vect/vect-95.c scan-tree-dump-times vectorized 1 loops 1
FAIL: gcc.dg/vect/vect-95.c scan-tree-dump-times Vectorizing an unaligned access 2
FAIL: gcc.dg/vect/vect-95.c scan-tree-dump-times Alignment of access forced using versioning 2
FAIL: gcc.dg/vect/vect-96.c scan-tree-dump-times vectorized 1 loops 1
FAIL: gcc.dg/vect/vect-96.c scan-tree-dump-times Vectorizing an unaligned access 1
FAIL: gcc.dg/vect/vect-96.c scan-tree-dump-times Alignment of access forced using peeling 1
FAIL: gcc.dg/vect/vect-98.c scan-tree-dump-times not vectorized: complicated access pattern 1
FAIL: gcc.dg/vect/vect-99.c scan-tree-dump-times vectorized 1 loops 1
FAIL: gcc.dg/vect/vect-all.c scan-tree-dump-times vectorized 10 loops 1
FAIL: gcc.dg/vect/vect-dv-2.c scan-tree-dump-times vectorized 2 loops 1
FAIL: gcc.dg/vect/vect-dv-2.c scan-tree-dump-times accesses have the same alignment. 2
FAIL: gcc.dg/vect/vect-ifcvt-2.c scan-tree-dump-times vectorized 1 loops 1
FAIL: gcc.dg/vect/vect-ifcvt-3.c scan-tree-dump-times vectorized 1 loops 1
FAIL: gcc.dg/vect/vect-ifcvt-4.c scan-tree-dump-times vectorized 1 loops 1
FAIL: gcc.dg/vect/vect-ifcvt-5.c scan-tree-dump-times vectorized 1 loops 1
FAIL: gcc.dg/vect/vect-ifcvt-6.c scan-tree-dump-times vectorized 1 loops 1
FAIL: gcc.dg/vect/vect-ifcvt-7.c scan-tree-dump-times vectorized 1 loops 1
FAIL: gcc.dg/vect/vect-ifcvt-9.c scan-tree-dump-times vectorized 1 loops 2
FAIL: gcc.dg/vect/vect-reduc-1.c scan-tree-dump-times vectorized 3 loops 1
FAIL: gcc.dg/vect/vect-reduc-1char.c scan-tree-dump-times vectorized 3 loops 1
FAIL: gcc.dg/vect/vect-reduc-1short.c scan-tree-dump-times vectorized 3 loops 1
FAIL: gcc.dg/vect/vect-reduc-2.c scan-tree-dump-times vectorized 3 loops 1
FAIL: gcc.dg/vect/vect-reduc-3.c scan-tree-dump-times vectorized 1 loops 1
FAIL: gcc.dg/vect/vect-shift-1.c scan-tree-dump-times vectorized 1 loops 1
FAIL: gcc.dg/vect/fast-math-vect-reduc-5.c scan-tree-dump-times vectorized 3 loops 1
FAIL: gcc.target/powerpc/20020118-1.c execution test
WARNING: gcc.target/powerpc/altivec-1.c compilation failed to produce executable
ERROR: gcc.target/powerpc/altivec-11.c: error executing dg-final: couldn't open "altivec-11.s": no such file or directory
UNRESOLVED: gcc.target/powerpc/altivec-11.c: error executing dg-final: couldn't open "altivec-11.s": no such file or directory
WARNING: gcc.target/powerpc/altivec-12.c compilation failed to produce executable
FAIL: gcc.target/powerpc/altivec-14.c  (test for warnings, line 8)
FAIL: gcc.target/powerpc/altivec-14.c  (test for warnings, line 9)
FAIL: gcc.target/powerpc/altivec-14.c  (test for warnings, line 10)
FAIL: gcc.target/powerpc/altivec-14.c  (test for warnings, line 11)
FAIL: gcc.target/powerpc/altivec-14.c  (test for warnings, line 12)
FAIL: gcc.target/powerpc/altivec-14.c  (test for warnings, line 14)
FAIL: gcc.target/powerpc/altivec-14.c  (test for warnings, line 15)
FAIL: gcc.target/powerpc/altivec-14.c  (test for warnings, line 16)
FAIL: gcc.target/powerpc/altivec-14.c  (test for warnings, line 20)
FAIL: gcc.target/powerpc/altivec-14.c  (test for warnings, line 21)
FAIL: gcc.target/powerpc/altivec-14.c  (test for warnings, line 22)
FAIL: gcc.target/powerpc/altivec-14.c (test for excess errors)
ERROR: gcc.target/powerpc/altivec-18.c: error executing dg-final: couldn't open "altivec-18.s": no such file or directory
UNRESOLVED: gcc.target/powerpc/altivec-18.c: error executing dg-final: couldn't open "altivec-18.s": no such file or directory
XPASS: gcc.target/powerpc/altivec-2.c  (test for errors, line 14)
FAIL: gcc.target/powerpc/altivec-2.c (test for excess errors)
FAIL: gcc.target/powerpc/altivec-20.c (test for excess errors)
FAIL: gcc.target/powerpc/altivec-21.c  (test for errors, line 13)
FAIL: gcc.target/powerpc/altivec-21.c  (test for errors, line 14)
FAIL: gcc.target/powerpc/altivec-21.c (test for excess errors)
ERROR: gcc.target/powerpc/altivec-22.c: error executing dg-final: couldn't open "altivec-22.s": no such file or directory
UNRESOLVED: gcc.target/powerpc/altivec-22.c: error executing dg-final: couldn't open "altivec-22.s": no such file or directory
WARNING: gcc.target/powerpc/altivec-3.c compilation failed to produce executable
WARNING: gcc.target/powerpc/altivec-consts.c compilation failed to produce executable
WARNING: gcc.target/powerpc/altivec-varargs-1.c compilation failed to produce executable
WARNING: gcc.target/powerpc/altivec-vec-merge.c compilation failed to produce executable
XPASS: gcc.target/powerpc/darwin-longlong.c (test for excess errors)
FAIL: gcc.target/powerpc/ppc-vector-memcpy.c scan-assembler lvx
XPASS: gcc.target/powerpc/ppc-vector-memset.c (test for excess errors)
FAIL: gcc.target/powerpc/ppc-vector-memset.c scan-assembler stvx
XPASS: gcc.target/powerpc/pr16155.c -maltivec -mansi (test for bogus messages, line )
FAIL: gcc.target/powerpc/pr16155.c (test for excess errors)
XPASS: gcc.target/powerpc/pr16286.c -maltivec (test for bogus messages, line )
FAIL: gcc.target/powerpc/pr16286.c (test for excess errors)
FAIL: gcc.target/powerpc/pr18096-1.c stack frame too large (test for warnings, line 11)
FAIL: gcc.target/powerpc/pr18096-1.c (test for excess errors)

		=== gcc Summary ===

# of expected passes		36635
# of unexpected failures	182
# of unexpected successes	6
# of expected failures		133
# of unresolved testcases	5
# of untested testcases		35
# of unsupported tests		436
/tmp/gcc-build/gcc/xgcc  version 4.1.0 20060219 (prerelease)

		=== gfortran tests ===


Running target unix
FAIL: gfortran.dg/static_linking_1.f  -O0  execution test
FAIL: gfortran.dg/static_linking_1.f  -O1  execution test
FAIL: gfortran.dg/static_linking_1.f  -O2  execution test
FAIL: gfortran.dg/static_linking_1.f  -O3 -fomit-frame-pointer  execution test
FAIL: gfortran.dg/static_linking_1.f  -O3 -fomit-frame-pointer -funroll-loops  execution test
FAIL: gfortran.dg/static_linking_1.f  -O3 -fomit-frame-pointer -funroll-all-loops -finline-functions  execution test
FAIL: gfortran.dg/static_linking_1.f  -O3 -g  execution test
FAIL: gfortran.dg/static_linking_1.f  -Os  execution test
FAIL: gfortran.dg/vect/pr19049.f90  -O  scan-tree-dump-times complicated access pattern 1
FAIL: gfortran.dg/vect/vect-1.f90  -O  scan-tree-dump-times vectorized 3 loops 1
FAIL: gfortran.dg/vect/vect-2.f90  -O  scan-tree-dump-times vectorized 3 loops 1
FAIL: gfortran.dg/vect/vect-2.f90  -O  scan-tree-dump-times Alignment of access forced using peeling 3
FAIL: gfortran.dg/vect/vect-2.f90  -O  scan-tree-dump-times Vectorizing an unaligned access 2
FAIL: gfortran.dg/vect/vect-4.f90  -O  scan-tree-dump-times vectorized 1 loops 1
FAIL: gfortran.dg/vect/vect-4.f90  -O  scan-tree-dump-times Alignment of access forced using peeling 1
FAIL: gfortran.dg/vect/vect-4.f90  -O  scan-tree-dump-times Vectorizing an unaligned access 1
FAIL: gfortran.dg/vect/vect-4.f90  -O  scan-tree-dump-times accesses have the same alignment. 1
FAIL: gfortran.dg/vect/vect-5.f90  -O  scan-tree-dump-times vectorized 2 loops 1
FAIL: gfortran.dg/vect/vect-5.f90  -O  scan-tree-dump-times Alignment of access forced using peeling 1
FAIL: gfortran.dg/vect/vect-5.f90  -O  scan-tree-dump-times Vectorizing an unaligned access 2
FAIL: gfortran.fortran-torture/execute/intrinsic_nearest.f90 execution,  -O0 
FAIL: gfortran.fortran-torture/execute/intrinsic_nearest.f90 execution,  -O1 
FAIL: gfortran.fortran-torture/execute/intrinsic_nearest.f90 execution,  -O2 
FAIL: gfortran.fortran-torture/execute/intrinsic_nearest.f90 execution,  -O3 -fomit-frame-pointer 
FAIL: gfortran.fortran-torture/execute/intrinsic_nearest.f90 execution,  -O3 -fomit-frame-pointer -funroll-loops 
FAIL: gfortran.fortran-torture/execute/intrinsic_nearest.f90 execution,  -O3 -fomit-frame-pointer -funroll-all-loops -finline-functions 
FAIL: gfortran.fortran-torture/execute/intrinsic_nearest.f90 execution,  -O3 -g 
FAIL: gfortran.fortran-torture/execute/intrinsic_nearest.f90 execution,  -Os 

		=== gfortran Summary ===

# of expected passes		11499
# of unexpected failures	28
# of expected failures		7
# of unsupported tests		74
/tmp/gcc-build/gcc/testsuite/../gfortran  version 4.1.0 20060219 (prerelease)

		=== libstdc++ tests ===


Running target unix
FAIL: 22_locale/codecvt/in/wchar_t/1.cc (test for excess errors)
FAIL: 22_locale/codecvt/in/wchar_t/5.cc (test for excess errors)
FAIL: 22_locale/codecvt/in/wchar_t/6.cc (test for excess errors)
FAIL: 22_locale/ctype/is/char/3.cc execution test
FAIL: 26_numerics/cmath/c99_classification_macros_c.cc (test for excess errors)
FAIL: 26_numerics/complex/13450.cc (test for excess errors)
WARNING: 26_numerics/complex/13450.cc compilation failed to produce executable
FAIL: 26_numerics/complex/pow.cc (test for excess errors)
WARNING: 26_numerics/complex/pow.cc compilation failed to produce executable
FAIL: 27_io/ios_base/storage/11584.cc execution test
FAIL: 27_io/objects/char/6.cc execution test
FAIL: 27_io/objects/wchar_t/6.cc execution test
FAIL: ext/mt_allocator/check_new.cc execution test
FAIL: ext/pb_assoc/example/basic_map.cc (test for excess errors)
WARNING: ext/pb_assoc/example/basic_map.cc compilation failed to produce executable
FAIL: ext/pb_assoc/example/basic_multimap.cc (test for excess errors)
WARNING: ext/pb_assoc/example/basic_multimap.cc compilation failed to produce executable
FAIL: ext/pb_assoc/example/basic_set.cc (test for excess errors)
WARNING: ext/pb_assoc/example/basic_set.cc compilation failed to produce executable
FAIL: ext/pb_assoc/example/ds_traits.cc (test for excess errors)
WARNING: ext/pb_assoc/example/ds_traits.cc compilation failed to produce executable
FAIL: ext/pb_assoc/example/erase_if.cc (test for excess errors)
WARNING: ext/pb_assoc/example/erase_if.cc compilation failed to produce executable
FAIL: ext/pb_assoc/example/extract_key.cc (test for excess errors)
WARNING: ext/pb_assoc/example/extract_key.cc compilation failed to produce executable
FAIL: ext/pb_assoc/example/hash_find_neg.cc (test for excess errors)
FAIL: ext/pb_assoc/example/hash_illegal_resize.cc (test for excess errors)
WARNING: ext/pb_assoc/example/hash_illegal_resize.cc compilation failed to produce executable
FAIL: ext/pb_assoc/example/hash_initial_size.cc (test for excess errors)
WARNING: ext/pb_assoc/example/hash_initial_size.cc compilation failed to produce executable
FAIL: ext/pb_assoc/example/hash_load_set_change.cc (test for excess errors)
WARNING: ext/pb_assoc/example/hash_load_set_change.cc compilation failed to produce executable
FAIL: ext/pb_assoc/example/hash_mod.cc (test for excess errors)
WARNING: ext/pb_assoc/example/hash_mod.cc compilation failed to produce executable
FAIL: ext/pb_assoc/example/hash_resize.cc (test for excess errors)
WARNING: ext/pb_assoc/example/hash_resize.cc compilation failed to produce executable
FAIL: ext/pb_assoc/example/hash_shift_mask.cc (test for excess errors)
WARNING: ext/pb_assoc/example/hash_shift_mask.cc compilation failed to produce executable
FAIL: ext/pb_assoc/example/mapping_level.cc (test for excess errors)
WARNING: ext/pb_assoc/example/mapping_level.cc compilation failed to produce executable
FAIL: ext/pb_assoc/example/mapping_level_neg.cc (test for excess errors)
FAIL: ext/pb_assoc/example/ms_traits.cc (test for excess errors)
WARNING: ext/pb_assoc/example/ms_traits.cc compilation failed to produce executable
FAIL: ext/pb_assoc/example/ranged_hash.cc (test for excess errors)
WARNING: ext/pb_assoc/example/ranged_hash.cc compilation failed to produce executable
FAIL: ext/pb_assoc/example/store_hash.cc (test for excess errors)
WARNING: ext/pb_assoc/example/store_hash.cc compilation failed to produce executable
FAIL: ext/pb_assoc/example/tree_intervals.cc (test for excess errors)
WARNING: ext/pb_assoc/example/tree_intervals.cc compilation failed to produce executable
FAIL: ext/pb_assoc/example/tree_join.cc (test for excess errors)
WARNING: ext/pb_assoc/example/tree_join.cc compilation failed to produce executable
FAIL: ext/pb_assoc/example/tree_order_statistics.cc (test for excess errors)
WARNING: ext/pb_assoc/example/tree_order_statistics.cc compilation failed to produce executable
FAIL: ext/pb_assoc/example/tree_order_statistics_join.cc (test for excess errors)
WARNING: ext/pb_assoc/example/tree_order_statistics_join.cc compilation failed to produce executable
FAIL: ext/pb_assoc/example/tree_split.cc (test for excess errors)
WARNING: ext/pb_assoc/example/tree_split.cc compilation failed to produce executable
FAIL: ext/pool_allocator/check_new.cc execution test
FAIL: ext/stdio_sync_filebuf/wchar_t/1.cc (test for excess errors)

		=== libstdc++ Summary ===

# of expected passes		3300
# of unexpected failures	36
# of expected failures		10
# of unsupported tests		317

Compiler version: 4.1.0 20060219 (prerelease) 
Platform: powerpc-ibm-aix5.2.0.0
configure flags: --with-gmp=/farm/dje --with-mpfr=/farm/dje --enable-languages=c,c++,fortran


Index Nav: [Date Index] [Subject Index] [Author Index] [Thread Index]
Message Nav: [Date Prev] [Date Next] [Thread Prev] [Thread Next]