This is the mail archive of the gcc-testresults@gcc.gnu.org mailing list for the GCC project.
Index Nav: | [Date Index] [Subject Index] [Author Index] [Thread Index] | |
---|---|---|
Message Nav: | [Date Prev] [Date Next] | [Thread Prev] [Thread Next] |
Other format: | [Raw text] |
LAST_UPDATED: Mon Feb 20 08:09:28 UTC 2006 (revision 111294) Native configuration is i686-pc-linux-gnu === g++ tests === Running target unix === g++ Summary === # of expected passes 11454 # of expected failures 70 # of unsupported tests 56 /scratch/gcc/nightly-2006-02-20-4.0/i686-pc-linux-gnu/build_gcc/install/bin/c++ version 4.0.3 20060220 (prerelease) === gcc tests === Running target unix XPASS: gcc.dg/vect/vect-22.c scan-tree-dump-times vectorized 3 loops 1 === gcc Summary === # of expected passes 35534 # of unexpected successes 1 # of expected failures 94 # of untested testcases 28 # of unsupported tests 327 /scratch/gcc/nightly-2006-02-20-4.0/i686-pc-linux-gnu/build_gcc/install/bin/gcc version 4.0.3 20060220 (prerelease) === libstdc++ tests === Running target unix XPASS: 22_locale/locale/cons/12658_thread-1.cc execution test FAIL: 22_locale/messages/members/char/1.cc execution test FAIL: 22_locale/messages/members/char/2.cc execution test FAIL: 22_locale/messages/members/char/wrapped_env.cc execution test FAIL: 22_locale/messages/members/char/wrapped_locale.cc execution test FAIL: 22_locale/messages_byname/named_equivalence.cc execution test === libstdc++ Summary === # of expected passes 3707 # of unexpected failures 5 # of unexpected successes 1 # of expected failures 13 Compiler version: 4.0.3 20060220 (prerelease) Platform: i686-pc-linux-gnu configure flags: --disable-nls --build=i686-pc-linux-gnu --host=i686-pc-linux-gnu --target=i686-pc-linux-gnu --enable-shared --enable-threads --disable-libmudflap --disable-libssp --disable-libgomp --disable-libstdcxx-pch --with-gnu-as --with-as=/scratch/gcc/nightly-2006-02-20-4.0/i686-pc-linux-gnu/build_gcc/install/bin/as --with-gnu-ld --with-ld=/scratch/gcc/nightly-2006-02-20-4.0/i686-pc-linux-gnu/build_gcc/install/bin/ld --prefix=/scratch/gcc/nightly-2006-02-20-4.0/i686-pc-linux-gnu/build_gcc/install --enable-languages=c,c++
Index Nav: | [Date Index] [Subject Index] [Author Index] [Thread Index] | |
---|---|---|
Message Nav: | [Date Prev] [Date Next] | [Thread Prev] [Thread Next] |