This is the mail archive of the gcc-testresults@gcc.gnu.org mailing list for the GCC project.


Index Nav: [Date Index] [Subject Index] [Author Index] [Thread Index]
Message Nav: [Date Prev] [Date Next] [Thread Prev] [Thread Next]
Other format: [Raw text]

Results for 4.1.0 20060219 (prerelease) testsuite on i686-pc-linux-gnu


LAST_UPDATED: Obtained from SVN: branches/gcc-4_1-branch revision 111279

		=== acats tests ===

		=== acats Summary ===
# of expected passes		2316
# of unexpected failures	0
Native configuration is i686-pc-linux-gnu

		=== gcc tests ===


Running target unix

		=== gcc Summary ===

# of expected passes		38155
# of expected failures		101
# of untested testcases		28
# of unsupported tests		243
/disk1/SCRATCH/gcc-build/Linux/i686-pc-linux-gnu/gcc-4.1.0-RC1/gcc-4.1.0-RC1/gcc/xgcc
 version 4.1.0 20060219 (prerelease)

		=== gfortran tests ===


Running target unix

		=== gfortran Summary ===

# of expected passes		11638
# of expected failures		15
# of unsupported tests		16
/disk1/SCRATCH/gcc-build/Linux/i686-pc-linux-gnu/gcc-4.1.0-RC1/gcc-4.1.0-RC1/gcc/testsuite/../gfortran
 version 4.1.0 20060219 (prerelease)

		=== g++ tests ===


Running target unix
XPASS: g++.dg/tree-ssa/pr14814.C scan-tree-dump-times &this 0
XPASS: g++.old-deja/g++.other/init5.C execution test

		=== g++ Summary ===

# of expected passes		12006
# of unexpected successes	2
# of expected failures		66
# of unsupported tests		66
/disk1/SCRATCH/gcc-build/Linux/i686-pc-linux-gnu/gcc-4.1.0-RC1/gcc-4.1.0-RC1/gcc/testsuite/../g++
 version 4.1.0 20060219 (prerelease)

		=== obj-c++ tests ===


Running target unix
FAIL: obj-c++.dg/cxx-ivars-2.mm execution test
FAIL: obj-c++.dg/encode-8.mm execution test
FAIL: obj-c++.dg/isa-field-1.mm (test for excess errors)
FAIL: obj-c++.dg/lookup-2.mm (test for excess errors)
WARNING: obj-c++.dg/lookup-2.mm compilation failed to produce executable
FAIL: obj-c++.dg/try-catch-2.mm (test for excess errors)
WARNING: obj-c++.dg/try-catch-2.mm compilation failed to produce executable
FAIL: obj-c++.dg/try-catch-9.mm (test for excess errors)
WARNING: obj-c++.dg/try-catch-9.mm compilation failed to produce executable

		=== obj-c++ Summary ===

# of expected passes		423
# of unexpected failures	6
# of unsupported tests		13
/disk1/SCRATCH/gcc-build/Linux/i686-pc-linux-gnu/gcc-4.1.0-RC1/gcc-4.1.0-RC1/gcc/testsuite/../g++
 version 4.1.0 20060219 (prerelease)

		=== objc tests ===


Running target unix

		=== objc Summary ===

# of expected passes		1684
# of unsupported tests		22
/disk1/SCRATCH/gcc-build/Linux/i686-pc-linux-gnu/gcc-4.1.0-RC1/gcc-4.1.0-RC1/gcc/xgcc
 version 4.1.0 20060219 (prerelease)

		=== treelang tests ===


Running target unix

		=== treelang Summary ===

# of expected passes		50
		=== libffi tests ===


Running target unix

		=== libffi Summary ===

# of expected passes		228
# of unsupported tests		2
		=== libjava tests ===


Running target unix

		=== libjava Summary ===

# of expected passes		4011
# of expected failures		10
# of untested testcases		8
		=== libmudflap tests ===


Running target unix

		=== libmudflap Summary ===

# of expected passes		1789
		=== libstdc++ tests ===


Running target unix
XPASS: 26_numerics/cmath/c99_classification_macros_c.cc (test for excess errors)

		=== libstdc++ Summary ===

# of expected passes		4029
# of unexpected successes	1
# of expected failures		12

Compiler version: 4.1.0 20060219 (prerelease)
Platform: i686-pc-linux-gnu
configure flags: --prefix=/SCRATCH/gcc-build/Linux/i686-pc-linux-gnu/install
--with-gnu-as
--with-as=/SCRATCH/gcc-build/Linux/i686-pc-linux-gnu/install/bin/as
--with-gnu-ld
--with-ld=/SCRATCH/gcc-build/Linux/i686-pc-linux-gnu/install/bin/ld
--enable-threads=posix --enable-shared --enable-__cxa_atexit
--enable-checking=release --with-gmp=/appl/shared/gnu/Linux/i686-pc-linux-gnu
--with-mpfr=/appl/shared/gnu/Linux/i686-pc-linux-gnu
--enable-languages=c,ada,c++,fortran,java,objc,obj-c++,treelang

binutils:
binutils-2.16.1


Build system:
Linux cfd-1.tecosim.de 2.6.15-1.1830_FC4smp #1 SMP Thu Feb 2 17:39:38 EST 2006
i686 GNU/Linux

cc for building:
gcc
gcc (GCC) 4.0.2
Copyright (C) 2005 Free Software Foundation, Inc.
This is free software; see the source for copying conditions.  There is NO
warranty; not even for MERCHANTABILITY or FITNESS FOR A PARTICULAR PURPOSE.


as for building:
GNU assembler 2.16.1
Copyright 2005 Free Software Foundation, Inc.
This program is free software; you may redistribute it under the terms of
the GNU General Public License.  This program has absolutely no warranty.
This assembler was configured for a target of \`i686-pc-linux-gnu'.

ld for building:
GNU ld version 2.16.1
Copyright 2005 Free Software Foundation, Inc.
This program is free software; you may redistribute it under the terms of
the GNU General Public License.  This program has absolutely no warranty.


Index Nav: [Date Index] [Subject Index] [Author Index] [Thread Index]
Message Nav: [Date Prev] [Date Next] [Thread Prev] [Thread Next]