This is the mail archive of the gcc-testresults@gcc.gnu.org mailing list for the GCC project.


Index Nav: [Date Index] [Subject Index] [Author Index] [Thread Index]
Message Nav: [Date Prev] [Date Next] [Thread Prev] [Thread Next]
Other format: [Raw text]

Results for 4.2.0 20060218 (experimental) testsuite on powerpc-apple-darwin7.9.0


LAST_UPDATED: Sat Feb 18 00:25:28 UTC 2006 (revision 111224M)

Native configuration is powerpc-apple-darwin7.9.0

=== g++ tests ===


Running target unix
FAIL: g++.dg/abi/thunk4.C scan-assembler .weak[ \\t]_?_ZThn._N7Derived3FooEv
FAIL: g++.dg/init/ctor4.C (test for excess errors)
FAIL: g++.dg/parse/register1.C (test for excess errors)
FAIL: g++.dg/warn/huge-val1.C (test for excess errors)
FAIL: g++.dg/warn/weak1.C (test for excess errors)
UNRESOLVED: g++.dg/warn/weak1.C compilation failed to produce executable
FAIL: g++.dg/special/conpr-3.C execution test
FAIL: g++.old-deja/g++.brendan/warnings4.C (test for excess errors)
XPASS: g++.old-deja/g++.eh/badalloc1.C execution test
FAIL: g++.old-deja/g++.jason/overload34.C (test for excess errors)
FAIL: g++.old-deja/g++.mike/p11110.C (test for excess errors)


=== g++ Summary ===

# of expected passes 11936
# of unexpected failures 9
# of unexpected successes 1
# of expected failures 66
# of unresolved testcases 1
# of unsupported tests 117
/Volumes/temp/src/gcc/local/gcc/objdir/gcc/testsuite/g++/../../g++ version 4.2.0 20060218 (experimental)


=== gcc tests ===


Running target unix
WARNING: program timed out.
FAIL: gcc.c-torture/compile/20001226-1.c -O2 (test for excess errors)
WARNING: program timed out.
FAIL: gcc.c-torture/compile/20001226-1.c -O3 -fomit-frame-pointer (test for excess errors)
WARNING: program timed out.
FAIL: gcc.c-torture/compile/20001226-1.c -O3 -g (test for excess errors)
WARNING: program timed out.
FAIL: gcc.c-torture/compile/20001226-1.c -Os (test for excess errors)
FAIL: tmpdir-gcc.dg-struct-layout-1/t001 c_compat_x_tst.o-c_compat_y_tst.o execute
FAIL: tmpdir-gcc.dg-struct-layout-1/t024 c_compat_x_tst.o-c_compat_y_tst.o execute
FAIL: tmpdir-gcc.dg-struct-layout-1/t025 c_compat_x_tst.o-c_compat_y_tst.o execute
FAIL: tmpdir-gcc.dg-struct-layout-1/t026 c_compat_x_tst.o-c_compat_y_tst.o execute
FAIL: tmpdir-gcc.dg-struct-layout-1/t027 c_compat_x_tst.o-c_compat_y_tst.o execute
FAIL: tmpdir-gcc.dg-struct-layout-1/t028 c_compat_x_tst.o-c_compat_y_tst.o execute
FAIL: gcc.dg/tree-ssa/20030730-1.c scan-tree-dump-times if 0
FAIL: gcc.dg/tree-ssa/20030730-2.c scan-tree-dump-times if 0
FAIL: gcc.dg/tree-ssa/20030807-2.c scan-tree-dump-times if 0
FAIL: gcc.target/powerpc/darwin-longlong.c execution test
FAIL: gcc.target/powerpc/pr18096-1.c stack frame too large (test for warnings, line 11)
FAIL: gcc.target/powerpc/pr18096-1.c (test for excess errors)
FAIL: gcc.target/powerpc/stabs-attrib-vect-darwin.c scan-assembler .stabs.*vi:\\\\(0,16\\\\)=@V


=== gcc Summary ===

# of expected passes 39535
# of unexpected failures 17
# of expected failures 114
# of untested testcases 28
# of unsupported tests 421
/Volumes/temp/src/gcc/local/gcc/objdir/gcc/xgcc version 4.2.0 20060218 (experimental)


=== gfortran tests ===


Running target unix
FAIL: gfortran.dg/large_real_kind_2.F90 -O0 execution test
FAIL: gfortran.dg/large_real_kind_2.F90 -O1 execution test
FAIL: gfortran.dg/large_real_kind_2.F90 -O2 execution test
FAIL: gfortran.dg/large_real_kind_2.F90 -O3 -fomit-frame-pointer execution test
FAIL: gfortran.dg/large_real_kind_2.F90 -O3 -fomit-frame-pointer -funroll-loops execution test
FAIL: gfortran.dg/large_real_kind_2.F90 -O3 -fomit-frame-pointer -funroll-all-loops -finline-functions execution test
FAIL: gfortran.dg/large_real_kind_2.F90 -O3 -g execution test
FAIL: gfortran.dg/large_real_kind_2.F90 -Os execution test
FAIL: gfortran.dg/large_real_kind_form_io_2.f90 -O0 execution test
FAIL: gfortran.dg/large_real_kind_form_io_2.f90 -O1 execution test
FAIL: gfortran.dg/large_real_kind_form_io_2.f90 -O2 execution test
FAIL: gfortran.dg/large_real_kind_form_io_2.f90 -O3 -fomit-frame-pointer execution test
FAIL: gfortran.dg/large_real_kind_form_io_2.f90 -O3 -fomit-frame-pointer -funroll-loops execution test
FAIL: gfortran.dg/large_real_kind_form_io_2.f90 -O3 -fomit-frame-pointer -funroll-all-loops -finline-functions execution test
FAIL: gfortran.dg/large_real_kind_form_io_2.f90 -O3 -g execution test
FAIL: gfortran.dg/large_real_kind_form_io_2.f90 -Os execution test


=== gfortran Summary ===

# of expected passes 11691
# of unexpected failures 16
# of expected failures 9
# of unsupported tests 56
/Volumes/temp/src/gcc/local/gcc/objdir/gcc/testsuite/gfortran/../../ gfortran version 4.2.0 20060218 (experimental)


=== objc tests ===


Running target unix FAIL: objc.dg-struct-layout-encoding-1/t002_main.m execution test FAIL: objc.dg-struct-layout-encoding-1/t003_main.m execution test FAIL: objc.dg-struct-layout-encoding-1/t004_main.m execution test FAIL: objc.dg-struct-layout-encoding-1/t006_main.m execution test FAIL: objc.dg-struct-layout-encoding-1/t007_main.m execution test FAIL: objc.dg-struct-layout-encoding-1/t008_main.m execution test FAIL: objc.dg-struct-layout-encoding-1/t011_main.m execution test FAIL: objc.dg-struct-layout-encoding-1/t012_main.m execution test FAIL: objc.dg-struct-layout-encoding-1/t015_main.m execution test FAIL: objc.dg-struct-layout-encoding-1/t022_main.m execution test

=== objc Summary ===

# of expected passes 2958
# of unexpected failures 10
# of expected failures 7
# of unsupported tests 1
/Volumes/temp/src/gcc/local/gcc/objdir/gcc/xgcc version 4.2.0 20060218 (experimental)


=== libffi tests ===


Running target unix


=== libffi Summary ===

# of expected passes            262
# of expected failures          2
# of unsupported tests          2
                === libjava tests ===


Running target unix


=== libjava Summary ===

# of expected passes            4047
# of expected failures          10
# of untested testcases         8
                === libstdc++ tests ===


Running target unix
FAIL: 22_locale/money_get/get/char/5.cc execution test
FAIL: 22_locale/money_get/get/wchar_t/5.cc execution test
FAIL: 22_locale/num_get/get/char/10.cc execution test
FAIL: 22_locale/num_get/get/char/4.cc execution test
FAIL: 22_locale/num_get/get/wchar_t/10.cc execution test
FAIL: 22_locale/num_get/get/wchar_t/4.cc execution test
FAIL: 25_algorithms/prev_permutation/1.cc execution test
FAIL: 26_numerics/complex/13450.cc execution test
FAIL: 27_io/basic_istream/extractors_arithmetic/char/01.cc execution test
FAIL: 27_io/basic_istream/extractors_arithmetic/wchar_t/01.cc execution test
FAIL: 27_io/ios_base/storage/11584.cc execution test
FAIL: ext/mt_allocator/check_new.cc execution test
FAIL: ext/pool_allocator/check_new.cc execution test


=== libstdc++ Summary ===

# of expected passes            3481
# of unexpected failures        13
# of expected failures          11
# of unsupported tests          323

Compiler version: 4.2.0 20060218 (experimental)
Platform: powerpc-apple-darwin7.9.0


Index Nav: [Date Index] [Subject Index] [Author Index] [Thread Index]
Message Nav: [Date Prev] [Date Next] [Thread Prev] [Thread Next]