This is the mail archive of the
gcc-testresults@gcc.gnu.org
mailing list for the GCC project.
Results for 4.2.0 20060216 (experimental) gfortran testsuite on i386-unknown-netbsdelf3.0
- From: coudert at quatramaran dot ens dot fr (François-Xavier Coudert)
- To: gcc-testresults at gcc dot gnu dot org
- Date: Fri, 17 Feb 2006 08:28:41 +0100 (CET)
- Subject: Results for 4.2.0 20060216 (experimental) gfortran testsuite on i386-unknown-netbsdelf3.0
tail: s,@gcc_config_arguments@,../gcc/LAST_UPDATED: No such file or directory
LAST_UPDATED:
Native configuration is i386-unknown-netbsdelf3.0
=== gfortran tests ===
Running target unix
FAIL: gfortran.fortran-torture/execute/intrinsic_fraction_exponent.f90 execution, -O0
FAIL: gfortran.fortran-torture/execute/intrinsic_fraction_exponent.f90 execution, -O1
FAIL: gfortran.fortran-torture/execute/intrinsic_fraction_exponent.f90 execution, -O2
FAIL: gfortran.fortran-torture/execute/intrinsic_fraction_exponent.f90 execution, -O3 -fomit-frame-pointer
FAIL: gfortran.fortran-torture/execute/intrinsic_fraction_exponent.f90 execution, -O3 -fomit-frame-pointer -funroll-loops
FAIL: gfortran.fortran-torture/execute/intrinsic_fraction_exponent.f90 execution, -O3 -fomit-frame-pointer -funroll-all-loops -finline-functions
FAIL: gfortran.fortran-torture/execute/intrinsic_fraction_exponent.f90 execution, -O3 -g
FAIL: gfortran.fortran-torture/execute/intrinsic_fraction_exponent.f90 execution, -Os
FAIL: gfortran.fortran-torture/execute/intrinsic_set_exponent.f90 execution, -O0
FAIL: gfortran.fortran-torture/execute/intrinsic_set_exponent.f90 execution, -O1
FAIL: gfortran.fortran-torture/execute/intrinsic_set_exponent.f90 execution, -O2
FAIL: gfortran.fortran-torture/execute/intrinsic_set_exponent.f90 execution, -O3 -fomit-frame-pointer
FAIL: gfortran.fortran-torture/execute/intrinsic_set_exponent.f90 execution, -O3 -fomit-frame-pointer -funroll-loops
FAIL: gfortran.fortran-torture/execute/intrinsic_set_exponent.f90 execution, -O3 -fomit-frame-pointer -funroll-all-loops -finline-functions
FAIL: gfortran.fortran-torture/execute/intrinsic_set_exponent.f90 execution, -O3 -g
FAIL: gfortran.fortran-torture/execute/intrinsic_set_exponent.f90 execution, -Os
=== gfortran Summary ===
# of expected passes 11605
# of unexpected failures 16
# of expected failures 9
# of unsupported tests 64
/tmp/debug/ibin/gcc/testsuite/gfortran/../../gfortran version 4.2.0 20060216 (experimental)
Compiler version: 4.2.0 20060216 (experimental) gfortran
Platform: i386-unknown-netbsdelf3.0
configure flags: --prefix=/tmp/debug/irun --enable-languages=c,fortran --with-gmp=/house/coudert/local/td143,;t t