This is the mail archive of the
gcc-testresults@gcc.gnu.org
mailing list for the GCC project.
Results for 4.0.3 20060215 (prerelease) testsuite on sparc64-sun-solaris2.10
- From: "Kaveh R. Ghazi" <ghazi at caipclassic dot rutgers dot edu>
- To: gcc-testresults at gcc dot gnu dot org
- Date: Thu, 16 Feb 2006 07:44:19 -0500 (EST)
- Subject: Results for 4.0.3 20060215 (prerelease) testsuite on sparc64-sun-solaris2.10
LAST_UPDATED:
Native configuration is sparc64-sun-solaris2.10
=== g++ tests ===
Running target unix
=== g++ Summary ===
# of expected passes 11283
# of expected failures 70
# of unsupported tests 124
/caip/u12/kishgcc/gcc-testing/gcc-testing/v9-40/build/gcc/testsuite/../g++ version 4.0.3 20060215 (prerelease)
=== gcc tests ===
Running target unix
FAIL: gcc.c-torture/compile/20020701-1.c -O0 (test for excess errors)
FAIL: gcc.c-torture/compile/20020701-1.c -O1 (test for excess errors)
FAIL: gcc.c-torture/compile/20020701-1.c -O2 (test for excess errors)
FAIL: gcc.c-torture/compile/20020701-1.c -O3 -fomit-frame-pointer (test for excess errors)
FAIL: gcc.c-torture/compile/20020701-1.c -O3 -fomit-frame-pointer -funroll-loops (test for excess errors)
FAIL: gcc.c-torture/compile/20020701-1.c -O3 -fomit-frame-pointer -funroll-all-loops -finline-functions (test for excess errors)
FAIL: gcc.c-torture/compile/20020701-1.c -O3 -g (test for excess errors)
FAIL: gcc.c-torture/compile/20020701-1.c -Os (test for excess errors)
FAIL: gcc.c-torture/compile/20021108-1.c -O0 (test for excess errors)
FAIL: gcc.c-torture/compile/20021108-1.c -O1 (test for excess errors)
FAIL: gcc.c-torture/compile/20021108-1.c -O2 (test for excess errors)
FAIL: gcc.c-torture/compile/20021108-1.c -O3 -fomit-frame-pointer (test for excess errors)
FAIL: gcc.c-torture/compile/20021108-1.c -O3 -g (test for excess errors)
FAIL: gcc.c-torture/compile/20021108-1.c -Os (test for excess errors)
FAIL: gcc.c-torture/compile/920501-7.c -O0 (test for excess errors)
FAIL: gcc.c-torture/compile/920501-7.c -O1 (test for excess errors)
FAIL: gcc.c-torture/compile/920501-7.c -O2 (test for excess errors)
FAIL: gcc.c-torture/compile/920501-7.c -O3 -fomit-frame-pointer (test for excess errors)
FAIL: gcc.c-torture/compile/920501-7.c -O3 -g (test for excess errors)
FAIL: gcc.c-torture/compile/920501-7.c -Os (test for excess errors)
FAIL: gcc.c-torture/compile/labels-1.c -O0 (test for excess errors)
FAIL: gcc.c-torture/compile/labels-1.c -O1 (test for excess errors)
FAIL: gcc.c-torture/compile/labels-1.c -O2 (test for excess errors)
FAIL: gcc.c-torture/compile/labels-1.c -O3 -fomit-frame-pointer (test for excess errors)
FAIL: gcc.c-torture/compile/labels-1.c -O3 -g (test for excess errors)
FAIL: gcc.c-torture/compile/labels-1.c -Os (test for excess errors)
FAIL: gcc.c-torture/compile/labels-2.c -O0 (test for excess errors)
FAIL: gcc.c-torture/compile/labels-2.c -O1 (test for excess errors)
FAIL: gcc.c-torture/compile/labels-2.c -O2 (test for excess errors)
FAIL: gcc.c-torture/compile/labels-2.c -O3 -fomit-frame-pointer (test for excess errors)
FAIL: gcc.c-torture/compile/labels-2.c -O3 -g (test for excess errors)
FAIL: gcc.c-torture/compile/labels-2.c -Os (test for excess errors)
FAIL: gcc.c-torture/compile/labels-3.c -O0 (test for excess errors)
FAIL: gcc.c-torture/compile/labels-3.c -O1 (test for excess errors)
FAIL: gcc.c-torture/compile/labels-3.c -O2 (test for excess errors)
FAIL: gcc.c-torture/compile/labels-3.c -O3 -fomit-frame-pointer (test for excess errors)
FAIL: gcc.c-torture/compile/labels-3.c -O3 -g (test for excess errors)
FAIL: gcc.c-torture/compile/labels-3.c -Os (test for excess errors)
FAIL: gcc.c-torture/execute/builtins/memmove-2.c compilation, -O0
UNRESOLVED: gcc.c-torture/execute/builtins/memmove-2.c execution, -O0
FAIL: gcc.c-torture/execute/builtins/memmove-2.c compilation, -O1
UNRESOLVED: gcc.c-torture/execute/builtins/memmove-2.c execution, -O1
FAIL: gcc.c-torture/execute/builtins/memmove-2.c compilation, -O2
UNRESOLVED: gcc.c-torture/execute/builtins/memmove-2.c execution, -O2
FAIL: gcc.c-torture/execute/builtins/memmove-2.c compilation, -O3 -fomit-frame-pointer
UNRESOLVED: gcc.c-torture/execute/builtins/memmove-2.c execution, -O3 -fomit-frame-pointer
FAIL: gcc.c-torture/execute/builtins/memmove-2.c compilation, -O3 -g
UNRESOLVED: gcc.c-torture/execute/builtins/memmove-2.c execution, -O3 -g
FAIL: gcc.c-torture/execute/builtins/memmove-2.c compilation, -Os
UNRESOLVED: gcc.c-torture/execute/builtins/memmove-2.c execution, -Os
FAIL: gcc.c-torture/execute/builtins/strcat.c compilation, -O0
UNRESOLVED: gcc.c-torture/execute/builtins/strcat.c execution, -O0
FAIL: gcc.c-torture/execute/builtins/strcat.c compilation, -O1
UNRESOLVED: gcc.c-torture/execute/builtins/strcat.c execution, -O1
FAIL: gcc.c-torture/execute/builtins/strcat.c compilation, -O2
UNRESOLVED: gcc.c-torture/execute/builtins/strcat.c execution, -O2
FAIL: gcc.c-torture/execute/builtins/strcat.c compilation, -O3 -fomit-frame-pointer
UNRESOLVED: gcc.c-torture/execute/builtins/strcat.c execution, -O3 -fomit-frame-pointer
FAIL: gcc.c-torture/execute/builtins/strcat.c compilation, -O3 -fomit-frame-pointer -funroll-loops
UNRESOLVED: gcc.c-torture/execute/builtins/strcat.c execution, -O3 -fomit-frame-pointer -funroll-loops
FAIL: gcc.c-torture/execute/builtins/strcat.c compilation, -O3 -fomit-frame-pointer -funroll-all-loops -finline-functions
UNRESOLVED: gcc.c-torture/execute/builtins/strcat.c execution, -O3 -fomit-frame-pointer -funroll-all-loops -finline-functions
FAIL: gcc.c-torture/execute/builtins/strcat.c compilation, -O3 -g
UNRESOLVED: gcc.c-torture/execute/builtins/strcat.c execution, -O3 -g
FAIL: gcc.c-torture/execute/builtins/strcat.c compilation, -Os
UNRESOLVED: gcc.c-torture/execute/builtins/strcat.c execution, -Os
FAIL: gcc.c-torture/execute/builtins/strncat.c compilation, -O0
UNRESOLVED: gcc.c-torture/execute/builtins/strncat.c execution, -O0
FAIL: gcc.c-torture/execute/builtins/strncat.c compilation, -O1
UNRESOLVED: gcc.c-torture/execute/builtins/strncat.c execution, -O1
FAIL: gcc.c-torture/execute/builtins/strncat.c compilation, -O2
UNRESOLVED: gcc.c-torture/execute/builtins/strncat.c execution, -O2
FAIL: gcc.c-torture/execute/builtins/strncat.c compilation, -O3 -fomit-frame-pointer
UNRESOLVED: gcc.c-torture/execute/builtins/strncat.c execution, -O3 -fomit-frame-pointer
FAIL: gcc.c-torture/execute/builtins/strncat.c compilation, -O3 -g
UNRESOLVED: gcc.c-torture/execute/builtins/strncat.c execution, -O3 -g
FAIL: gcc.c-torture/execute/builtins/strncat.c compilation, -Os
UNRESOLVED: gcc.c-torture/execute/builtins/strncat.c execution, -Os
FAIL: gcc.c-torture/execute/builtins/strncpy.c compilation, -O0
UNRESOLVED: gcc.c-torture/execute/builtins/strncpy.c execution, -O0
FAIL: gcc.c-torture/execute/builtins/strncpy.c compilation, -O1
UNRESOLVED: gcc.c-torture/execute/builtins/strncpy.c execution, -O1
FAIL: gcc.c-torture/execute/builtins/strncpy.c compilation, -O2
UNRESOLVED: gcc.c-torture/execute/builtins/strncpy.c execution, -O2
FAIL: gcc.c-torture/execute/builtins/strncpy.c compilation, -O3 -fomit-frame-pointer
UNRESOLVED: gcc.c-torture/execute/builtins/strncpy.c execution, -O3 -fomit-frame-pointer
FAIL: gcc.c-torture/execute/builtins/strncpy.c compilation, -O3 -g
UNRESOLVED: gcc.c-torture/execute/builtins/strncpy.c execution, -O3 -g
FAIL: gcc.c-torture/execute/builtins/strncpy.c compilation, -Os
UNRESOLVED: gcc.c-torture/execute/builtins/strncpy.c execution, -Os
FAIL: gcc.c-torture/execute/memcpy-bi.c compilation, -O0
UNRESOLVED: gcc.c-torture/execute/memcpy-bi.c execution, -O0
FAIL: gcc.c-torture/execute/memcpy-bi.c compilation, -O1
UNRESOLVED: gcc.c-torture/execute/memcpy-bi.c execution, -O1
FAIL: gcc.c-torture/execute/memcpy-bi.c compilation, -O2
UNRESOLVED: gcc.c-torture/execute/memcpy-bi.c execution, -O2
FAIL: gcc.c-torture/execute/memcpy-bi.c compilation, -O3 -fomit-frame-pointer
UNRESOLVED: gcc.c-torture/execute/memcpy-bi.c execution, -O3 -fomit-frame-pointer
FAIL: gcc.c-torture/execute/memcpy-bi.c compilation, -O3 -fomit-frame-pointer -funroll-loops
UNRESOLVED: gcc.c-torture/execute/memcpy-bi.c execution, -O3 -fomit-frame-pointer -funroll-loops
FAIL: gcc.c-torture/execute/memcpy-bi.c compilation, -O3 -fomit-frame-pointer -funroll-all-loops -finline-functions
UNRESOLVED: gcc.c-torture/execute/memcpy-bi.c execution, -O3 -fomit-frame-pointer -funroll-all-loops -finline-functions
FAIL: gcc.c-torture/execute/memcpy-bi.c compilation, -O3 -g
UNRESOLVED: gcc.c-torture/execute/memcpy-bi.c execution, -O3 -g
FAIL: gcc.c-torture/execute/memcpy-bi.c compilation, -Os
UNRESOLVED: gcc.c-torture/execute/memcpy-bi.c execution, -Os
FAIL: gcc.c-torture/execute/string-opt-18.c compilation, -O0
UNRESOLVED: gcc.c-torture/execute/string-opt-18.c execution, -O0
FAIL: gcc.c-torture/execute/string-opt-18.c compilation, -O1
UNRESOLVED: gcc.c-torture/execute/string-opt-18.c execution, -O1
FAIL: gcc.c-torture/execute/string-opt-18.c compilation, -O2
UNRESOLVED: gcc.c-torture/execute/string-opt-18.c execution, -O2
FAIL: gcc.c-torture/execute/string-opt-18.c compilation, -O3 -fomit-frame-pointer
UNRESOLVED: gcc.c-torture/execute/string-opt-18.c execution, -O3 -fomit-frame-pointer
FAIL: gcc.c-torture/execute/string-opt-18.c compilation, -O3 -g
UNRESOLVED: gcc.c-torture/execute/string-opt-18.c execution, -O3 -g
FAIL: gcc.c-torture/execute/string-opt-18.c compilation, -Os
UNRESOLVED: gcc.c-torture/execute/string-opt-18.c execution, -Os
FAIL: gcc.dg/20021029-1.c (test for excess errors)
ERROR: gcc.dg/20021029-1.c: error executing dg-final: couldn't open "20021029-1.s": no such file or directory
UNRESOLVED: gcc.dg/20021029-1.c: error executing dg-final: couldn't open "20021029-1.s": no such file or directory
FAIL: gcc.dg/builtins-10.c (test for excess errors)
FAIL: gcc.dg/builtins-2.c (test for excess errors)
FAIL: gcc.dg/builtins-21.c (test for excess errors)
FAIL: gcc.dg/builtins-26.c (test for excess errors)
FAIL: gcc.dg/builtins-47.c (test for excess errors)
WARNING: gcc.dg/builtins-47.c compilation failed to produce executable
ERROR: gcc.dg/builtins-47.c: error executing dg-final: no files matched glob pattern "builtins-47.c.t[0-9][0-9].gimple"
UNRESOLVED: gcc.dg/builtins-47.c: error executing dg-final: no files matched glob pattern "builtins-47.c.t[0-9][0-9].gimple"
FAIL: gcc.dg/builtins-52.c (test for excess errors)
FAIL: gcc.dg/builtins-7.c (test for excess errors)
FAIL: gcc.dg/pr16973.c (test for excess errors)
FAIL: gcc.dg/pr19402-1.c (test for excess errors)
ERROR: gcc.dg/pr19402-1.c: error executing dg-final: couldn't open "pr19402-1.s": no such file or directory
UNRESOLVED: gcc.dg/pr19402-1.c: error executing dg-final: couldn't open "pr19402-1.s": no such file or directory
FAIL: gcc.dg/unordered-1.c (test for errors, line 16)
FAIL: gcc.dg/unordered-1.c (test for errors, line 17)
FAIL: gcc.dg/unordered-1.c (test for excess errors)
FAIL: largefile.c -O0 -g (test for excess errors)
FAIL: largefile.c -O0 (test for excess errors)
FAIL: largefile.c -O1 (test for excess errors)
FAIL: largefile.c -O2 (test for excess errors)
FAIL: largefile.c -O3 -fomit-frame-pointer (test for excess errors)
FAIL: largefile.c -O3 -g (test for excess errors)
FAIL: largefile.c -Os (test for excess errors)
WARNING: gcc.dg/tls/opt-11.c compilation failed to produce executable
FAIL: gcc.dg/torture/builtin-explog-1.c -O0 (test for excess errors)
FAIL: gcc.dg/torture/builtin-explog-1.c -O1 (test for excess errors)
FAIL: gcc.dg/torture/builtin-explog-1.c -O2 (test for excess errors)
FAIL: gcc.dg/torture/builtin-explog-1.c -O3 -fomit-frame-pointer (test for excess errors)
FAIL: gcc.dg/torture/builtin-explog-1.c -O3 -g (test for excess errors)
FAIL: gcc.dg/torture/builtin-explog-1.c -Os (test for excess errors)
FAIL: gcc.dg/torture/builtin-integral-1.c -O0 (test for excess errors)
FAIL: gcc.dg/torture/builtin-integral-1.c -O1 (test for excess errors)
FAIL: gcc.dg/torture/builtin-integral-1.c -O2 (test for excess errors)
FAIL: gcc.dg/torture/builtin-integral-1.c -O3 -fomit-frame-pointer (test for excess errors)
FAIL: gcc.dg/torture/builtin-integral-1.c -O3 -g (test for excess errors)
FAIL: gcc.dg/torture/builtin-integral-1.c -Os (test for excess errors)
=== gcc Summary ===
# of expected passes 34766
# of unexpected failures 110
# of expected failures 95
# of unresolved testcases 43
# of untested testcases 35
# of unsupported tests 556
/caip/u12/kishgcc/gcc-testing/gcc-testing/v9-40/build/gcc/xgcc version 4.0.3 20060215 (prerelease)
=== gfortran tests ===
Running target unix
=== gfortran Summary ===
# of expected passes 8805
# of expected failures 1
# of unsupported tests 25
/caip/u12/kishgcc/gcc-testing/gcc-testing/v9-40/build/gcc/testsuite/../gfortran version 4.0.3 20060215 (prerelease)
=== objc tests ===
Running target unix
=== objc Summary ===
# of expected passes 1554
# of unsupported tests 10
/caip/u12/kishgcc/gcc-testing/gcc-testing/v9-40/build/gcc/xgcc version 4.0.3 20060215 (prerelease)
=== treelang tests ===
Running target unix
=== treelang Summary ===
# of expected passes 48
=== libffi tests ===
Running target unix
=== libffi Summary ===
# of expected passes 219
# of unsupported tests 2
=== libjava tests ===
Running target unix
FAIL: Array_3 execution - gij test
FAIL: Array_3 execution - gij test
FAIL: FileHandleGcTest execution - source compiled test
FAIL: FileHandleGcTest execution - gij test
FAIL: FileHandleGcTest execution - bytecode->native test
FAIL: FileHandleGcTest -O3 execution - source compiled test
FAIL: FileHandleGcTest execution - gij test
FAIL: FileHandleGcTest -O3 execution - bytecode->native test
FAIL: Process_6 execution - gij test
FAIL: Throw_2 execution - gij test
FAIL: Throw_2 execution - gij test
=== libjava Summary ===
# of expected passes 3877
# of unexpected failures 11
# of expected failures 10
# of untested testcases 19
=== libstdc++ tests ===
Running target unix
WARNING: program timed out.
FAIL: 22_locale/money_get/2.cc (test for excess errors)
WARNING: program timed out.
FAIL: 22_locale/money_get/3.cc (test for excess errors)
WARNING: program timed out.
FAIL: 22_locale/money_get/get/char/wrapped_env.cc (test for excess errors)
WARNING: 22_locale/money_get/get/char/wrapped_env.cc compilation failed to produce executable
WARNING: program timed out.
FAIL: 22_locale/money_get/get/char/wrapped_locale.cc (test for excess errors)
WARNING: 22_locale/money_get/get/char/wrapped_locale.cc compilation failed to produce executable
WARNING: program timed out.
FAIL: 22_locale/money_get/get/wchar_t/wrapped_env.cc (test for excess errors)
WARNING: 22_locale/money_get/get/wchar_t/wrapped_env.cc compilation failed to produce executable
WARNING: program timed out.
FAIL: 22_locale/money_get/get/wchar_t/wrapped_locale.cc (test for excess errors)
WARNING: 22_locale/money_get/get/wchar_t/wrapped_locale.cc compilation failed to produce executable
WARNING: program timed out.
FAIL: 22_locale/num_get/2.cc (test for excess errors)
WARNING: program timed out.
FAIL: 22_locale/num_get/3.cc (test for excess errors)
WARNING: program timed out.
FAIL: 22_locale/num_get/get/char/4.cc (test for excess errors)
WARNING: 22_locale/num_get/get/char/4.cc compilation failed to produce executable
WARNING: program timed out.
FAIL: 22_locale/num_get/get/char/wrapped_env.cc (test for excess errors)
WARNING: 22_locale/num_get/get/char/wrapped_env.cc compilation failed to produce executable
WARNING: program timed out.
FAIL: 22_locale/num_get/get/char/wrapped_locale.cc (test for excess errors)
WARNING: 22_locale/num_get/get/char/wrapped_locale.cc compilation failed to produce executable
WARNING: program timed out.
FAIL: 22_locale/num_get/get/wchar_t/4.cc (test for excess errors)
WARNING: 22_locale/num_get/get/wchar_t/4.cc compilation failed to produce executable
WARNING: program timed out.
FAIL: 22_locale/num_get/get/wchar_t/wrapped_env.cc (test for excess errors)
WARNING: 22_locale/num_get/get/wchar_t/wrapped_env.cc compilation failed to produce executable
WARNING: program timed out.
FAIL: 22_locale/num_get/get/wchar_t/wrapped_locale.cc (test for excess errors)
WARNING: 22_locale/num_get/get/wchar_t/wrapped_locale.cc compilation failed to produce executable
WARNING: program timed out.
FAIL: 22_locale/num_put/put/char/wrapped_env.cc (test for excess errors)
WARNING: 22_locale/num_put/put/char/wrapped_env.cc compilation failed to produce executable
WARNING: program timed out.
FAIL: 22_locale/num_put/put/char/wrapped_locale.cc (test for excess errors)
WARNING: 22_locale/num_put/put/char/wrapped_locale.cc compilation failed to produce executable
WARNING: program timed out.
FAIL: 22_locale/num_put/put/wchar_t/wrapped_env.cc (test for excess errors)
WARNING: 22_locale/num_put/put/wchar_t/wrapped_env.cc compilation failed to produce executable
WARNING: program timed out.
FAIL: 22_locale/num_put/put/wchar_t/wrapped_locale.cc (test for excess errors)
WARNING: 22_locale/num_put/put/wchar_t/wrapped_locale.cc compilation failed to produce executable
WARNING: program timed out.
FAIL: 22_locale/time_get/2.cc (test for excess errors)
WARNING: program timed out.
FAIL: 23_containers/deque/cons/2.cc (test for excess errors)
WARNING: 23_containers/deque/cons/2.cc compilation failed to produce executable
WARNING: program timed out.
FAIL: 26_numerics/complex/complex_inserters_extractors.cc (test for excess errors)
WARNING: 26_numerics/complex/complex_inserters_extractors.cc compilation failed to produce executable
WARNING: program timed out.
FAIL: 27_io/basic_ios/imbue/14072.cc (test for excess errors)
WARNING: 27_io/basic_ios/imbue/14072.cc compilation failed to produce executable
XPASS: 27_io/basic_istream/extractors_arithmetic/char/12.cc execution test
XPASS: 27_io/basic_istream/extractors_arithmetic/wchar_t/12.cc execution test
XPASS: 27_io/fpos/14320-1.cc execution test
FAIL: ext/array_allocator/2.cc execution test
=== libstdc++ Summary ===
# of expected passes 3672
# of unexpected failures 23
# of unexpected successes 3
# of expected failures 11
Compiler version: 4.0.3 20060215 (prerelease)
Platform: sparc64-sun-solaris2.10
configure flags: --verbose --enable-checking=yes,rtl,fold --with-local-prefix=/tmp/local --without-libiconv-prefix --with-mpfr=/caip/u12/kishgcc/gcc-testing/_gmp64 sparc64-sun-solaris2.10 --enable-languages=c,c++,f95,java,objc,treelang