This is the mail archive of the
gcc-testresults@gcc.gnu.org
mailing list for the GCC project.
Results for 4.2.0 20060215 (experimental) testsuite on x86_64-suse-linux-gnu
- From: aj at suse dot de (Andreas Jaeger)
- To: gcc-testresults at gcc dot gnu dot org
- Date: Wed, 15 Feb 2006 21:14:27 UT
- Subject: Results for 4.2.0 20060215 (experimental) testsuite on x86_64-suse-linux-gnu
Bootstrap and regtesting on x86_64-suse-linux-gnu.
SVN sources: mainline.
LAST_UPDATED: Wed Feb 15 18:14:15 UTC 2006 (revision 111112)
=== acats tests ===
FAIL: c43208b
FAIL: c85006a
FAIL: c85006d
FAIL: cd92001
FAIL: cdd2a02
FAIL: cxg2007
FAIL: cxg2012
=== acats Summary ===
# of expected passes 2309
# of unexpected failures 7
Native configuration is x86_64-suse-linux-gnu
=== gcc tests ===
Running target unix/-m32
XPASS: gcc.dg/cpp/cmdlne-dI-M.c scan-file (^|\\\\n)cmdlne-dI-M.*:[^\\\\n]*cmdlne-dI-M.c
XPASS: gcc.dg/cpp/cmdlne-dM-M.c scan-file (^|\\\\n)cmdlne-dM-M[^\\\\n]*:[^\\\\n]*cmdlne-dM-M.c
=== gcc Summary for unix/-m32 ===
# of expected passes 38923
# of unexpected successes 2
# of expected failures 112
# of untested testcases 28
# of unsupported tests 280
Running target unix
XPASS: gcc.dg/cpp/cmdlne-dI-M.c scan-file (^|\\\\n)cmdlne-dI-M.*:[^\\\\n]*cmdlne-dI-M.c
XPASS: gcc.dg/cpp/cmdlne-dM-M.c scan-file (^|\\\\n)cmdlne-dM-M[^\\\\n]*:[^\\\\n]*cmdlne-dM-M.c
WARNING: gcc.dg/torture/fp-int-convert-float128-timode.c -O0 compilation failed to produce executable
WARNING: gcc.dg/torture/fp-int-convert-float128-timode.c -O1 compilation failed to produce executable
WARNING: gcc.dg/torture/fp-int-convert-float128-timode.c -O2 compilation failed to produce executable
WARNING: gcc.dg/torture/fp-int-convert-float128-timode.c -O3 -fomit-frame-pointer compilation failed to produce executable
WARNING: gcc.dg/torture/fp-int-convert-float128-timode.c -O3 -g compilation failed to produce executable
WARNING: gcc.dg/torture/fp-int-convert-float128-timode.c -Os compilation failed to produce executable
WARNING: gcc.dg/torture/fp-int-convert-float128.c -O0 compilation failed to produce executable
WARNING: gcc.dg/torture/fp-int-convert-float128.c -O1 compilation failed to produce executable
WARNING: gcc.dg/torture/fp-int-convert-float128.c -O2 compilation failed to produce executable
WARNING: gcc.dg/torture/fp-int-convert-float128.c -O3 -fomit-frame-pointer compilation failed to produce executable
WARNING: gcc.dg/torture/fp-int-convert-float128.c -O3 -g compilation failed to produce executable
WARNING: gcc.dg/torture/fp-int-convert-float128.c -Os compilation failed to produce executable
=== gcc Summary for unix ===
# of expected passes 38801
# of unexpected successes 2
# of expected failures 123
# of untested testcases 28
# of unsupported tests 378
=== gcc Summary ===
# of expected passes 77724
# of unexpected successes 4
# of expected failures 235
# of untested testcases 56
# of unsupported tests 658
/builds/gcc/misc/gcc/xgcc version 4.2.0 20060215 (experimental)
=== gfortran tests ===
Running target unix/-m32
FAIL: gfortran.dg/gomp/appendix-a/a.11.6.f90 -O (test for excess errors)
FAIL: gfortran.dg/gomp/appendix-a/a.12.1.f90 -O (test for excess errors)
FAIL: gfortran.dg/gomp/appendix-a/a.13.1.f90 -O (test for excess errors)
FAIL: gfortran.dg/gomp/appendix-a/a.23.1.f90 -O (test for excess errors)
FAIL: gfortran.dg/gomp/appendix-a/a.23.2.f90 -O (test for excess errors)
FAIL: gfortran.dg/gomp/appendix-a/a.23.3.f90 -O (test for excess errors)
FAIL: gfortran.dg/gomp/appendix-a/a.23.4.f90 -O (test for excess errors)
FAIL: gfortran.dg/gomp/appendix-a/a.23.5.f90 -O (test for excess errors)
FAIL: gfortran.dg/gomp/appendix-a/a.24.1.f90 -O (test for errors, line 20)
FAIL: gfortran.dg/gomp/appendix-a/a.24.1.f90 -O (test for errors, line 14)
FAIL: gfortran.dg/gomp/appendix-a/a.24.1.f90 -O (test for errors, line 20)
FAIL: gfortran.dg/gomp/appendix-a/a.24.1.f90 -O (test for excess errors)
FAIL: gfortran.dg/gomp/appendix-a/a.25.1.f90 -O (test for excess errors)
FAIL: gfortran.dg/gomp/appendix-a/a.26.2.f90 -O (test for excess errors)
FAIL: gfortran.dg/gomp/appendix-a/a.27.1.f90 -O (test for excess errors)
FAIL: gfortran.dg/gomp/appendix-a/a.30.1.f90 -O (test for excess errors)
FAIL: gfortran.dg/gomp/appendix-a/a.31.1.f90 -O (test for excess errors)
FAIL: gfortran.dg/gomp/appendix-a/a.31.2.f90 -O (test for excess errors)
FAIL: gfortran.dg/gomp/appendix-a/a.34.1.f90 -O (test for excess errors)
FAIL: gfortran.dg/gomp/appendix-a/a.35.1.f90 -O (test for excess errors)
FAIL: gfortran.dg/gomp/appendix-a/a.36.1.f90 -O (test for excess errors)
FAIL: gfortran.dg/gomp/appendix-a/a.37.2.f90 -O (test for excess errors)
FAIL: gfortran.dg/gomp/appendix-a/a.7.1.f90 -O (test for excess errors)
FAIL: gfortran.dg/gomp/crayptr1.f90 -O (test for errors, line 13)
FAIL: gfortran.dg/gomp/crayptr1.f90 -O (test for errors, line 16)
FAIL: gfortran.dg/gomp/crayptr1.f90 -O (test for errors, line 19)
FAIL: gfortran.dg/gomp/crayptr1.f90 -O (test for errors, line 25)
FAIL: gfortran.dg/gomp/crayptr1.f90 -O (test for errors, line 39)
FAIL: gfortran.dg/gomp/crayptr1.f90 -O (test for errors, line 42)
FAIL: gfortran.dg/gomp/crayptr1.f90 -O (test for errors, line 48)
FAIL: gfortran.dg/gomp/crayptr1.f90 -O (test for excess errors)
FAIL: gfortran.dg/gomp/crayptr3.f90 -O (test for errors, line 19)
FAIL: gfortran.dg/gomp/crayptr3.f90 -O (test for errors, line 20)
FAIL: gfortran.dg/gomp/crayptr3.f90 -O (test for excess errors)
FAIL: gfortran.dg/gomp/crayptr4.f90 -O (test for excess errors)
FAIL: gfortran.dg/gomp/omp_clauses1.f90 -O (test for errors, line 11)
FAIL: gfortran.dg/gomp/omp_clauses1.f90 -O (test for errors, line 13)
FAIL: gfortran.dg/gomp/omp_clauses1.f90 -O (test for errors, line 15)
FAIL: gfortran.dg/gomp/omp_clauses1.f90 -O (test for errors, line 17)
FAIL: gfortran.dg/gomp/omp_clauses1.f90 -O (test for errors, line 19)
FAIL: gfortran.dg/gomp/omp_clauses1.f90 -O (test for errors, line 21)
FAIL: gfortran.dg/gomp/omp_clauses1.f90 -O (test for excess errors)
FAIL: gfortran.dg/gomp/omp_do1.f90 -O (test for errors, line 9)
FAIL: gfortran.dg/gomp/omp_do1.f90 -O (test for errors, line 14)
FAIL: gfortran.dg/gomp/omp_do1.f90 -O (test for errors, line 20)
FAIL: gfortran.dg/gomp/omp_do1.f90 -O (test for errors, line 23)
FAIL: gfortran.dg/gomp/omp_do1.f90 -O (test for warnings, line 27)
FAIL: gfortran.dg/gomp/omp_do1.f90 -O (test for warnings, line 31)
FAIL: gfortran.dg/gomp/omp_do1.f90 -O (test for errors, line 51)
FAIL: gfortran.dg/gomp/omp_do1.f90 -O (test for errors, line 27)
FAIL: gfortran.dg/gomp/omp_do1.f90 -O (test for errors, line 31)
FAIL: gfortran.dg/gomp/omp_do1.f90 -O (test for excess errors)
FAIL: gfortran.dg/gomp/sharing-1.f90 -O (test for errors, line 12)
FAIL: gfortran.dg/gomp/sharing-1.f90 -O (test for errors, line 24)
FAIL: gfortran.dg/gomp/sharing-1.f90 -O (test for errors, line 25)
FAIL: gfortran.dg/gomp/sharing-1.f90 -O (test for errors, line 26)
FAIL: gfortran.dg/gomp/sharing-1.f90 -O (test for excess errors)
FAIL: gfortran.dg/gomp/sharing-2.f90 -O (test for errors, line 12)
FAIL: gfortran.dg/gomp/sharing-2.f90 -O (test for errors, line 16)
FAIL: gfortran.dg/gomp/sharing-2.f90 -O (test for errors, line 57)
FAIL: gfortran.dg/gomp/sharing-2.f90 -O (test for errors, line 58)
FAIL: gfortran.dg/gomp/sharing-2.f90 -O (test for errors, line 64)
FAIL: gfortran.dg/gomp/sharing-2.f90 -O (test for errors, line 65)
FAIL: gfortran.dg/gomp/sharing-2.f90 -O (test for excess errors)
=== gfortran Summary for unix/-m32 ===
# of expected passes 11773
# of unexpected failures 64
# of expected failures 17
# of unsupported tests 16
Running target unix
FAIL: gfortran.dg/gomp/appendix-a/a.11.6.f90 -O (test for excess errors)
FAIL: gfortran.dg/gomp/appendix-a/a.12.1.f90 -O (test for excess errors)
FAIL: gfortran.dg/gomp/appendix-a/a.13.1.f90 -O (test for excess errors)
FAIL: gfortran.dg/gomp/appendix-a/a.23.1.f90 -O (test for excess errors)
FAIL: gfortran.dg/gomp/appendix-a/a.23.2.f90 -O (test for excess errors)
FAIL: gfortran.dg/gomp/appendix-a/a.23.3.f90 -O (test for excess errors)
FAIL: gfortran.dg/gomp/appendix-a/a.23.4.f90 -O (test for excess errors)
FAIL: gfortran.dg/gomp/appendix-a/a.23.5.f90 -O (test for excess errors)
FAIL: gfortran.dg/gomp/appendix-a/a.24.1.f90 -O (test for errors, line 20)
FAIL: gfortran.dg/gomp/appendix-a/a.24.1.f90 -O (test for errors, line 14)
FAIL: gfortran.dg/gomp/appendix-a/a.24.1.f90 -O (test for errors, line 20)
FAIL: gfortran.dg/gomp/appendix-a/a.24.1.f90 -O (test for excess errors)
FAIL: gfortran.dg/gomp/appendix-a/a.25.1.f90 -O (test for excess errors)
FAIL: gfortran.dg/gomp/appendix-a/a.26.2.f90 -O (test for excess errors)
FAIL: gfortran.dg/gomp/appendix-a/a.27.1.f90 -O (test for excess errors)
FAIL: gfortran.dg/gomp/appendix-a/a.30.1.f90 -O (test for excess errors)
FAIL: gfortran.dg/gomp/appendix-a/a.31.1.f90 -O (test for excess errors)
FAIL: gfortran.dg/gomp/appendix-a/a.31.2.f90 -O (test for excess errors)
FAIL: gfortran.dg/gomp/appendix-a/a.34.1.f90 -O (test for excess errors)
FAIL: gfortran.dg/gomp/appendix-a/a.35.1.f90 -O (test for excess errors)
FAIL: gfortran.dg/gomp/appendix-a/a.36.1.f90 -O (test for excess errors)
FAIL: gfortran.dg/gomp/appendix-a/a.37.2.f90 -O (test for excess errors)
FAIL: gfortran.dg/gomp/appendix-a/a.7.1.f90 -O (test for excess errors)
FAIL: gfortran.dg/gomp/crayptr1.f90 -O (test for errors, line 13)
FAIL: gfortran.dg/gomp/crayptr1.f90 -O (test for errors, line 16)
FAIL: gfortran.dg/gomp/crayptr1.f90 -O (test for errors, line 19)
FAIL: gfortran.dg/gomp/crayptr1.f90 -O (test for errors, line 25)
FAIL: gfortran.dg/gomp/crayptr1.f90 -O (test for errors, line 39)
FAIL: gfortran.dg/gomp/crayptr1.f90 -O (test for errors, line 42)
FAIL: gfortran.dg/gomp/crayptr1.f90 -O (test for errors, line 48)
FAIL: gfortran.dg/gomp/crayptr1.f90 -O (test for excess errors)
FAIL: gfortran.dg/gomp/crayptr3.f90 -O (test for errors, line 19)
FAIL: gfortran.dg/gomp/crayptr3.f90 -O (test for errors, line 20)
FAIL: gfortran.dg/gomp/crayptr3.f90 -O (test for excess errors)
FAIL: gfortran.dg/gomp/crayptr4.f90 -O (test for excess errors)
FAIL: gfortran.dg/gomp/omp_clauses1.f90 -O (test for errors, line 11)
FAIL: gfortran.dg/gomp/omp_clauses1.f90 -O (test for errors, line 13)
FAIL: gfortran.dg/gomp/omp_clauses1.f90 -O (test for errors, line 15)
FAIL: gfortran.dg/gomp/omp_clauses1.f90 -O (test for errors, line 17)
FAIL: gfortran.dg/gomp/omp_clauses1.f90 -O (test for errors, line 19)
FAIL: gfortran.dg/gomp/omp_clauses1.f90 -O (test for errors, line 21)
FAIL: gfortran.dg/gomp/omp_clauses1.f90 -O (test for excess errors)
FAIL: gfortran.dg/gomp/omp_do1.f90 -O (test for errors, line 9)
FAIL: gfortran.dg/gomp/omp_do1.f90 -O (test for errors, line 14)
FAIL: gfortran.dg/gomp/omp_do1.f90 -O (test for errors, line 20)
FAIL: gfortran.dg/gomp/omp_do1.f90 -O (test for errors, line 23)
FAIL: gfortran.dg/gomp/omp_do1.f90 -O (test for warnings, line 27)
FAIL: gfortran.dg/gomp/omp_do1.f90 -O (test for warnings, line 31)
FAIL: gfortran.dg/gomp/omp_do1.f90 -O (test for errors, line 51)
FAIL: gfortran.dg/gomp/omp_do1.f90 -O (test for errors, line 27)
FAIL: gfortran.dg/gomp/omp_do1.f90 -O (test for errors, line 31)
FAIL: gfortran.dg/gomp/omp_do1.f90 -O (test for excess errors)
FAIL: gfortran.dg/gomp/sharing-1.f90 -O (test for errors, line 12)
FAIL: gfortran.dg/gomp/sharing-1.f90 -O (test for errors, line 24)
FAIL: gfortran.dg/gomp/sharing-1.f90 -O (test for errors, line 25)
FAIL: gfortran.dg/gomp/sharing-1.f90 -O (test for errors, line 26)
FAIL: gfortran.dg/gomp/sharing-1.f90 -O (test for excess errors)
FAIL: gfortran.dg/gomp/sharing-2.f90 -O (test for errors, line 12)
FAIL: gfortran.dg/gomp/sharing-2.f90 -O (test for errors, line 16)
FAIL: gfortran.dg/gomp/sharing-2.f90 -O (test for errors, line 57)
FAIL: gfortran.dg/gomp/sharing-2.f90 -O (test for errors, line 58)
FAIL: gfortran.dg/gomp/sharing-2.f90 -O (test for errors, line 64)
FAIL: gfortran.dg/gomp/sharing-2.f90 -O (test for errors, line 65)
FAIL: gfortran.dg/gomp/sharing-2.f90 -O (test for excess errors)
=== gfortran Summary for unix ===
# of expected passes 11770
# of unexpected failures 64
# of expected failures 20
# of unsupported tests 16
=== gfortran Summary ===
# of expected passes 23543
# of unexpected failures 128
# of expected failures 37
# of unsupported tests 32
/builds/gcc/misc/gcc/testsuite/gfortran/../../gfortran version 4.2.0 20060215 (experimental)
=== g++ tests ===
Running target unix/-m32
FAIL: g++.dg/init/ctor4.C (test for excess errors)
FAIL: g++.dg/parse/register1.C (test for excess errors)
FAIL: g++.old-deja/g++.brendan/warnings4.C (test for excess errors)
FAIL: g++.old-deja/g++.jason/overload34.C (test for excess errors)
FAIL: g++.old-deja/g++.mike/p11110.C (test for excess errors)
XPASS: g++.old-deja/g++.other/init5.C execution test
=== g++ Summary for unix/-m32 ===
# of expected passes 12053
# of unexpected failures 5
# of unexpected successes 1
# of expected failures 65
# of unsupported tests 67
Running target unix
FAIL: g++.dg/init/ctor4.C (test for excess errors)
FAIL: g++.dg/parse/register1.C (test for excess errors)
FAIL: g++.old-deja/g++.brendan/warnings4.C (test for excess errors)
FAIL: g++.old-deja/g++.jason/overload34.C (test for excess errors)
FAIL: g++.old-deja/g++.mike/p11110.C (test for excess errors)
XPASS: g++.old-deja/g++.other/init5.C execution test
=== g++ Summary for unix ===
# of expected passes 11968
# of unexpected failures 5
# of unexpected successes 1
# of expected failures 65
# of unsupported tests 96
=== g++ Summary ===
# of expected passes 24021
# of unexpected failures 10
# of unexpected successes 2
# of expected failures 130
# of unsupported tests 163
/builds/gcc/misc/gcc/testsuite/g++/../../g++ version 4.2.0 20060215 (experimental)
=== objc tests ===
Running target unix/-m32
=== objc Summary for unix/-m32 ===
# of expected passes 1747
# of expected failures 7
# of unsupported tests 23
Running target unix
=== objc Summary for unix ===
# of expected passes 1747
# of expected failures 7
# of unsupported tests 23
=== objc Summary ===
# of expected passes 3494
# of expected failures 14
# of unsupported tests 46
/builds/gcc/misc/gcc/xgcc version 4.2.0 20060215 (experimental)
=== treelang tests ===
Running target unix/-m32
=== treelang Summary for unix/-m32 ===
# of expected passes 50
Running target unix
=== treelang Summary for unix ===
# of expected passes 50
=== treelang Summary ===
# of expected passes 100
=== libffi tests ===
Running target unix/-m32
=== libffi Summary for unix/-m32 ===
# of expected passes 228
# of unsupported tests 2
Running target unix
=== libffi Summary for unix ===
# of expected passes 228
# of unsupported tests 2
=== libffi Summary ===
# of expected passes 456
# of unsupported tests 4
=== libgomp tests ===
Running target unix/-m32
FAIL: libgomp.c/ordered-2.c (test for excess errors)
WARNING: libgomp.c/ordered-2.c compilation failed to produce executable
FAIL: libgomp.fortran/appendix-a/a.15.1.f90 -O (test for excess errors)
FAIL: libgomp.fortran/appendix-a/a.18.1.f90 -O0 (test for excess errors)
WARNING: libgomp.fortran/appendix-a/a.18.1.f90 -O0 compilation failed to produce executable
FAIL: libgomp.fortran/appendix-a/a.18.1.f90 -O1 (test for excess errors)
WARNING: libgomp.fortran/appendix-a/a.18.1.f90 -O1 compilation failed to produce executable
FAIL: libgomp.fortran/appendix-a/a.18.1.f90 -O2 (test for excess errors)
WARNING: libgomp.fortran/appendix-a/a.18.1.f90 -O2 compilation failed to produce executable
FAIL: libgomp.fortran/appendix-a/a.18.1.f90 -O3 -fomit-frame-pointer (test for excess errors)
WARNING: libgomp.fortran/appendix-a/a.18.1.f90 -O3 -fomit-frame-pointer compilation failed to produce executable
FAIL: libgomp.fortran/appendix-a/a.18.1.f90 -O3 -fomit-frame-pointer -funroll-loops (test for excess errors)
WARNING: libgomp.fortran/appendix-a/a.18.1.f90 -O3 -fomit-frame-pointer -funroll-loops compilation failed to produce executable
FAIL: libgomp.fortran/appendix-a/a.18.1.f90 -O3 -fomit-frame-pointer -funroll-all-loops -finline-functions (test for excess errors)
WARNING: libgomp.fortran/appendix-a/a.18.1.f90 -O3 -fomit-frame-pointer -funroll-all-loops -finline-functions compilation failed to produce executable
FAIL: libgomp.fortran/appendix-a/a.18.1.f90 -O3 -g (test for excess errors)
WARNING: libgomp.fortran/appendix-a/a.18.1.f90 -O3 -g compilation failed to produce executable
FAIL: libgomp.fortran/appendix-a/a.18.1.f90 -Os (test for excess errors)
WARNING: libgomp.fortran/appendix-a/a.18.1.f90 -Os compilation failed to produce executable
FAIL: libgomp.fortran/appendix-a/a.22.8.f90 -O0 (test for excess errors)
WARNING: libgomp.fortran/appendix-a/a.22.8.f90 -O0 compilation failed to produce executable
FAIL: libgomp.fortran/appendix-a/a.22.8.f90 -O1 (test for excess errors)
WARNING: libgomp.fortran/appendix-a/a.22.8.f90 -O1 compilation failed to produce executable
FAIL: libgomp.fortran/appendix-a/a.22.8.f90 -O2 (test for excess errors)
WARNING: libgomp.fortran/appendix-a/a.22.8.f90 -O2 compilation failed to produce executable
FAIL: libgomp.fortran/appendix-a/a.22.8.f90 -O3 -fomit-frame-pointer (test for excess errors)
WARNING: libgomp.fortran/appendix-a/a.22.8.f90 -O3 -fomit-frame-pointer compilation failed to produce executable
FAIL: libgomp.fortran/appendix-a/a.22.8.f90 -O3 -fomit-frame-pointer -funroll-loops (test for excess errors)
WARNING: libgomp.fortran/appendix-a/a.22.8.f90 -O3 -fomit-frame-pointer -funroll-loops compilation failed to produce executable
FAIL: libgomp.fortran/appendix-a/a.22.8.f90 -O3 -fomit-frame-pointer -funroll-all-loops -finline-functions (test for excess errors)
WARNING: libgomp.fortran/appendix-a/a.22.8.f90 -O3 -fomit-frame-pointer -funroll-all-loops -finline-functions compilation failed to produce executable
FAIL: libgomp.fortran/appendix-a/a.22.8.f90 -O3 -g (test for excess errors)
WARNING: libgomp.fortran/appendix-a/a.22.8.f90 -O3 -g compilation failed to produce executable
FAIL: libgomp.fortran/appendix-a/a.22.8.f90 -Os (test for excess errors)
WARNING: libgomp.fortran/appendix-a/a.22.8.f90 -Os compilation failed to produce executable
FAIL: libgomp.fortran/appendix-a/a.26.1.f90 -O0 (test for excess errors)
WARNING: libgomp.fortran/appendix-a/a.26.1.f90 -O0 compilation failed to produce executable
FAIL: libgomp.fortran/appendix-a/a.26.1.f90 -O1 (test for excess errors)
WARNING: libgomp.fortran/appendix-a/a.26.1.f90 -O1 compilation failed to produce executable
FAIL: libgomp.fortran/appendix-a/a.26.1.f90 -O2 (test for excess errors)
WARNING: libgomp.fortran/appendix-a/a.26.1.f90 -O2 compilation failed to produce executable
FAIL: libgomp.fortran/appendix-a/a.26.1.f90 -O3 -fomit-frame-pointer (test for excess errors)
WARNING: libgomp.fortran/appendix-a/a.26.1.f90 -O3 -fomit-frame-pointer compilation failed to produce executable
FAIL: libgomp.fortran/appendix-a/a.26.1.f90 -O3 -fomit-frame-pointer -funroll-loops (test for excess errors)
WARNING: libgomp.fortran/appendix-a/a.26.1.f90 -O3 -fomit-frame-pointer -funroll-loops compilation failed to produce executable
FAIL: libgomp.fortran/appendix-a/a.26.1.f90 -O3 -fomit-frame-pointer -funroll-all-loops -finline-functions (test for excess errors)
WARNING: libgomp.fortran/appendix-a/a.26.1.f90 -O3 -fomit-frame-pointer -funroll-all-loops -finline-functions compilation failed to produce executable
FAIL: libgomp.fortran/appendix-a/a.26.1.f90 -O3 -g (test for excess errors)
WARNING: libgomp.fortran/appendix-a/a.26.1.f90 -O3 -g compilation failed to produce executable
FAIL: libgomp.fortran/appendix-a/a.26.1.f90 -Os (test for excess errors)
WARNING: libgomp.fortran/appendix-a/a.26.1.f90 -Os compilation failed to produce executable
FAIL: libgomp.fortran/appendix-a/a.28.1.f90 -O0 (test for excess errors)
WARNING: libgomp.fortran/appendix-a/a.28.1.f90 -O0 compilation failed to produce executable
FAIL: libgomp.fortran/appendix-a/a.28.1.f90 -O1 (test for excess errors)
WARNING: libgomp.fortran/appendix-a/a.28.1.f90 -O1 compilation failed to produce executable
FAIL: libgomp.fortran/appendix-a/a.28.1.f90 -O2 (test for excess errors)
WARNING: libgomp.fortran/appendix-a/a.28.1.f90 -O2 compilation failed to produce executable
FAIL: libgomp.fortran/appendix-a/a.28.1.f90 -O3 -fomit-frame-pointer (test for excess errors)
WARNING: libgomp.fortran/appendix-a/a.28.1.f90 -O3 -fomit-frame-pointer compilation failed to produce executable
FAIL: libgomp.fortran/appendix-a/a.28.1.f90 -O3 -fomit-frame-pointer -funroll-loops (test for excess errors)
WARNING: libgomp.fortran/appendix-a/a.28.1.f90 -O3 -fomit-frame-pointer -funroll-loops compilation failed to produce executable
FAIL: libgomp.fortran/appendix-a/a.28.1.f90 -O3 -fomit-frame-pointer -funroll-all-loops -finline-functions (test for excess errors)
WARNING: libgomp.fortran/appendix-a/a.28.1.f90 -O3 -fomit-frame-pointer -funroll-all-loops -finline-functions compilation failed to produce executable
FAIL: libgomp.fortran/appendix-a/a.28.1.f90 -O3 -g (test for excess errors)
WARNING: libgomp.fortran/appendix-a/a.28.1.f90 -O3 -g compilation failed to produce executable
FAIL: libgomp.fortran/appendix-a/a.28.1.f90 -Os (test for excess errors)
WARNING: libgomp.fortran/appendix-a/a.28.1.f90 -Os compilation failed to produce executable
FAIL: libgomp.fortran/appendix-a/a.28.2.f90 -O0 (test for excess errors)
WARNING: libgomp.fortran/appendix-a/a.28.2.f90 -O0 compilation failed to produce executable
FAIL: libgomp.fortran/appendix-a/a.28.2.f90 -O1 (test for excess errors)
WARNING: libgomp.fortran/appendix-a/a.28.2.f90 -O1 compilation failed to produce executable
FAIL: libgomp.fortran/appendix-a/a.28.2.f90 -O2 (test for excess errors)
WARNING: libgomp.fortran/appendix-a/a.28.2.f90 -O2 compilation failed to produce executable
FAIL: libgomp.fortran/appendix-a/a.28.2.f90 -O3 -fomit-frame-pointer (test for excess errors)
WARNING: libgomp.fortran/appendix-a/a.28.2.f90 -O3 -fomit-frame-pointer compilation failed to produce executable
FAIL: libgomp.fortran/appendix-a/a.28.2.f90 -O3 -fomit-frame-pointer -funroll-loops (test for excess errors)
WARNING: libgomp.fortran/appendix-a/a.28.2.f90 -O3 -fomit-frame-pointer -funroll-loops compilation failed to produce executable
FAIL: libgomp.fortran/appendix-a/a.28.2.f90 -O3 -fomit-frame-pointer -funroll-all-loops -finline-functions (test for excess errors)
WARNING: libgomp.fortran/appendix-a/a.28.2.f90 -O3 -fomit-frame-pointer -funroll-all-loops -finline-functions compilation failed to produce executable
FAIL: libgomp.fortran/appendix-a/a.28.2.f90 -O3 -g (test for excess errors)
WARNING: libgomp.fortran/appendix-a/a.28.2.f90 -O3 -g compilation failed to produce executable
FAIL: libgomp.fortran/appendix-a/a.28.2.f90 -Os (test for excess errors)
WARNING: libgomp.fortran/appendix-a/a.28.2.f90 -Os compilation failed to produce executable
FAIL: libgomp.fortran/appendix-a/a.28.3.f90 -O0 (test for excess errors)
WARNING: libgomp.fortran/appendix-a/a.28.3.f90 -O0 compilation failed to produce executable
FAIL: libgomp.fortran/appendix-a/a.28.3.f90 -O1 (test for excess errors)
WARNING: libgomp.fortran/appendix-a/a.28.3.f90 -O1 compilation failed to produce executable
FAIL: libgomp.fortran/appendix-a/a.28.3.f90 -O2 (test for excess errors)
WARNING: libgomp.fortran/appendix-a/a.28.3.f90 -O2 compilation failed to produce executable
FAIL: libgomp.fortran/appendix-a/a.28.3.f90 -O3 -fomit-frame-pointer (test for excess errors)
WARNING: libgomp.fortran/appendix-a/a.28.3.f90 -O3 -fomit-frame-pointer compilation failed to produce executable
FAIL: libgomp.fortran/appendix-a/a.28.3.f90 -O3 -fomit-frame-pointer -funroll-loops (test for excess errors)
WARNING: libgomp.fortran/appendix-a/a.28.3.f90 -O3 -fomit-frame-pointer -funroll-loops compilation failed to produce executable
FAIL: libgomp.fortran/appendix-a/a.28.3.f90 -O3 -fomit-frame-pointer -funroll-all-loops -finline-functions (test for excess errors)
WARNING: libgomp.fortran/appendix-a/a.28.3.f90 -O3 -fomit-frame-pointer -funroll-all-loops -finline-functions compilation failed to produce executable
FAIL: libgomp.fortran/appendix-a/a.28.3.f90 -O3 -g (test for excess errors)
WARNING: libgomp.fortran/appendix-a/a.28.3.f90 -O3 -g compilation failed to produce executable
FAIL: libgomp.fortran/appendix-a/a.28.3.f90 -Os (test for excess errors)
WARNING: libgomp.fortran/appendix-a/a.28.3.f90 -Os compilation failed to produce executable
FAIL: libgomp.fortran/appendix-a/a.28.4.f90 -O0 (test for excess errors)
WARNING: libgomp.fortran/appendix-a/a.28.4.f90 -O0 compilation failed to produce executable
FAIL: libgomp.fortran/appendix-a/a.28.4.f90 -O1 (test for excess errors)
WARNING: libgomp.fortran/appendix-a/a.28.4.f90 -O1 compilation failed to produce executable
FAIL: libgomp.fortran/appendix-a/a.28.4.f90 -O2 (test for excess errors)
WARNING: libgomp.fortran/appendix-a/a.28.4.f90 -O2 compilation failed to produce executable
FAIL: libgomp.fortran/appendix-a/a.28.4.f90 -O3 -fomit-frame-pointer (test for excess errors)
WARNING: libgomp.fortran/appendix-a/a.28.4.f90 -O3 -fomit-frame-pointer compilation failed to produce executable
FAIL: libgomp.fortran/appendix-a/a.28.4.f90 -O3 -fomit-frame-pointer -funroll-loops (test for excess errors)
WARNING: libgomp.fortran/appendix-a/a.28.4.f90 -O3 -fomit-frame-pointer -funroll-loops compilation failed to produce executable
FAIL: libgomp.fortran/appendix-a/a.28.4.f90 -O3 -fomit-frame-pointer -funroll-all-loops -finline-functions (test for excess errors)
WARNING: libgomp.fortran/appendix-a/a.28.4.f90 -O3 -fomit-frame-pointer -funroll-all-loops -finline-functions compilation failed to produce executable
FAIL: libgomp.fortran/appendix-a/a.28.4.f90 -O3 -g (test for excess errors)
WARNING: libgomp.fortran/appendix-a/a.28.4.f90 -O3 -g compilation failed to produce executable
FAIL: libgomp.fortran/appendix-a/a.28.4.f90 -Os (test for excess errors)
WARNING: libgomp.fortran/appendix-a/a.28.4.f90 -Os compilation failed to produce executable
FAIL: libgomp.fortran/appendix-a/a.28.5.f90 -O (test for excess errors)
FAIL: libgomp.fortran/appendix-a/a.38.1.f90 -O (test for excess errors)
FAIL: libgomp.fortran/appendix-a/a.39.1.f90 -O0 (test for excess errors)
WARNING: libgomp.fortran/appendix-a/a.39.1.f90 -O0 compilation failed to produce executable
FAIL: libgomp.fortran/appendix-a/a.39.1.f90 -O1 (test for excess errors)
WARNING: libgomp.fortran/appendix-a/a.39.1.f90 -O1 compilation failed to produce executable
FAIL: libgomp.fortran/appendix-a/a.39.1.f90 -O2 (test for excess errors)
WARNING: libgomp.fortran/appendix-a/a.39.1.f90 -O2 compilation failed to produce executable
FAIL: libgomp.fortran/appendix-a/a.39.1.f90 -O3 -fomit-frame-pointer (test for excess errors)
WARNING: libgomp.fortran/appendix-a/a.39.1.f90 -O3 -fomit-frame-pointer compilation failed to produce executable
FAIL: libgomp.fortran/appendix-a/a.39.1.f90 -O3 -fomit-frame-pointer -funroll-loops (test for excess errors)
WARNING: libgomp.fortran/appendix-a/a.39.1.f90 -O3 -fomit-frame-pointer -funroll-loops compilation failed to produce executable
FAIL: libgomp.fortran/appendix-a/a.39.1.f90 -O3 -fomit-frame-pointer -funroll-all-loops -finline-functions (test for excess errors)
WARNING: libgomp.fortran/appendix-a/a.39.1.f90 -O3 -fomit-frame-pointer -funroll-all-loops -finline-functions compilation failed to produce executable
FAIL: libgomp.fortran/appendix-a/a.39.1.f90 -O3 -g (test for excess errors)
WARNING: libgomp.fortran/appendix-a/a.39.1.f90 -O3 -g compilation failed to produce executable
FAIL: libgomp.fortran/appendix-a/a.39.1.f90 -Os (test for excess errors)
WARNING: libgomp.fortran/appendix-a/a.39.1.f90 -Os compilation failed to produce executable
FAIL: libgomp.fortran/character1.f90 -O0 (test for excess errors)
WARNING: libgomp.fortran/character1.f90 -O0 compilation failed to produce executable
FAIL: libgomp.fortran/character1.f90 -O1 (test for excess errors)
WARNING: libgomp.fortran/character1.f90 -O1 compilation failed to produce executable
FAIL: libgomp.fortran/character1.f90 -O2 (test for excess errors)
WARNING: libgomp.fortran/character1.f90 -O2 compilation failed to produce executable
FAIL: libgomp.fortran/character1.f90 -O3 -fomit-frame-pointer (test for excess errors)
WARNING: libgomp.fortran/character1.f90 -O3 -fomit-frame-pointer compilation failed to produce executable
FAIL: libgomp.fortran/character1.f90 -O3 -fomit-frame-pointer -funroll-loops (test for excess errors)
WARNING: libgomp.fortran/character1.f90 -O3 -fomit-frame-pointer -funroll-loops compilation failed to produce executable
FAIL: libgomp.fortran/character1.f90 -O3 -fomit-frame-pointer -funroll-all-loops -finline-functions (test for excess errors)
WARNING: libgomp.fortran/character1.f90 -O3 -fomit-frame-pointer -funroll-all-loops -finline-functions compilation failed to produce executable
FAIL: libgomp.fortran/character1.f90 -O3 -g (test for excess errors)
WARNING: libgomp.fortran/character1.f90 -O3 -g compilation failed to produce executable
FAIL: libgomp.fortran/character1.f90 -Os (test for excess errors)
WARNING: libgomp.fortran/character1.f90 -Os compilation failed to produce executable
FAIL: libgomp.fortran/character2.f90 -O0 (test for excess errors)
WARNING: libgomp.fortran/character2.f90 -O0 compilation failed to produce executable
FAIL: libgomp.fortran/character2.f90 -O1 (test for excess errors)
WARNING: libgomp.fortran/character2.f90 -O1 compilation failed to produce executable
FAIL: libgomp.fortran/character2.f90 -O2 (test for excess errors)
WARNING: libgomp.fortran/character2.f90 -O2 compilation failed to produce executable
FAIL: libgomp.fortran/character2.f90 -O3 -fomit-frame-pointer (test for excess errors)
WARNING: libgomp.fortran/character2.f90 -O3 -fomit-frame-pointer compilation failed to produce executable
FAIL: libgomp.fortran/character2.f90 -O3 -fomit-frame-pointer -funroll-loops (test for excess errors)
WARNING: libgomp.fortran/character2.f90 -O3 -fomit-frame-pointer -funroll-loops compilation failed to produce executable
FAIL: libgomp.fortran/character2.f90 -O3 -fomit-frame-pointer -funroll-all-loops -finline-functions (test for excess errors)
WARNING: libgomp.fortran/character2.f90 -O3 -fomit-frame-pointer -funroll-all-loops -finline-functions compilation failed to produce executable
FAIL: libgomp.fortran/character2.f90 -O3 -g (test for excess errors)
WARNING: libgomp.fortran/character2.f90 -O3 -g compilation failed to produce executable
FAIL: libgomp.fortran/character2.f90 -Os (test for excess errors)
WARNING: libgomp.fortran/character2.f90 -Os compilation failed to produce executable
FAIL: libgomp.fortran/jacobi.f -O0 (test for excess errors)
WARNING: libgomp.fortran/jacobi.f -O0 compilation failed to produce executable
FAIL: libgomp.fortran/jacobi.f -O1 (test for excess errors)
WARNING: libgomp.fortran/jacobi.f -O1 compilation failed to produce executable
FAIL: libgomp.fortran/jacobi.f -O2 (test for excess errors)
WARNING: libgomp.fortran/jacobi.f -O2 compilation failed to produce executable
FAIL: libgomp.fortran/jacobi.f -O3 -fomit-frame-pointer (test for excess errors)
WARNING: libgomp.fortran/jacobi.f -O3 -fomit-frame-pointer compilation failed to produce executable
FAIL: libgomp.fortran/jacobi.f -O3 -fomit-frame-pointer -funroll-loops (test for excess errors)
WARNING: libgomp.fortran/jacobi.f -O3 -fomit-frame-pointer -funroll-loops compilation failed to produce executable
FAIL: libgomp.fortran/jacobi.f -O3 -fomit-frame-pointer -funroll-all-loops -finline-functions (test for excess errors)
WARNING: libgomp.fortran/jacobi.f -O3 -fomit-frame-pointer -funroll-all-loops -finline-functions compilation failed to produce executable
FAIL: libgomp.fortran/jacobi.f -O3 -g (test for excess errors)
WARNING: libgomp.fortran/jacobi.f -O3 -g compilation failed to produce executable
FAIL: libgomp.fortran/jacobi.f -Os (test for excess errors)
WARNING: libgomp.fortran/jacobi.f -Os compilation failed to produce executable
FAIL: libgomp.fortran/nestedfn1.f90 -O0 (test for excess errors)
WARNING: libgomp.fortran/nestedfn1.f90 -O0 compilation failed to produce executable
FAIL: libgomp.fortran/nestedfn1.f90 -O1 (test for excess errors)
WARNING: libgomp.fortran/nestedfn1.f90 -O1 compilation failed to produce executable
FAIL: libgomp.fortran/nestedfn1.f90 -O2 (test for excess errors)
WARNING: libgomp.fortran/nestedfn1.f90 -O2 compilation failed to produce executable
FAIL: libgomp.fortran/nestedfn1.f90 -O3 -fomit-frame-pointer (test for excess errors)
WARNING: libgomp.fortran/nestedfn1.f90 -O3 -fomit-frame-pointer compilation failed to produce executable
FAIL: libgomp.fortran/nestedfn1.f90 -O3 -fomit-frame-pointer -funroll-loops (test for excess errors)
WARNING: libgomp.fortran/nestedfn1.f90 -O3 -fomit-frame-pointer -funroll-loops compilation failed to produce executable
FAIL: libgomp.fortran/nestedfn1.f90 -O3 -fomit-frame-pointer -funroll-all-loops -finline-functions (test for excess errors)
WARNING: libgomp.fortran/nestedfn1.f90 -O3 -fomit-frame-pointer -funroll-all-loops -finline-functions compilation failed to produce executable
FAIL: libgomp.fortran/nestedfn1.f90 -O3 -g (test for excess errors)
WARNING: libgomp.fortran/nestedfn1.f90 -O3 -g compilation failed to produce executable
FAIL: libgomp.fortran/nestedfn1.f90 -Os (test for excess errors)
WARNING: libgomp.fortran/nestedfn1.f90 -Os compilation failed to produce executable
FAIL: libgomp.fortran/omp_hello.f -O (test for excess errors)
WARNING: libgomp.fortran/omp_hello.f -O compilation failed to produce executable
FAIL: libgomp.fortran/omp_parse1.f90 -O0 (test for excess errors)
WARNING: libgomp.fortran/omp_parse1.f90 -O0 compilation failed to produce executable
FAIL: libgomp.fortran/omp_parse1.f90 -O1 (test for excess errors)
WARNING: libgomp.fortran/omp_parse1.f90 -O1 compilation failed to produce executable
FAIL: libgomp.fortran/omp_parse1.f90 -O2 (test for excess errors)
WARNING: libgomp.fortran/omp_parse1.f90 -O2 compilation failed to produce executable
FAIL: libgomp.fortran/omp_parse1.f90 -O3 -fomit-frame-pointer (test for excess errors)
WARNING: libgomp.fortran/omp_parse1.f90 -O3 -fomit-frame-pointer compilation failed to produce executable
FAIL: libgomp.fortran/omp_parse1.f90 -O3 -fomit-frame-pointer -funroll-loops (test for excess errors)
WARNING: libgomp.fortran/omp_parse1.f90 -O3 -fomit-frame-pointer -funroll-loops compilation failed to produce executable
FAIL: libgomp.fortran/omp_parse1.f90 -O3 -fomit-frame-pointer -funroll-all-loops -finline-functions (test for excess errors)
WARNING: libgomp.fortran/omp_parse1.f90 -O3 -fomit-frame-pointer -funroll-all-loops -finline-functions compilation failed to produce executable
FAIL: libgomp.fortran/omp_parse1.f90 -O3 -g (test for excess errors)
WARNING: libgomp.fortran/omp_parse1.f90 -O3 -g compilation failed to produce executable
FAIL: libgomp.fortran/omp_parse1.f90 -Os (test for excess errors)
WARNING: libgomp.fortran/omp_parse1.f90 -Os compilation failed to produce executable
FAIL: libgomp.fortran/omp_parse3.f90 -O0 (test for excess errors)
WARNING: libgomp.fortran/omp_parse3.f90 -O0 compilation failed to produce executable
FAIL: libgomp.fortran/omp_parse3.f90 -O1 (test for excess errors)
WARNING: libgomp.fortran/omp_parse3.f90 -O1 compilation failed to produce executable
FAIL: libgomp.fortran/omp_parse3.f90 -O2 (test for excess errors)
WARNING: libgomp.fortran/omp_parse3.f90 -O2 compilation failed to produce executable
FAIL: libgomp.fortran/omp_parse3.f90 -O3 -fomit-frame-pointer (test for excess errors)
WARNING: libgomp.fortran/omp_parse3.f90 -O3 -fomit-frame-pointer compilation failed to produce executable
FAIL: libgomp.fortran/omp_parse3.f90 -O3 -fomit-frame-pointer -funroll-loops (test for excess errors)
WARNING: libgomp.fortran/omp_parse3.f90 -O3 -fomit-frame-pointer -funroll-loops compilation failed to produce executable
FAIL: libgomp.fortran/omp_parse3.f90 -O3 -fomit-frame-pointer -funroll-all-loops -finline-functions (test for excess errors)
WARNING: libgomp.fortran/omp_parse3.f90 -O3 -fomit-frame-pointer -funroll-all-loops -finline-functions compilation failed to produce executable
FAIL: libgomp.fortran/omp_parse3.f90 -O3 -g (test for excess errors)
WARNING: libgomp.fortran/omp_parse3.f90 -O3 -g compilation failed to produce executable
FAIL: libgomp.fortran/omp_parse3.f90 -Os (test for excess errors)
WARNING: libgomp.fortran/omp_parse3.f90 -Os compilation failed to produce executable
FAIL: libgomp.fortran/omp_parse4.f90 -O0 (test for excess errors)
WARNING: libgomp.fortran/omp_parse4.f90 -O0 compilation failed to produce executable
FAIL: libgomp.fortran/omp_parse4.f90 -O1 (test for excess errors)
WARNING: libgomp.fortran/omp_parse4.f90 -O1 compilation failed to produce executable
FAIL: libgomp.fortran/omp_parse4.f90 -O2 (test for excess errors)
WARNING: libgomp.fortran/omp_parse4.f90 -O2 compilation failed to produce executable
FAIL: libgomp.fortran/omp_parse4.f90 -O3 -fomit-frame-pointer (test for excess errors)
WARNING: libgomp.fortran/omp_parse4.f90 -O3 -fomit-frame-pointer compilation failed to produce executable
FAIL: libgomp.fortran/omp_parse4.f90 -O3 -fomit-frame-pointer -funroll-loops (test for excess errors)
WARNING: libgomp.fortran/omp_parse4.f90 -O3 -fomit-frame-pointer -funroll-loops compilation failed to produce executable
FAIL: libgomp.fortran/omp_parse4.f90 -O3 -fomit-frame-pointer -funroll-all-loops -finline-functions (test for excess errors)
WARNING: libgomp.fortran/omp_parse4.f90 -O3 -fomit-frame-pointer -funroll-all-loops -finline-functions compilation failed to produce executable
FAIL: libgomp.fortran/omp_parse4.f90 -O3 -g (test for excess errors)
WARNING: libgomp.fortran/omp_parse4.f90 -O3 -g compilation failed to produce executable
FAIL: libgomp.fortran/omp_parse4.f90 -Os (test for excess errors)
WARNING: libgomp.fortran/omp_parse4.f90 -Os compilation failed to produce executable
FAIL: libgomp.fortran/omp_workshare1.f -O (test for excess errors)
WARNING: libgomp.fortran/omp_workshare1.f -O compilation failed to produce executable
FAIL: libgomp.fortran/omp_workshare2.f -O (test for excess errors)
WARNING: libgomp.fortran/omp_workshare2.f -O compilation failed to produce executable
FAIL: libgomp.fortran/pr25219.f90 -O (test for excess errors)
WARNING: libgomp.fortran/pr25219.f90 -O compilation failed to produce executable
FAIL: libgomp.fortran/reduction1.f90 -O0 (test for excess errors)
WARNING: libgomp.fortran/reduction1.f90 -O0 compilation failed to produce executable
FAIL: libgomp.fortran/reduction1.f90 -O1 (test for excess errors)
WARNING: libgomp.fortran/reduction1.f90 -O1 compilation failed to produce executable
FAIL: libgomp.fortran/reduction1.f90 -O2 (test for excess errors)
WARNING: libgomp.fortran/reduction1.f90 -O2 compilation failed to produce executable
FAIL: libgomp.fortran/reduction1.f90 -O3 -fomit-frame-pointer (test for excess errors)
WARNING: libgomp.fortran/reduction1.f90 -O3 -fomit-frame-pointer compilation failed to produce executable
FAIL: libgomp.fortran/reduction1.f90 -O3 -fomit-frame-pointer -funroll-loops (test for excess errors)
WARNING: libgomp.fortran/reduction1.f90 -O3 -fomit-frame-pointer -funroll-loops compilation failed to produce executable
FAIL: libgomp.fortran/reduction1.f90 -O3 -fomit-frame-pointer -funroll-all-loops -finline-functions (test for excess errors)
WARNING: libgomp.fortran/reduction1.f90 -O3 -fomit-frame-pointer -funroll-all-loops -finline-functions compilation failed to produce executable
FAIL: libgomp.fortran/reduction1.f90 -O3 -g (test for excess errors)
WARNING: libgomp.fortran/reduction1.f90 -O3 -g compilation failed to produce executable
FAIL: libgomp.fortran/reduction1.f90 -Os (test for excess errors)
WARNING: libgomp.fortran/reduction1.f90 -Os compilation failed to produce executable
FAIL: libgomp.fortran/reduction2.f90 -O0 (test for excess errors)
WARNING: libgomp.fortran/reduction2.f90 -O0 compilation failed to produce executable
FAIL: libgomp.fortran/reduction2.f90 -O1 (test for excess errors)
WARNING: libgomp.fortran/reduction2.f90 -O1 compilation failed to produce executable
FAIL: libgomp.fortran/reduction2.f90 -O2 (test for excess errors)
WARNING: libgomp.fortran/reduction2.f90 -O2 compilation failed to produce executable
FAIL: libgomp.fortran/reduction2.f90 -O3 -fomit-frame-pointer (test for excess errors)
WARNING: libgomp.fortran/reduction2.f90 -O3 -fomit-frame-pointer compilation failed to produce executable
FAIL: libgomp.fortran/reduction2.f90 -O3 -fomit-frame-pointer -funroll-loops (test for excess errors)
WARNING: libgomp.fortran/reduction2.f90 -O3 -fomit-frame-pointer -funroll-loops compilation failed to produce executable
FAIL: libgomp.fortran/reduction2.f90 -O3 -fomit-frame-pointer -funroll-all-loops -finline-functions (test for excess errors)
WARNING: libgomp.fortran/reduction2.f90 -O3 -fomit-frame-pointer -funroll-all-loops -finline-functions compilation failed to produce executable
FAIL: libgomp.fortran/reduction2.f90 -O3 -g (test for excess errors)
WARNING: libgomp.fortran/reduction2.f90 -O3 -g compilation failed to produce executable
FAIL: libgomp.fortran/reduction2.f90 -Os (test for excess errors)
WARNING: libgomp.fortran/reduction2.f90 -Os compilation failed to produce executable
FAIL: libgomp.fortran/reduction3.f90 -O0 (test for excess errors)
WARNING: libgomp.fortran/reduction3.f90 -O0 compilation failed to produce executable
FAIL: libgomp.fortran/reduction3.f90 -O1 (test for excess errors)
WARNING: libgomp.fortran/reduction3.f90 -O1 compilation failed to produce executable
FAIL: libgomp.fortran/reduction3.f90 -O2 (test for excess errors)
WARNING: libgomp.fortran/reduction3.f90 -O2 compilation failed to produce executable
FAIL: libgomp.fortran/reduction3.f90 -O3 -fomit-frame-pointer (test for excess errors)
WARNING: libgomp.fortran/reduction3.f90 -O3 -fomit-frame-pointer compilation failed to produce executable
FAIL: libgomp.fortran/reduction3.f90 -O3 -fomit-frame-pointer -funroll-loops (test for excess errors)
WARNING: libgomp.fortran/reduction3.f90 -O3 -fomit-frame-pointer -funroll-loops compilation failed to produce executable
FAIL: libgomp.fortran/reduction3.f90 -O3 -fomit-frame-pointer -funroll-all-loops -finline-functions (test for excess errors)
WARNING: libgomp.fortran/reduction3.f90 -O3 -fomit-frame-pointer -funroll-all-loops -finline-functions compilation failed to produce executable
FAIL: libgomp.fortran/reduction3.f90 -O3 -g (test for excess errors)
WARNING: libgomp.fortran/reduction3.f90 -O3 -g compilation failed to produce executable
FAIL: libgomp.fortran/reduction3.f90 -Os (test for excess errors)
WARNING: libgomp.fortran/reduction3.f90 -Os compilation failed to produce executable
FAIL: libgomp.fortran/reduction4.f90 -O0 (test for excess errors)
WARNING: libgomp.fortran/reduction4.f90 -O0 compilation failed to produce executable
FAIL: libgomp.fortran/reduction4.f90 -O1 (test for excess errors)
WARNING: libgomp.fortran/reduction4.f90 -O1 compilation failed to produce executable
FAIL: libgomp.fortran/reduction4.f90 -O2 (test for excess errors)
WARNING: libgomp.fortran/reduction4.f90 -O2 compilation failed to produce executable
FAIL: libgomp.fortran/reduction4.f90 -O3 -fomit-frame-pointer (test for excess errors)
WARNING: libgomp.fortran/reduction4.f90 -O3 -fomit-frame-pointer compilation failed to produce executable
FAIL: libgomp.fortran/reduction4.f90 -O3 -fomit-frame-pointer -funroll-loops (test for excess errors)
WARNING: libgomp.fortran/reduction4.f90 -O3 -fomit-frame-pointer -funroll-loops compilation failed to produce executable
FAIL: libgomp.fortran/reduction4.f90 -O3 -fomit-frame-pointer -funroll-all-loops -finline-functions (test for excess errors)
WARNING: libgomp.fortran/reduction4.f90 -O3 -fomit-frame-pointer -funroll-all-loops -finline-functions compilation failed to produce executable
FAIL: libgomp.fortran/reduction4.f90 -O3 -g (test for excess errors)
WARNING: libgomp.fortran/reduction4.f90 -O3 -g compilation failed to produce executable
FAIL: libgomp.fortran/reduction4.f90 -Os (test for excess errors)
WARNING: libgomp.fortran/reduction4.f90 -Os compilation failed to produce executable
FAIL: libgomp.fortran/reference1.f90 -O0 (test for excess errors)
WARNING: libgomp.fortran/reference1.f90 -O0 compilation failed to produce executable
FAIL: libgomp.fortran/reference1.f90 -O1 (test for excess errors)
WARNING: libgomp.fortran/reference1.f90 -O1 compilation failed to produce executable
FAIL: libgomp.fortran/reference1.f90 -O2 (test for excess errors)
WARNING: libgomp.fortran/reference1.f90 -O2 compilation failed to produce executable
FAIL: libgomp.fortran/reference1.f90 -O3 -fomit-frame-pointer (test for excess errors)
WARNING: libgomp.fortran/reference1.f90 -O3 -fomit-frame-pointer compilation failed to produce executable
FAIL: libgomp.fortran/reference1.f90 -O3 -fomit-frame-pointer -funroll-loops (test for excess errors)
WARNING: libgomp.fortran/reference1.f90 -O3 -fomit-frame-pointer -funroll-loops compilation failed to produce executable
FAIL: libgomp.fortran/reference1.f90 -O3 -fomit-frame-pointer -funroll-all-loops -finline-functions (test for excess errors)
WARNING: libgomp.fortran/reference1.f90 -O3 -fomit-frame-pointer -funroll-all-loops -finline-functions compilation failed to produce executable
FAIL: libgomp.fortran/reference1.f90 -O3 -g (test for excess errors)
WARNING: libgomp.fortran/reference1.f90 -O3 -g compilation failed to produce executable
FAIL: libgomp.fortran/reference1.f90 -Os (test for excess errors)
WARNING: libgomp.fortran/reference1.f90 -Os compilation failed to produce executable
FAIL: libgomp.fortran/reference2.f90 -O0 (test for excess errors)
WARNING: libgomp.fortran/reference2.f90 -O0 compilation failed to produce executable
FAIL: libgomp.fortran/reference2.f90 -O1 (test for excess errors)
WARNING: libgomp.fortran/reference2.f90 -O1 compilation failed to produce executable
FAIL: libgomp.fortran/reference2.f90 -O2 (test for excess errors)
WARNING: libgomp.fortran/reference2.f90 -O2 compilation failed to produce executable
FAIL: libgomp.fortran/reference2.f90 -O3 -fomit-frame-pointer (test for excess errors)
WARNING: libgomp.fortran/reference2.f90 -O3 -fomit-frame-pointer compilation failed to produce executable
FAIL: libgomp.fortran/reference2.f90 -O3 -fomit-frame-pointer -funroll-loops (test for excess errors)
WARNING: libgomp.fortran/reference2.f90 -O3 -fomit-frame-pointer -funroll-loops compilation failed to produce executable
FAIL: libgomp.fortran/reference2.f90 -O3 -fomit-frame-pointer -funroll-all-loops -finline-functions (test for excess errors)
WARNING: libgomp.fortran/reference2.f90 -O3 -fomit-frame-pointer -funroll-all-loops -finline-functions compilation failed to produce executable
FAIL: libgomp.fortran/reference2.f90 -O3 -g (test for excess errors)
WARNING: libgomp.fortran/reference2.f90 -O3 -g compilation failed to produce executable
FAIL: libgomp.fortran/reference2.f90 -Os (test for excess errors)
WARNING: libgomp.fortran/reference2.f90 -Os compilation failed to produce executable
FAIL: libgomp.fortran/retval1.f90 -O0 (test for excess errors)
WARNING: libgomp.fortran/retval1.f90 -O0 compilation failed to produce executable
FAIL: libgomp.fortran/retval1.f90 -O1 (test for excess errors)
WARNING: libgomp.fortran/retval1.f90 -O1 compilation failed to produce executable
FAIL: libgomp.fortran/retval1.f90 -O2 (test for excess errors)
WARNING: libgomp.fortran/retval1.f90 -O2 compilation failed to produce executable
FAIL: libgomp.fortran/retval1.f90 -O3 -fomit-frame-pointer (test for excess errors)
WARNING: libgomp.fortran/retval1.f90 -O3 -fomit-frame-pointer compilation failed to produce executable
FAIL: libgomp.fortran/retval1.f90 -O3 -fomit-frame-pointer -funroll-loops (test for excess errors)
WARNING: libgomp.fortran/retval1.f90 -O3 -fomit-frame-pointer -funroll-loops compilation failed to produce executable
FAIL: libgomp.fortran/retval1.f90 -O3 -fomit-frame-pointer -funroll-all-loops -finline-functions (test for excess errors)
WARNING: libgomp.fortran/retval1.f90 -O3 -fomit-frame-pointer -funroll-all-loops -finline-functions compilation failed to produce executable
FAIL: libgomp.fortran/retval1.f90 -O3 -g (test for excess errors)
WARNING: libgomp.fortran/retval1.f90 -O3 -g compilation failed to produce executable
FAIL: libgomp.fortran/retval1.f90 -Os (test for excess errors)
WARNING: libgomp.fortran/retval1.f90 -Os compilation failed to produce executable
FAIL: libgomp.fortran/sharing1.f90 -O0 (test for excess errors)
WARNING: libgomp.fortran/sharing1.f90 -O0 compilation failed to produce executable
FAIL: libgomp.fortran/sharing1.f90 -O1 (test for excess errors)
WARNING: libgomp.fortran/sharing1.f90 -O1 compilation failed to produce executable
FAIL: libgomp.fortran/sharing1.f90 -O2 (test for excess errors)
WARNING: libgomp.fortran/sharing1.f90 -O2 compilation failed to produce executable
FAIL: libgomp.fortran/sharing1.f90 -O3 -fomit-frame-pointer (test for excess errors)
WARNING: libgomp.fortran/sharing1.f90 -O3 -fomit-frame-pointer compilation failed to produce executable
FAIL: libgomp.fortran/sharing1.f90 -O3 -fomit-frame-pointer -funroll-loops (test for excess errors)
WARNING: libgomp.fortran/sharing1.f90 -O3 -fomit-frame-pointer -funroll-loops compilation failed to produce executable
FAIL: libgomp.fortran/sharing1.f90 -O3 -fomit-frame-pointer -funroll-all-loops -finline-functions (test for excess errors)
WARNING: libgomp.fortran/sharing1.f90 -O3 -fomit-frame-pointer -funroll-all-loops -finline-functions compilation failed to produce executable
FAIL: libgomp.fortran/sharing1.f90 -O3 -g (test for excess errors)
WARNING: libgomp.fortran/sharing1.f90 -O3 -g compilation failed to produce executable
FAIL: libgomp.fortran/sharing1.f90 -Os (test for excess errors)
WARNING: libgomp.fortran/sharing1.f90 -Os compilation failed to produce executable
FAIL: libgomp.fortran/sharing2.f90 -O0 (test for excess errors)
WARNING: libgomp.fortran/sharing2.f90 -O0 compilation failed to produce executable
FAIL: libgomp.fortran/sharing2.f90 -O1 (test for excess errors)
WARNING: libgomp.fortran/sharing2.f90 -O1 compilation failed to produce executable
FAIL: libgomp.fortran/sharing2.f90 -O2 (test for excess errors)
WARNING: libgomp.fortran/sharing2.f90 -O2 compilation failed to produce executable
FAIL: libgomp.fortran/sharing2.f90 -O3 -fomit-frame-pointer (test for excess errors)
WARNING: libgomp.fortran/sharing2.f90 -O3 -fomit-frame-pointer compilation failed to produce executable
FAIL: libgomp.fortran/sharing2.f90 -O3 -fomit-frame-pointer -funroll-loops (test for excess errors)
WARNING: libgomp.fortran/sharing2.f90 -O3 -fomit-frame-pointer -funroll-loops compilation failed to produce executable
FAIL: libgomp.fortran/sharing2.f90 -O3 -fomit-frame-pointer -funroll-all-loops -finline-functions (test for excess errors)
WARNING: libgomp.fortran/sharing2.f90 -O3 -fomit-frame-pointer -funroll-all-loops -finline-functions compilation failed to produce executable
FAIL: libgomp.fortran/sharing2.f90 -O3 -g (test for excess errors)
WARNING: libgomp.fortran/sharing2.f90 -O3 -g compilation failed to produce executable
FAIL: libgomp.fortran/sharing2.f90 -Os (test for excess errors)
WARNING: libgomp.fortran/sharing2.f90 -Os compilation failed to produce executable
FAIL: libgomp.fortran/vla1.f90 -O0 (test for excess errors)
WARNING: libgomp.fortran/vla1.f90 -O0 compilation failed to produce executable
FAIL: libgomp.fortran/vla1.f90 -O1 (test for excess errors)
WARNING: libgomp.fortran/vla1.f90 -O1 compilation failed to produce executable
FAIL: libgomp.fortran/vla1.f90 -O2 (test for excess errors)
WARNING: libgomp.fortran/vla1.f90 -O2 compilation failed to produce executable
FAIL: libgomp.fortran/vla1.f90 -O3 -fomit-frame-pointer (test for excess errors)
WARNING: libgomp.fortran/vla1.f90 -O3 -fomit-frame-pointer compilation failed to produce executable
FAIL: libgomp.fortran/vla1.f90 -O3 -fomit-frame-pointer -funroll-loops (test for excess errors)
WARNING: libgomp.fortran/vla1.f90 -O3 -fomit-frame-pointer -funroll-loops compilation failed to produce executable
FAIL: libgomp.fortran/vla1.f90 -O3 -fomit-frame-pointer -funroll-all-loops -finline-functions (test for excess errors)
WARNING: libgomp.fortran/vla1.f90 -O3 -fomit-frame-pointer -funroll-all-loops -finline-functions compilation failed to produce executable
FAIL: libgomp.fortran/vla1.f90 -O3 -g (test for excess errors)
WARNING: libgomp.fortran/vla1.f90 -O3 -g compilation failed to produce executable
FAIL: libgomp.fortran/vla1.f90 -Os (test for excess errors)
WARNING: libgomp.fortran/vla1.f90 -Os compilation failed to produce executable
FAIL: libgomp.fortran/vla2.f90 -O0 (test for excess errors)
WARNING: libgomp.fortran/vla2.f90 -O0 compilation failed to produce executable
FAIL: libgomp.fortran/vla2.f90 -O1 (test for excess errors)
WARNING: libgomp.fortran/vla2.f90 -O1 compilation failed to produce executable
FAIL: libgomp.fortran/vla2.f90 -O2 (test for excess errors)
WARNING: libgomp.fortran/vla2.f90 -O2 compilation failed to produce executable
FAIL: libgomp.fortran/vla2.f90 -O3 -fomit-frame-pointer (test for excess errors)
WARNING: libgomp.fortran/vla2.f90 -O3 -fomit-frame-pointer compilation failed to produce executable
FAIL: libgomp.fortran/vla2.f90 -O3 -fomit-frame-pointer -funroll-loops (test for excess errors)
WARNING: libgomp.fortran/vla2.f90 -O3 -fomit-frame-pointer -funroll-loops compilation failed to produce executable
FAIL: libgomp.fortran/vla2.f90 -O3 -fomit-frame-pointer -funroll-all-loops -finline-functions (test for excess errors)
WARNING: libgomp.fortran/vla2.f90 -O3 -fomit-frame-pointer -funroll-all-loops -finline-functions compilation failed to produce executable
FAIL: libgomp.fortran/vla2.f90 -O3 -g (test for excess errors)
WARNING: libgomp.fortran/vla2.f90 -O3 -g compilation failed to produce executable
FAIL: libgomp.fortran/vla2.f90 -Os (test for excess errors)
WARNING: libgomp.fortran/vla2.f90 -Os compilation failed to produce executable
FAIL: libgomp.fortran/vla3.f90 -O0 (test for excess errors)
WARNING: libgomp.fortran/vla3.f90 -O0 compilation failed to produce executable
FAIL: libgomp.fortran/vla3.f90 -O1 (test for excess errors)
WARNING: libgomp.fortran/vla3.f90 -O1 compilation failed to produce executable
FAIL: libgomp.fortran/vla3.f90 -O2 (test for excess errors)
WARNING: libgomp.fortran/vla3.f90 -O2 compilation failed to produce executable
FAIL: libgomp.fortran/vla3.f90 -O3 -fomit-frame-pointer (test for excess errors)
WARNING: libgomp.fortran/vla3.f90 -O3 -fomit-frame-pointer compilation failed to produce executable
FAIL: libgomp.fortran/vla3.f90 -O3 -fomit-frame-pointer -funroll-loops (test for excess errors)
WARNING: libgomp.fortran/vla3.f90 -O3 -fomit-frame-pointer -funroll-loops compilation failed to produce executable
FAIL: libgomp.fortran/vla3.f90 -O3 -fomit-frame-pointer -funroll-all-loops -finline-functions (test for excess errors)
WARNING: libgomp.fortran/vla3.f90 -O3 -fomit-frame-pointer -funroll-all-loops -finline-functions compilation failed to produce executable
FAIL: libgomp.fortran/vla3.f90 -O3 -g (test for excess errors)
WARNING: libgomp.fortran/vla3.f90 -O3 -g compilation failed to produce executable
FAIL: libgomp.fortran/vla3.f90 -Os (test for excess errors)
WARNING: libgomp.fortran/vla3.f90 -Os compilation failed to produce executable
FAIL: libgomp.fortran/vla4.f90 -O0 (test for excess errors)
WARNING: libgomp.fortran/vla4.f90 -O0 compilation failed to produce executable
FAIL: libgomp.fortran/vla4.f90 -O1 (test for excess errors)
WARNING: libgomp.fortran/vla4.f90 -O1 compilation failed to produce executable
FAIL: libgomp.fortran/vla4.f90 -O2 (test for excess errors)
WARNING: libgomp.fortran/vla4.f90 -O2 compilation failed to produce executable
FAIL: libgomp.fortran/vla4.f90 -O3 -fomit-frame-pointer (test for excess errors)
WARNING: libgomp.fortran/vla4.f90 -O3 -fomit-frame-pointer compilation failed to produce executable
FAIL: libgomp.fortran/vla4.f90 -O3 -fomit-frame-pointer -funroll-loops (test for excess errors)
WARNING: libgomp.fortran/vla4.f90 -O3 -fomit-frame-pointer -funroll-loops compilation failed to produce executable
FAIL: libgomp.fortran/vla4.f90 -O3 -fomit-frame-pointer -funroll-all-loops -finline-functions (test for excess errors)
WARNING: libgomp.fortran/vla4.f90 -O3 -fomit-frame-pointer -funroll-all-loops -finline-functions compilation failed to produce executable
FAIL: libgomp.fortran/vla4.f90 -O3 -g (test for excess errors)
WARNING: libgomp.fortran/vla4.f90 -O3 -g compilation failed to produce executable
FAIL: libgomp.fortran/vla4.f90 -Os (test for excess errors)
WARNING: libgomp.fortran/vla4.f90 -Os compilation failed to produce executable
FAIL: libgomp.fortran/vla5.f90 -O0 (test for excess errors)
WARNING: libgomp.fortran/vla5.f90 -O0 compilation failed to produce executable
FAIL: libgomp.fortran/vla5.f90 -O1 (test for excess errors)
WARNING: libgomp.fortran/vla5.f90 -O1 compilation failed to produce executable
FAIL: libgomp.fortran/vla5.f90 -O2 (test for excess errors)
WARNING: libgomp.fortran/vla5.f90 -O2 compilation failed to produce executable
FAIL: libgomp.fortran/vla5.f90 -O3 -fomit-frame-pointer (test for excess errors)
WARNING: libgomp.fortran/vla5.f90 -O3 -fomit-frame-pointer compilation failed to produce executable
FAIL: libgomp.fortran/vla5.f90 -O3 -fomit-frame-pointer -funroll-loops (test for excess errors)
WARNING: libgomp.fortran/vla5.f90 -O3 -fomit-frame-pointer -funroll-loops compilation failed to produce executable
FAIL: libgomp.fortran/vla5.f90 -O3 -fomit-frame-pointer -funroll-all-loops -finline-functions (test for excess errors)
WARNING: libgomp.fortran/vla5.f90 -O3 -fomit-frame-pointer -funroll-all-loops -finline-functions compilation failed to produce executable
FAIL: libgomp.fortran/vla5.f90 -O3 -g (test for excess errors)
WARNING: libgomp.fortran/vla5.f90 -O3 -g compilation failed to produce executable
FAIL: libgomp.fortran/vla5.f90 -Os (test for excess errors)
WARNING: libgomp.fortran/vla5.f90 -Os compilation failed to produce executable
FAIL: libgomp.fortran/vla6.f90 -O0 (test for excess errors)
WARNING: libgomp.fortran/vla6.f90 -O0 compilation failed to produce executable
FAIL: libgomp.fortran/vla6.f90 -O1 (test for excess errors)
WARNING: libgomp.fortran/vla6.f90 -O1 compilation failed to produce executable
FAIL: libgomp.fortran/vla6.f90 -O2 (test for excess errors)
WARNING: libgomp.fortran/vla6.f90 -O2 compilation failed to produce executable
FAIL: libgomp.fortran/vla6.f90 -O3 -fomit-frame-pointer (test for excess errors)
WARNING: libgomp.fortran/vla6.f90 -O3 -fomit-frame-pointer compilation failed to produce executable
FAIL: libgomp.fortran/vla6.f90 -O3 -fomit-frame-pointer -funroll-loops (test for excess errors)
WARNING: libgomp.fortran/vla6.f90 -O3 -fomit-frame-pointer -funroll-loops compilation failed to produce executable
FAIL: libgomp.fortran/vla6.f90 -O3 -fomit-frame-pointer -funroll-all-loops -finline-functions (test for excess errors)
WARNING: libgomp.fortran/vla6.f90 -O3 -fomit-frame-pointer -funroll-all-loops -finline-functions compilation failed to produce executable
FAIL: libgomp.fortran/vla6.f90 -O3 -g (test for excess errors)
WARNING: libgomp.fortran/vla6.f90 -O3 -g compilation failed to produce executable
FAIL: libgomp.fortran/vla6.f90 -Os (test for excess errors)
WARNING: libgomp.fortran/vla6.f90 -Os compilation failed to produce executable
FAIL: libgomp.fortran/vla7.f90 -O0 (test for excess errors)
WARNING: libgomp.fortran/vla7.f90 -O0 compilation failed to produce executable
FAIL: libgomp.fortran/vla7.f90 -O1 (test for excess errors)
WARNING: libgomp.fortran/vla7.f90 -O1 compilation failed to produce executable
FAIL: libgomp.fortran/vla7.f90 -O2 (test for excess errors)
WARNING: libgomp.fortran/vla7.f90 -O2 compilation failed to produce executable
FAIL: libgomp.fortran/vla7.f90 -O3 -fomit-frame-pointer (test for excess errors)
WARNING: libgomp.fortran/vla7.f90 -O3 -fomit-frame-pointer compilation failed to produce executable
FAIL: libgomp.fortran/vla7.f90 -O3 -fomit-frame-pointer -funroll-loops (test for excess errors)
WARNING: libgomp.fortran/vla7.f90 -O3 -fomit-frame-pointer -funroll-loops compilation failed to produce executable
FAIL: libgomp.fortran/vla7.f90 -O3 -fomit-frame-pointer -funroll-all-loops -finline-functions (test for excess errors)
WARNING: libgomp.fortran/vla7.f90 -O3 -fomit-frame-pointer -funroll-all-loops -finline-functions compilation failed to produce executable
FAIL: libgomp.fortran/vla7.f90 -O3 -g (test for excess errors)
WARNING: libgomp.fortran/vla7.f90 -O3 -g compilation failed to produce executable
FAIL: libgomp.fortran/vla7.f90 -Os (test for excess errors)
WARNING: libgomp.fortran/vla7.f90 -Os compilation failed to produce executable
=== libgomp Summary for unix/-m32 ===
# of expected passes 562
# of unexpected failures 256
Running target unix
FAIL: libgomp.fortran/appendix-a/a.15.1.f90 -O (test for excess errors)
FAIL: libgomp.fortran/appendix-a/a.18.1.f90 -O0 (test for excess errors)
WARNING: libgomp.fortran/appendix-a/a.18.1.f90 -O0 compilation failed to produce executable
FAIL: libgomp.fortran/appendix-a/a.18.1.f90 -O1 (test for excess errors)
WARNING: libgomp.fortran/appendix-a/a.18.1.f90 -O1 compilation failed to produce executable
FAIL: libgomp.fortran/appendix-a/a.18.1.f90 -O2 (test for excess errors)
WARNING: libgomp.fortran/appendix-a/a.18.1.f90 -O2 compilation failed to produce executable
FAIL: libgomp.fortran/appendix-a/a.18.1.f90 -O3 -fomit-frame-pointer (test for excess errors)
WARNING: libgomp.fortran/appendix-a/a.18.1.f90 -O3 -fomit-frame-pointer compilation failed to produce executable
FAIL: libgomp.fortran/appendix-a/a.18.1.f90 -O3 -fomit-frame-pointer -funroll-loops (test for excess errors)
WARNING: libgomp.fortran/appendix-a/a.18.1.f90 -O3 -fomit-frame-pointer -funroll-loops compilation failed to produce executable
FAIL: libgomp.fortran/appendix-a/a.18.1.f90 -O3 -fomit-frame-pointer -funroll-all-loops -finline-functions (test for excess errors)
WARNING: libgomp.fortran/appendix-a/a.18.1.f90 -O3 -fomit-frame-pointer -funroll-all-loops -finline-functions compilation failed to produce executable
FAIL: libgomp.fortran/appendix-a/a.18.1.f90 -O3 -g (test for excess errors)
WARNING: libgomp.fortran/appendix-a/a.18.1.f90 -O3 -g compilation failed to produce executable
FAIL: libgomp.fortran/appendix-a/a.18.1.f90 -Os (test for excess errors)
WARNING: libgomp.fortran/appendix-a/a.18.1.f90 -Os compilation failed to produce executable
FAIL: libgomp.fortran/appendix-a/a.22.8.f90 -O0 (test for excess errors)
WARNING: libgomp.fortran/appendix-a/a.22.8.f90 -O0 compilation failed to produce executable
FAIL: libgomp.fortran/appendix-a/a.22.8.f90 -O1 (test for excess errors)
WARNING: libgomp.fortran/appendix-a/a.22.8.f90 -O1 compilation failed to produce executable
FAIL: libgomp.fortran/appendix-a/a.22.8.f90 -O2 (test for excess errors)
WARNING: libgomp.fortran/appendix-a/a.22.8.f90 -O2 compilation failed to produce executable
FAIL: libgomp.fortran/appendix-a/a.22.8.f90 -O3 -fomit-frame-pointer (test for excess errors)
WARNING: libgomp.fortran/appendix-a/a.22.8.f90 -O3 -fomit-frame-pointer compilation failed to produce executable
FAIL: libgomp.fortran/appendix-a/a.22.8.f90 -O3 -fomit-frame-pointer -funroll-loops (test for excess errors)
WARNING: libgomp.fortran/appendix-a/a.22.8.f90 -O3 -fomit-frame-pointer -funroll-loops compilation failed to produce executable
FAIL: libgomp.fortran/appendix-a/a.22.8.f90 -O3 -fomit-frame-pointer -funroll-all-loops -finline-functions (test for excess errors)
WARNING: libgomp.fortran/appendix-a/a.22.8.f90 -O3 -fomit-frame-pointer -funroll-all-loops -finline-functions compilation failed to produce executable
FAIL: libgomp.fortran/appendix-a/a.22.8.f90 -O3 -g (test for excess errors)
WARNING: libgomp.fortran/appendix-a/a.22.8.f90 -O3 -g compilation failed to produce executable
FAIL: libgomp.fortran/appendix-a/a.22.8.f90 -Os (test for excess errors)
WARNING: libgomp.fortran/appendix-a/a.22.8.f90 -Os compilation failed to produce executable
FAIL: libgomp.fortran/appendix-a/a.26.1.f90 -O0 (test for excess errors)
WARNING: libgomp.fortran/appendix-a/a.26.1.f90 -O0 compilation failed to produce executable
FAIL: libgomp.fortran/appendix-a/a.26.1.f90 -O1 (test for excess errors)
WARNING: libgomp.fortran/appendix-a/a.26.1.f90 -O1 compilation failed to produce executable
FAIL: libgomp.fortran/appendix-a/a.26.1.f90 -O2 (test for excess errors)
WARNING: libgomp.fortran/appendix-a/a.26.1.f90 -O2 compilation failed to produce executable
FAIL: libgomp.fortran/appendix-a/a.26.1.f90 -O3 -fomit-frame-pointer (test for excess errors)
WARNING: libgomp.fortran/appendix-a/a.26.1.f90 -O3 -fomit-frame-pointer compilation failed to produce executable
FAIL: libgomp.fortran/appendix-a/a.26.1.f90 -O3 -fomit-frame-pointer -funroll-loops (test for excess errors)
WARNING: libgomp.fortran/appendix-a/a.26.1.f90 -O3 -fomit-frame-pointer -funroll-loops compilation failed to produce executable
FAIL: libgomp.fortran/appendix-a/a.26.1.f90 -O3 -fomit-frame-pointer -funroll-all-loops -finline-functions (test for excess errors)
WARNING: libgomp.fortran/appendix-a/a.26.1.f90 -O3 -fomit-frame-pointer -funroll-all-loops -finline-functions compilation failed to produce executable
FAIL: libgomp.fortran/appendix-a/a.26.1.f90 -O3 -g (test for excess errors)
WARNING: libgomp.fortran/appendix-a/a.26.1.f90 -O3 -g compilation failed to produce executable
FAIL: libgomp.fortran/appendix-a/a.26.1.f90 -Os (test for excess errors)
WARNING: libgomp.fortran/appendix-a/a.26.1.f90 -Os compilation failed to produce executable
FAIL: libgomp.fortran/appendix-a/a.28.1.f90 -O0 (test for excess errors)
WARNING: libgomp.fortran/appendix-a/a.28.1.f90 -O0 compilation failed to produce executable
FAIL: libgomp.fortran/appendix-a/a.28.1.f90 -O1 (test for excess errors)
WARNING: libgomp.fortran/appendix-a/a.28.1.f90 -O1 compilation failed to produce executable
FAIL: libgomp.fortran/appendix-a/a.28.1.f90 -O2 (test for excess errors)
WARNING: libgomp.fortran/appendix-a/a.28.1.f90 -O2 compilation failed to produce executable
FAIL: libgomp.fortran/appendix-a/a.28.1.f90 -O3 -fomit-frame-pointer (test for excess errors)
WARNING: libgomp.fortran/appendix-a/a.28.1.f90 -O3 -fomit-frame-pointer compilation failed to produce executable
FAIL: libgomp.fortran/appendix-a/a.28.1.f90 -O3 -fomit-frame-pointer -funroll-loops (test for excess errors)
WARNING: libgomp.fortran/appendix-a/a.28.1.f90 -O3 -fomit-frame-pointer -funroll-loops compilation failed to produce executable
FAIL: libgomp.fortran/appendix-a/a.28.1.f90 -O3 -fomit-frame-pointer -funroll-all-loops -finline-functions (test for excess errors)
WARNING: libgomp.fortran/appendix-a/a.28.1.f90 -O3 -fomit-frame-pointer -funroll-all-loops -finline-functions compilation failed to produce executable
FAIL: libgomp.fortran/appendix-a/a.28.1.f90 -O3 -g (test for excess errors)
WARNING: libgomp.fortran/appendix-a/a.28.1.f90 -O3 -g compilation failed to produce executable
FAIL: libgomp.fortran/appendix-a/a.28.1.f90 -Os (test for excess errors)
WARNING: libgomp.fortran/appendix-a/a.28.1.f90 -Os compilation failed to produce executable
FAIL: libgomp.fortran/appendix-a/a.28.2.f90 -O0 (test for excess errors)
WARNING: libgomp.fortran/appendix-a/a.28.2.f90 -O0 compilation failed to produce executable
FAIL: libgomp.fortran/appendix-a/a.28.2.f90 -O1 (test for excess errors)
WARNING: libgomp.fortran/appendix-a/a.28.2.f90 -O1 compilation failed to produce executable
FAIL: libgomp.fortran/appendix-a/a.28.2.f90 -O2 (test for excess errors)
WARNING: libgomp.fortran/appendix-a/a.28.2.f90 -O2 compilation failed to produce executable
FAIL: libgomp.fortran/appendix-a/a.28.2.f90 -O3 -fomit-frame-pointer (test for excess errors)
WARNING: libgomp.fortran/appendix-a/a.28.2.f90 -O3 -fomit-frame-pointer compilation failed to produce executable
FAIL: libgomp.fortran/appendix-a/a.28.2.f90 -O3 -fomit-frame-pointer -funroll-loops (test for excess errors)
WARNING: libgomp.fortran/appendix-a/a.28.2.f90 -O3 -fomit-frame-pointer -funroll-loops compilation failed to produce executable
FAIL: libgomp.fortran/appendix-a/a.28.2.f90 -O3 -fomit-frame-pointer -funroll-all-loops -finline-functions (test for excess errors)
WARNING: libgomp.fortran/appendix-a/a.28.2.f90 -O3 -fomit-frame-pointer -funroll-all-loops -finline-functions compilation failed to produce executable
FAIL: libgomp.fortran/appendix-a/a.28.2.f90 -O3 -g (test for excess errors)
WARNING: libgomp.fortran/appendix-a/a.28.2.f90 -O3 -g compilation failed to produce executable
FAIL: libgomp.fortran/appendix-a/a.28.2.f90 -Os (test for excess errors)
WARNING: libgomp.fortran/appendix-a/a.28.2.f90 -Os compilation failed to produce executable
FAIL: libgomp.fortran/appendix-a/a.28.3.f90 -O0 (test for excess errors)
WARNING: libgomp.fortran/appendix-a/a.28.3.f90 -O0 compilation failed to produce executable
FAIL: libgomp.fortran/appendix-a/a.28.3.f90 -O1 (test for excess errors)
WARNING: libgomp.fortran/appendix-a/a.28.3.f90 -O1 compilation failed to produce executable
FAIL: libgomp.fortran/appendix-a/a.28.3.f90 -O2 (test for excess errors)
WARNING: libgomp.fortran/appendix-a/a.28.3.f90 -O2 compilation failed to produce executable
FAIL: libgomp.fortran/appendix-a/a.28.3.f90 -O3 -fomit-frame-pointer (test for excess errors)
WARNING: libgomp.fortran/appendix-a/a.28.3.f90 -O3 -fomit-frame-pointer compilation failed to produce executable
FAIL: libgomp.fortran/appendix-a/a.28.3.f90 -O3 -fomit-frame-pointer -funroll-loops (test for excess errors)
WARNING: libgomp.fortran/appendix-a/a.28.3.f90 -O3 -fomit-frame-pointer -funroll-loops compilation failed to produce executable
FAIL: libgomp.fortran/appendix-a/a.28.3.f90 -O3 -fomit-frame-pointer -funroll-all-loops -finline-functions (test for excess errors)
WARNING: libgomp.fortran/appendix-a/a.28.3.f90 -O3 -fomit-frame-pointer -funroll-all-loops -finline-functions compilation failed to produce executable
FAIL: libgomp.fortran/appendix-a/a.28.3.f90 -O3 -g (test for excess errors)
WARNING: libgomp.fortran/appendix-a/a.28.3.f90 -O3 -g compilation failed to produce executable
FAIL: libgomp.fortran/appendix-a/a.28.3.f90 -Os (test for excess errors)
WARNING: libgomp.fortran/appendix-a/a.28.3.f90 -Os compilation failed to produce executable
FAIL: libgomp.fortran/appendix-a/a.28.4.f90 -O0 (test for excess errors)
WARNING: libgomp.fortran/appendix-a/a.28.4.f90 -O0 compilation failed to produce executable
FAIL: libgomp.fortran/appendix-a/a.28.4.f90 -O1 (test for excess errors)
WARNING: libgomp.fortran/appendix-a/a.28.4.f90 -O1 compilation failed to produce executable
FAIL: libgomp.fortran/appendix-a/a.28.4.f90 -O2 (test for excess errors)
WARNING: libgomp.fortran/appendix-a/a.28.4.f90 -O2 compilation failed to produce executable
FAIL: libgomp.fortran/appendix-a/a.28.4.f90 -O3 -fomit-frame-pointer (test for excess errors)
WARNING: libgomp.fortran/appendix-a/a.28.4.f90 -O3 -fomit-frame-pointer compilation failed to produce executable
FAIL: libgomp.fortran/appendix-a/a.28.4.f90 -O3 -fomit-frame-pointer -funroll-loops (test for excess errors)
WARNING: libgomp.fortran/appendix-a/a.28.4.f90 -O3 -fomit-frame-pointer -funroll-loops compilation failed to produce executable
FAIL: libgomp.fortran/appendix-a/a.28.4.f90 -O3 -fomit-frame-pointer -funroll-all-loops -finline-functions (test for excess errors)
WARNING: libgomp.fortran/appendix-a/a.28.4.f90 -O3 -fomit-frame-pointer -funroll-all-loops -finline-functions compilation failed to produce executable
FAIL: libgomp.fortran/appendix-a/a.28.4.f90 -O3 -g (test for excess errors)
WARNING: libgomp.fortran/appendix-a/a.28.4.f90 -O3 -g compilation failed to produce executable
FAIL: libgomp.fortran/appendix-a/a.28.4.f90 -Os (test for excess errors)
WARNING: libgomp.fortran/appendix-a/a.28.4.f90 -Os compilation failed to produce executable
FAIL: libgomp.fortran/appendix-a/a.28.5.f90 -O (test for excess errors)
FAIL: libgomp.fortran/appendix-a/a.38.1.f90 -O (test for excess errors)
FAIL: libgomp.fortran/appendix-a/a.39.1.f90 -O0 (test for excess errors)
WARNING: libgomp.fortran/appendix-a/a.39.1.f90 -O0 compilation failed to produce executable
FAIL: libgomp.fortran/appendix-a/a.39.1.f90 -O1 (test for excess errors)
WARNING: libgomp.fortran/appendix-a/a.39.1.f90 -O1 compilation failed to produce executable
FAIL: libgomp.fortran/appendix-a/a.39.1.f90 -O2 (test for excess errors)
WARNING: libgomp.fortran/appendix-a/a.39.1.f90 -O2 compilation failed to produce executable
FAIL: libgomp.fortran/appendix-a/a.39.1.f90 -O3 -fomit-frame-pointer (test for excess errors)
WARNING: libgomp.fortran/appendix-a/a.39.1.f90 -O3 -fomit-frame-pointer compilation failed to produce executable
FAIL: libgomp.fortran/appendix-a/a.39.1.f90 -O3 -fomit-frame-pointer -funroll-loops (test for excess errors)
WARNING: libgomp.fortran/appendix-a/a.39.1.f90 -O3 -fomit-frame-pointer -funroll-loops compilation failed to produce executable
FAIL: libgomp.fortran/appendix-a/a.39.1.f90 -O3 -fomit-frame-pointer -funroll-all-loops -finline-functions (test for excess errors)
WARNING: libgomp.fortran/appendix-a/a.39.1.f90 -O3 -fomit-frame-pointer -funroll-all-loops -finline-functions compilation failed to produce executable
FAIL: libgomp.fortran/appendix-a/a.39.1.f90 -O3 -g (test for excess errors)
WARNING: libgomp.fortran/appendix-a/a.39.1.f90 -O3 -g compilation failed to produce executable
FAIL: libgomp.fortran/appendix-a/a.39.1.f90 -Os (test for excess errors)
WARNING: libgomp.fortran/appendix-a/a.39.1.f90 -Os compilation failed to produce executable
FAIL: libgomp.fortran/character1.f90 -O0 (test for excess errors)
WARNING: libgomp.fortran/character1.f90 -O0 compilation failed to produce executable
FAIL: libgomp.fortran/character1.f90 -O1 (test for excess errors)
WARNING: libgomp.fortran/character1.f90 -O1 compilation failed to produce executable
FAIL: libgomp.fortran/character1.f90 -O2 (test for excess errors)
WARNING: libgomp.fortran/character1.f90 -O2 compilation failed to produce executable
FAIL: libgomp.fortran/character1.f90 -O3 -fomit-frame-pointer (test for excess errors)
WARNING: libgomp.fortran/character1.f90 -O3 -fomit-frame-pointer compilation failed to produce executable
FAIL: libgomp.fortran/character1.f90 -O3 -fomit-frame-pointer -funroll-loops (test for excess errors)
WARNING: libgomp.fortran/character1.f90 -O3 -fomit-frame-pointer -funroll-loops compilation failed to produce executable
FAIL: libgomp.fortran/character1.f90 -O3 -fomit-frame-pointer -funroll-all-loops -finline-functions (test for excess errors)
WARNING: libgomp.fortran/character1.f90 -O3 -fomit-frame-pointer -funroll-all-loops -finline-functions compilation failed to produce executable
FAIL: libgomp.fortran/character1.f90 -O3 -g (test for excess errors)
WARNING: libgomp.fortran/character1.f90 -O3 -g compilation failed to produce executable
FAIL: libgomp.fortran/character1.f90 -Os (test for excess errors)
WARNING: libgomp.fortran/character1.f90 -Os compilation failed to produce executable
FAIL: libgomp.fortran/character2.f90 -O0 (test for excess errors)
WARNING: libgomp.fortran/character2.f90 -O0 compilation failed to produce executable
FAIL: libgomp.fortran/character2.f90 -O1 (test for excess errors)
WARNING: libgomp.fortran/character2.f90 -O1 compilation failed to produce executable
FAIL: libgomp.fortran/character2.f90 -O2 (test for excess errors)
WARNING: libgomp.fortran/character2.f90 -O2 compilation failed to produce executable
FAIL: libgomp.fortran/character2.f90 -O3 -fomit-frame-pointer (test for excess errors)
WARNING: libgomp.fortran/character2.f90 -O3 -fomit-frame-pointer compilation failed to produce executable
FAIL: libgomp.fortran/character2.f90 -O3 -fomit-frame-pointer -funroll-loops (test for excess errors)
WARNING: libgomp.fortran/character2.f90 -O3 -fomit-frame-pointer -funroll-loops compilation failed to produce executable
FAIL: libgomp.fortran/character2.f90 -O3 -fomit-frame-pointer -funroll-all-loops -finline-functions (test for excess errors)
WARNING: libgomp.fortran/character2.f90 -O3 -fomit-frame-pointer -funroll-all-loops -finline-functions compilation failed to produce executable
FAIL: libgomp.fortran/character2.f90 -O3 -g (test for excess errors)
WARNING: libgomp.fortran/character2.f90 -O3 -g compilation failed to produce executable
FAIL: libgomp.fortran/character2.f90 -Os (test for excess errors)
WARNING: libgomp.fortran/character2.f90 -Os compilation failed to produce executable
FAIL: libgomp.fortran/jacobi.f -O0 (test for excess errors)
WARNING: libgomp.fortran/jacobi.f -O0 compilation failed to produce executable
FAIL: libgomp.fortran/jacobi.f -O1 (test for excess errors)
WARNING: libgomp.fortran/jacobi.f -O1 compilation failed to produce executable
FAIL: libgomp.fortran/jacobi.f -O2 (test for excess errors)
WARNING: libgomp.fortran/jacobi.f -O2 compilation failed to produce executable
FAIL: libgomp.fortran/jacobi.f -O3 -fomit-frame-pointer (test for excess errors)
WARNING: libgomp.fortran/jacobi.f -O3 -fomit-frame-pointer compilation failed to produce executable
FAIL: libgomp.fortran/jacobi.f -O3 -fomit-frame-pointer -funroll-loops (test for excess errors)
WARNING: libgomp.fortran/jacobi.f -O3 -fomit-frame-pointer -funroll-loops compilation failed to produce executable
FAIL: libgomp.fortran/jacobi.f -O3 -fomit-frame-pointer -funroll-all-loops -finline-functions (test for excess errors)
WARNING: libgomp.fortran/jacobi.f -O3 -fomit-frame-pointer -funroll-all-loops -finline-functions compilation failed to produce executable
FAIL: libgomp.fortran/jacobi.f -O3 -g (test for excess errors)
WARNING: libgomp.fortran/jacobi.f -O3 -g compilation failed to produce executable
FAIL: libgomp.fortran/jacobi.f -Os (test for excess errors)
WARNING: libgomp.fortran/jacobi.f -Os compilation failed to produce executable
FAIL: libgomp.fortran/nestedfn1.f90 -O0 (test for excess errors)
WARNING: libgomp.fortran/nestedfn1.f90 -O0 compilation failed to produce executable
FAIL: libgomp.fortran/nestedfn1.f90 -O1 (test for excess errors)
WARNING: libgomp.fortran/nestedfn1.f90 -O1 compilation failed to produce executable
FAIL: libgomp.fortran/nestedfn1.f90 -O2 (test for excess errors)
WARNING: libgomp.fortran/nestedfn1.f90 -O2 compilation failed to produce executable
FAIL: libgomp.fortran/nestedfn1.f90 -O3 -fomit-frame-pointer (test for excess errors)
WARNING: libgomp.fortran/nestedfn1.f90 -O3 -fomit-frame-pointer compilation failed to produce executable
FAIL: libgomp.fortran/nestedfn1.f90 -O3 -fomit-frame-pointer -funroll-loops (test for excess errors)
WARNING: libgomp.fortran/nestedfn1.f90 -O3 -fomit-frame-pointer -funroll-loops compilation failed to produce executable
FAIL: libgomp.fortran/nestedfn1.f90 -O3 -fomit-frame-pointer -funroll-all-loops -finline-functions (test for excess errors)
WARNING: libgomp.fortran/nestedfn1.f90 -O3 -fomit-frame-pointer -funroll-all-loops -finline-functions compilation failed to produce executable
FAIL: libgomp.fortran/nestedfn1.f90 -O3 -g (test for excess errors)
WARNING: libgomp.fortran/nestedfn1.f90 -O3 -g compilation failed to produce executable
FAIL: libgomp.fortran/nestedfn1.f90 -Os (test for excess errors)
WARNING: libgomp.fortran/nestedfn1.f90 -Os compilation failed to produce executable
FAIL: libgomp.fortran/omp_hello.f -O (test for excess errors)
WARNING: libgomp.fortran/omp_hello.f -O compilation failed to produce executable
FAIL: libgomp.fortran/omp_parse1.f90 -O0 (test for excess errors)
WARNING: libgomp.fortran/omp_parse1.f90 -O0 compilation failed to produce executable
FAIL: libgomp.fortran/omp_parse1.f90 -O1 (test for excess errors)
WARNING: libgomp.fortran/omp_parse1.f90 -O1 compilation failed to produce executable
FAIL: libgomp.fortran/omp_parse1.f90 -O2 (test for excess errors)
WARNING: libgomp.fortran/omp_parse1.f90 -O2 compilation failed to produce executable
FAIL: libgomp.fortran/omp_parse1.f90 -O3 -fomit-frame-pointer (test for excess errors)
WARNING: libgomp.fortran/omp_parse1.f90 -O3 -fomit-frame-pointer compilation failed to produce executable
FAIL: libgomp.fortran/omp_parse1.f90 -O3 -fomit-frame-pointer -funroll-loops (test for excess errors)
WARNING: libgomp.fortran/omp_parse1.f90 -O3 -fomit-frame-pointer -funroll-loops compilation failed to produce executable
FAIL: libgomp.fortran/omp_parse1.f90 -O3 -fomit-frame-pointer -funroll-all-loops -finline-functions (test for excess errors)
WARNING: libgomp.fortran/omp_parse1.f90 -O3 -fomit-frame-pointer -funroll-all-loops -finline-functions compilation failed to produce executable
FAIL: libgomp.fortran/omp_parse1.f90 -O3 -g (test for excess errors)
WARNING: libgomp.fortran/omp_parse1.f90 -O3 -g compilation failed to produce executable
FAIL: libgomp.fortran/omp_parse1.f90 -Os (test for excess errors)
WARNING: libgomp.fortran/omp_parse1.f90 -Os compilation failed to produce executable
FAIL: libgomp.fortran/omp_parse3.f90 -O0 (test for excess errors)
WARNING: libgomp.fortran/omp_parse3.f90 -O0 compilation failed to produce executable
FAIL: libgomp.fortran/omp_parse3.f90 -O1 (test for excess errors)
WARNING: libgomp.fortran/omp_parse3.f90 -O1 compilation failed to produce executable
FAIL: libgomp.fortran/omp_parse3.f90 -O2 (test for excess errors)
WARNING: libgomp.fortran/omp_parse3.f90 -O2 compilation failed to produce executable
FAIL: libgomp.fortran/omp_parse3.f90 -O3 -fomit-frame-pointer (test for excess errors)
WARNING: libgomp.fortran/omp_parse3.f90 -O3 -fomit-frame-pointer compilation failed to produce executable
FAIL: libgomp.fortran/omp_parse3.f90 -O3 -fomit-frame-pointer -funroll-loops (test for excess errors)
WARNING: libgomp.fortran/omp_parse3.f90 -O3 -fomit-frame-pointer -funroll-loops compilation failed to produce executable
FAIL: libgomp.fortran/omp_parse3.f90 -O3 -fomit-frame-pointer -funroll-all-loops -finline-functions (test for excess errors)
WARNING: libgomp.fortran/omp_parse3.f90 -O3 -fomit-frame-pointer -funroll-all-loops -finline-functions compilation failed to produce executable
FAIL: libgomp.fortran/omp_parse3.f90 -O3 -g (test for excess errors)
WARNING: libgomp.fortran/omp_parse3.f90 -O3 -g compilation failed to produce executable
FAIL: libgomp.fortran/omp_parse3.f90 -Os (test for excess errors)
WARNING: libgomp.fortran/omp_parse3.f90 -Os compilation failed to produce executable
FAIL: libgomp.fortran/omp_parse4.f90 -O0 (test for excess errors)
WARNING: libgomp.fortran/omp_parse4.f90 -O0 compilation failed to produce executable
FAIL: libgomp.fortran/omp_parse4.f90 -O1 (test for excess errors)
WARNING: libgomp.fortran/omp_parse4.f90 -O1 compilation failed to produce executable
FAIL: libgomp.fortran/omp_parse4.f90 -O2 (test for excess errors)
WARNING: libgomp.fortran/omp_parse4.f90 -O2 compilation failed to produce executable
FAIL: libgomp.fortran/omp_parse4.f90 -O3 -fomit-frame-pointer (test for excess errors)
WARNING: libgomp.fortran/omp_parse4.f90 -O3 -fomit-frame-pointer compilation failed to produce executable
FAIL: libgomp.fortran/omp_parse4.f90 -O3 -fomit-frame-pointer -funroll-loops (test for excess errors)
WARNING: libgomp.fortran/omp_parse4.f90 -O3 -fomit-frame-pointer -funroll-loops compilation failed to produce executable
FAIL: libgomp.fortran/omp_parse4.f90 -O3 -fomit-frame-pointer -funroll-all-loops -finline-functions (test for excess errors)
WARNING: libgomp.fortran/omp_parse4.f90 -O3 -fomit-frame-pointer -funroll-all-loops -finline-functions compilation failed to produce executable
FAIL: libgomp.fortran/omp_parse4.f90 -O3 -g (test for excess errors)
WARNING: libgomp.fortran/omp_parse4.f90 -O3 -g compilation failed to produce executable
FAIL: libgomp.fortran/omp_parse4.f90 -Os (test for excess errors)
WARNING: libgomp.fortran/omp_parse4.f90 -Os compilation failed to produce executable
FAIL: libgomp.fortran/omp_workshare1.f -O (test for excess errors)
WARNING: libgomp.fortran/omp_workshare1.f -O compilation failed to produce executable
FAIL: libgomp.fortran/omp_workshare2.f -O (test for excess errors)
WARNING: libgomp.fortran/omp_workshare2.f -O compilation failed to produce executable
FAIL: libgomp.fortran/pr25219.f90 -O (test for excess errors)
WARNING: libgomp.fortran/pr25219.f90 -O compilation failed to produce executable
FAIL: libgomp.fortran/reduction1.f90 -O0 (test for excess errors)
WARNING: libgomp.fortran/reduction1.f90 -O0 compilation failed to produce executable
FAIL: libgomp.fortran/reduction1.f90 -O1 (test for excess errors)
WARNING: libgomp.fortran/reduction1.f90 -O1 compilation failed to produce executable
FAIL: libgomp.fortran/reduction1.f90 -O2 (test for excess errors)
WARNING: libgomp.fortran/reduction1.f90 -O2 compilation failed to produce executable
FAIL: libgomp.fortran/reduction1.f90 -O3 -fomit-frame-pointer (test for excess errors)
WARNING: libgomp.fortran/reduction1.f90 -O3 -fomit-frame-pointer compilation failed to produce executable
FAIL: libgomp.fortran/reduction1.f90 -O3 -fomit-frame-pointer -funroll-loops (test for excess errors)
WARNING: libgomp.fortran/reduction1.f90 -O3 -fomit-frame-pointer -funroll-loops compilation failed to produce executable
FAIL: libgomp.fortran/reduction1.f90 -O3 -fomit-frame-pointer -funroll-all-loops -finline-functions (test for excess errors)
WARNING: libgomp.fortran/reduction1.f90 -O3 -fomit-frame-pointer -funroll-all-loops -finline-functions compilation failed to produce executable
FAIL: libgomp.fortran/reduction1.f90 -O3 -g (test for excess errors)
WARNING: libgomp.fortran/reduction1.f90 -O3 -g compilation failed to produce executable
FAIL: libgomp.fortran/reduction1.f90 -Os (test for excess errors)
WARNING: libgomp.fortran/reduction1.f90 -Os compilation failed to produce executable
FAIL: libgomp.fortran/reduction2.f90 -O0 (test for excess errors)
WARNING: libgomp.fortran/reduction2.f90 -O0 compilation failed to produce executable
FAIL: libgomp.fortran/reduction2.f90 -O1 (test for excess errors)
WARNING: libgomp.fortran/reduction2.f90 -O1 compilation failed to produce executable
FAIL: libgomp.fortran/reduction2.f90 -O2 (test for excess errors)
WARNING: libgomp.fortran/reduction2.f90 -O2 compilation failed to produce executable
FAIL: libgomp.fortran/reduction2.f90 -O3 -fomit-frame-pointer (test for excess errors)
WARNING: libgomp.fortran/reduction2.f90 -O3 -fomit-frame-pointer compilation failed to produce executable
FAIL: libgomp.fortran/reduction2.f90 -O3 -fomit-frame-pointer -funroll-loops (test for excess errors)
WARNING: libgomp.fortran/reduction2.f90 -O3 -fomit-frame-pointer -funroll-loops compilation failed to produce executable
FAIL: libgomp.fortran/reduction2.f90 -O3 -fomit-frame-pointer -funroll-all-loops -finline-functions (test for excess errors)
WARNING: libgomp.fortran/reduction2.f90 -O3 -fomit-frame-pointer -funroll-all-loops -finline-functions compilation failed to produce executable
FAIL: libgomp.fortran/reduction2.f90 -O3 -g (test for excess errors)
WARNING: libgomp.fortran/reduction2.f90 -O3 -g compilation failed to produce executable
FAIL: libgomp.fortran/reduction2.f90 -Os (test for excess errors)
WARNING: libgomp.fortran/reduction2.f90 -Os compilation failed to produce executable
FAIL: libgomp.fortran/reduction3.f90 -O0 (test for excess errors)
WARNING: libgomp.fortran/reduction3.f90 -O0 compilation failed to produce executable
FAIL: libgomp.fortran/reduction3.f90 -O1 (test for excess errors)
WARNING: libgomp.fortran/reduction3.f90 -O1 compilation failed to produce executable
FAIL: libgomp.fortran/reduction3.f90 -O2 (test for excess errors)
WARNING: libgomp.fortran/reduction3.f90 -O2 compilation failed to produce executable
FAIL: libgomp.fortran/reduction3.f90 -O3 -fomit-frame-pointer (test for excess errors)
WARNING: libgomp.fortran/reduction3.f90 -O3 -fomit-frame-pointer compilation failed to produce executable
FAIL: libgomp.fortran/reduction3.f90 -O3 -fomit-frame-pointer -funroll-loops (test for excess errors)
WARNING: libgomp.fortran/reduction3.f90 -O3 -fomit-frame-pointer -funroll-loops compilation failed to produce executable
FAIL: libgomp.fortran/reduction3.f90 -O3 -fomit-frame-pointer -funroll-all-loops -finline-functions (test for excess errors)
WARNING: libgomp.fortran/reduction3.f90 -O3 -fomit-frame-pointer -funroll-all-loops -finline-functions compilation failed to produce executable
FAIL: libgomp.fortran/reduction3.f90 -O3 -g (test for excess errors)
WARNING: libgomp.fortran/reduction3.f90 -O3 -g compilation failed to produce executable
FAIL: libgomp.fortran/reduction3.f90 -Os (test for excess errors)
WARNING: libgomp.fortran/reduction3.f90 -Os compilation failed to produce executable
FAIL: libgomp.fortran/reduction4.f90 -O0 (test for excess errors)
WARNING: libgomp.fortran/reduction4.f90 -O0 compilation failed to produce executable
FAIL: libgomp.fortran/reduction4.f90 -O1 (test for excess errors)
WARNING: libgomp.fortran/reduction4.f90 -O1 compilation failed to produce executable
FAIL: libgomp.fortran/reduction4.f90 -O2 (test for excess errors)
WARNING: libgomp.fortran/reduction4.f90 -O2 compilation failed to produce executable
FAIL: libgomp.fortran/reduction4.f90 -O3 -fomit-frame-pointer (test for excess errors)
WARNING: libgomp.fortran/reduction4.f90 -O3 -fomit-frame-pointer compilation failed to produce executable
FAIL: libgomp.fortran/reduction4.f90 -O3 -fomit-frame-pointer -funroll-loops (test for excess errors)
WARNING: libgomp.fortran/reduction4.f90 -O3 -fomit-frame-pointer -funroll-loops compilation failed to produce executable
FAIL: libgomp.fortran/reduction4.f90 -O3 -fomit-frame-pointer -funroll-all-loops -finline-functions (test for excess errors)
WARNING: libgomp.fortran/reduction4.f90 -O3 -fomit-frame-pointer -funroll-all-loops -finline-functions compilation failed to produce executable
FAIL: libgomp.fortran/reduction4.f90 -O3 -g (test for excess errors)
WARNING: libgomp.fortran/reduction4.f90 -O3 -g compilation failed to produce executable
FAIL: libgomp.fortran/reduction4.f90 -Os (test for excess errors)
WARNING: libgomp.fortran/reduction4.f90 -Os compilation failed to produce executable
FAIL: libgomp.fortran/reference1.f90 -O0 (test for excess errors)
WARNING: libgomp.fortran/reference1.f90 -O0 compilation failed to produce executable
FAIL: libgomp.fortran/reference1.f90 -O1 (test for excess errors)
WARNING: libgomp.fortran/reference1.f90 -O1 compilation failed to produce executable
FAIL: libgomp.fortran/reference1.f90 -O2 (test for excess errors)
WARNING: libgomp.fortran/reference1.f90 -O2 compilation failed to produce executable
FAIL: libgomp.fortran/reference1.f90 -O3 -fomit-frame-pointer (test for excess errors)
WARNING: libgomp.fortran/reference1.f90 -O3 -fomit-frame-pointer compilation failed to produce executable
FAIL: libgomp.fortran/reference1.f90 -O3 -fomit-frame-pointer -funroll-loops (test for excess errors)
WARNING: libgomp.fortran/reference1.f90 -O3 -fomit-frame-pointer -funroll-loops compilation failed to produce executable
FAIL: libgomp.fortran/reference1.f90 -O3 -fomit-frame-pointer -funroll-all-loops -finline-functions (test for excess errors)
WARNING: libgomp.fortran/reference1.f90 -O3 -fomit-frame-pointer -funroll-all-loops -finline-functions compilation failed to produce executable
FAIL: libgomp.fortran/reference1.f90 -O3 -g (test for excess errors)
WARNING: libgomp.fortran/reference1.f90 -O3 -g compilation failed to produce executable
FAIL: libgomp.fortran/reference1.f90 -Os (test for excess errors)
WARNING: libgomp.fortran/reference1.f90 -Os compilation failed to produce executable
FAIL: libgomp.fortran/reference2.f90 -O0 (test for excess errors)
WARNING: libgomp.fortran/reference2.f90 -O0 compilation failed to produce executable
FAIL: libgomp.fortran/reference2.f90 -O1 (test for excess errors)
WARNING: libgomp.fortran/reference2.f90 -O1 compilation failed to produce executable
FAIL: libgomp.fortran/reference2.f90 -O2 (test for excess errors)
WARNING: libgomp.fortran/reference2.f90 -O2 compilation failed to produce executable
FAIL: libgomp.fortran/reference2.f90 -O3 -fomit-frame-pointer (test for excess errors)
WARNING: libgomp.fortran/reference2.f90 -O3 -fomit-frame-pointer compilation failed to produce executable
FAIL: libgomp.fortran/reference2.f90 -O3 -fomit-frame-pointer -funroll-loops (test for excess errors)
WARNING: libgomp.fortran/reference2.f90 -O3 -fomit-frame-pointer -funroll-loops compilation failed to produce executable
FAIL: libgomp.fortran/reference2.f90 -O3 -fomit-frame-pointer -funroll-all-loops -finline-functions (test for excess errors)
WARNING: libgomp.fortran/reference2.f90 -O3 -fomit-frame-pointer -funroll-all-loops -finline-functions compilation failed to produce executable
FAIL: libgomp.fortran/reference2.f90 -O3 -g (test for excess errors)
WARNING: libgomp.fortran/reference2.f90 -O3 -g compilation failed to produce executable
FAIL: libgomp.fortran/reference2.f90 -Os (test for excess errors)
WARNING: libgomp.fortran/reference2.f90 -Os compilation failed to produce executable
FAIL: libgomp.fortran/retval1.f90 -O0 (test for excess errors)
WARNING: libgomp.fortran/retval1.f90 -O0 compilation failed to produce executable
FAIL: libgomp.fortran/retval1.f90 -O1 (test for excess errors)
WARNING: libgomp.fortran/retval1.f90 -O1 compilation failed to produce executable
FAIL: libgomp.fortran/retval1.f90 -O2 (test for excess errors)
WARNING: libgomp.fortran/retval1.f90 -O2 compilation failed to produce executable
FAIL: libgomp.fortran/retval1.f90 -O3 -fomit-frame-pointer (test for excess errors)
WARNING: libgomp.fortran/retval1.f90 -O3 -fomit-frame-pointer compilation failed to produce executable
FAIL: libgomp.fortran/retval1.f90 -O3 -fomit-frame-pointer -funroll-loops (test for excess errors)
WARNING: libgomp.fortran/retval1.f90 -O3 -fomit-frame-pointer -funroll-loops compilation failed to produce executable
FAIL: libgomp.fortran/retval1.f90 -O3 -fomit-frame-pointer -funroll-all-loops -finline-functions (test for excess errors)
WARNING: libgomp.fortran/retval1.f90 -O3 -fomit-frame-pointer -funroll-all-loops -finline-functions compilation failed to produce executable
FAIL: libgomp.fortran/retval1.f90 -O3 -g (test for excess errors)
WARNING: libgomp.fortran/retval1.f90 -O3 -g compilation failed to produce executable
FAIL: libgomp.fortran/retval1.f90 -Os (test for excess errors)
WARNING: libgomp.fortran/retval1.f90 -Os compilation failed to produce executable
FAIL: libgomp.fortran/sharing1.f90 -O0 (test for excess errors)
WARNING: libgomp.fortran/sharing1.f90 -O0 compilation failed to produce executable
FAIL: libgomp.fortran/sharing1.f90 -O1 (test for excess errors)
WARNING: libgomp.fortran/sharing1.f90 -O1 compilation failed to produce executable
FAIL: libgomp.fortran/sharing1.f90 -O2 (test for excess errors)
WARNING: libgomp.fortran/sharing1.f90 -O2 compilation failed to produce executable
FAIL: libgomp.fortran/sharing1.f90 -O3 -fomit-frame-pointer (test for excess errors)
WARNING: libgomp.fortran/sharing1.f90 -O3 -fomit-frame-pointer compilation failed to produce executable
FAIL: libgomp.fortran/sharing1.f90 -O3 -fomit-frame-pointer -funroll-loops (test for excess errors)
WARNING: libgomp.fortran/sharing1.f90 -O3 -fomit-frame-pointer -funroll-loops compilation failed to produce executable
FAIL: libgomp.fortran/sharing1.f90 -O3 -fomit-frame-pointer -funroll-all-loops -finline-functions (test for excess errors)
WARNING: libgomp.fortran/sharing1.f90 -O3 -fomit-frame-pointer -funroll-all-loops -finline-functions compilation failed to produce executable
FAIL: libgomp.fortran/sharing1.f90 -O3 -g (test for excess errors)
WARNING: libgomp.fortran/sharing1.f90 -O3 -g compilation failed to produce executable
FAIL: libgomp.fortran/sharing1.f90 -Os (test for excess errors)
WARNING: libgomp.fortran/sharing1.f90 -Os compilation failed to produce executable
FAIL: libgomp.fortran/sharing2.f90 -O0 (test for excess errors)
WARNING: libgomp.fortran/sharing2.f90 -O0 compilation failed to produce executable
FAIL: libgomp.fortran/sharing2.f90 -O1 (test for excess errors)
WARNING: libgomp.fortran/sharing2.f90 -O1 compilation failed to produce executable
FAIL: libgomp.fortran/sharing2.f90 -O2 (test for excess errors)
WARNING: libgomp.fortran/sharing2.f90 -O2 compilation failed to produce executable
FAIL: libgomp.fortran/sharing2.f90 -O3 -fomit-frame-pointer (test for excess errors)
WARNING: libgomp.fortran/sharing2.f90 -O3 -fomit-frame-pointer compilation failed to produce executable
FAIL: libgomp.fortran/sharing2.f90 -O3 -fomit-frame-pointer -funroll-loops (test for excess errors)
WARNING: libgomp.fortran/sharing2.f90 -O3 -fomit-frame-pointer -funroll-loops compilation failed to produce executable
FAIL: libgomp.fortran/sharing2.f90 -O3 -fomit-frame-pointer -funroll-all-loops -finline-functions (test for excess errors)
WARNING: libgomp.fortran/sharing2.f90 -O3 -fomit-frame-pointer -funroll-all-loops -finline-functions compilation failed to produce executable
FAIL: libgomp.fortran/sharing2.f90 -O3 -g (test for excess errors)
WARNING: libgomp.fortran/sharing2.f90 -O3 -g compilation failed to produce executable
FAIL: libgomp.fortran/sharing2.f90 -Os (test for excess errors)
WARNING: libgomp.fortran/sharing2.f90 -Os compilation failed to produce executable
FAIL: libgomp.fortran/vla1.f90 -O0 (test for excess errors)
WARNING: libgomp.fortran/vla1.f90 -O0 compilation failed to produce executable
FAIL: libgomp.fortran/vla1.f90 -O1 (test for excess errors)
WARNING: libgomp.fortran/vla1.f90 -O1 compilation failed to produce executable
FAIL: libgomp.fortran/vla1.f90 -O2 (test for excess errors)
WARNING: libgomp.fortran/vla1.f90 -O2 compilation failed to produce executable
FAIL: libgomp.fortran/vla1.f90 -O3 -fomit-frame-pointer (test for excess errors)
WARNING: libgomp.fortran/vla1.f90 -O3 -fomit-frame-pointer compilation failed to produce executable
FAIL: libgomp.fortran/vla1.f90 -O3 -fomit-frame-pointer -funroll-loops (test for excess errors)
WARNING: libgomp.fortran/vla1.f90 -O3 -fomit-frame-pointer -funroll-loops compilation failed to produce executable
FAIL: libgomp.fortran/vla1.f90 -O3 -fomit-frame-pointer -funroll-all-loops -finline-functions (test for excess errors)
WARNING: libgomp.fortran/vla1.f90 -O3 -fomit-frame-pointer -funroll-all-loops -finline-functions compilation failed to produce executable
FAIL: libgomp.fortran/vla1.f90 -O3 -g (test for excess errors)
WARNING: libgomp.fortran/vla1.f90 -O3 -g compilation failed to produce executable
FAIL: libgomp.fortran/vla1.f90 -Os (test for excess errors)
WARNING: libgomp.fortran/vla1.f90 -Os compilation failed to produce executable
FAIL: libgomp.fortran/vla2.f90 -O0 (test for excess errors)
WARNING: libgomp.fortran/vla2.f90 -O0 compilation failed to produce executable
FAIL: libgomp.fortran/vla2.f90 -O1 (test for excess errors)
WARNING: libgomp.fortran/vla2.f90 -O1 compilation failed to produce executable
FAIL: libgomp.fortran/vla2.f90 -O2 (test for excess errors)
WARNING: libgomp.fortran/vla2.f90 -O2 compilation failed to produce executable
FAIL: libgomp.fortran/vla2.f90 -O3 -fomit-frame-pointer (test for excess errors)
WARNING: libgomp.fortran/vla2.f90 -O3 -fomit-frame-pointer compilation failed to produce executable
FAIL: libgomp.fortran/vla2.f90 -O3 -fomit-frame-pointer -funroll-loops (test for excess errors)
WARNING: libgomp.fortran/vla2.f90 -O3 -fomit-frame-pointer -funroll-loops compilation failed to produce executable
FAIL: libgomp.fortran/vla2.f90 -O3 -fomit-frame-pointer -funroll-all-loops -finline-functions (test for excess errors)
WARNING: libgomp.fortran/vla2.f90 -O3 -fomit-frame-pointer -funroll-all-loops -finline-functions compilation failed to produce executable
FAIL: libgomp.fortran/vla2.f90 -O3 -g (test for excess errors)
WARNING: libgomp.fortran/vla2.f90 -O3 -g compilation failed to produce executable
FAIL: libgomp.fortran/vla2.f90 -Os (test for excess errors)
WARNING: libgomp.fortran/vla2.f90 -Os compilation failed to produce executable
FAIL: libgomp.fortran/vla3.f90 -O0 (test for excess errors)
WARNING: libgomp.fortran/vla3.f90 -O0 compilation failed to produce executable
FAIL: libgomp.fortran/vla3.f90 -O1 (test for excess errors)
WARNING: libgomp.fortran/vla3.f90 -O1 compilation failed to produce executable
FAIL: libgomp.fortran/vla3.f90 -O2 (test for excess errors)
WARNING: libgomp.fortran/vla3.f90 -O2 compilation failed to produce executable
FAIL: libgomp.fortran/vla3.f90 -O3 -fomit-frame-pointer (test for excess errors)
WARNING: libgomp.fortran/vla3.f90 -O3 -fomit-frame-pointer compilation failed to produce executable
FAIL: libgomp.fortran/vla3.f90 -O3 -fomit-frame-pointer -funroll-loops (test for excess errors)
WARNING: libgomp.fortran/vla3.f90 -O3 -fomit-frame-pointer -funroll-loops compilation failed to produce executable
FAIL: libgomp.fortran/vla3.f90 -O3 -fomit-frame-pointer -funroll-all-loops -finline-functions (test for excess errors)
WARNING: libgomp.fortran/vla3.f90 -O3 -fomit-frame-pointer -funroll-all-loops -finline-functions compilation failed to produce executable
FAIL: libgomp.fortran/vla3.f90 -O3 -g (test for excess errors)
WARNING: libgomp.fortran/vla3.f90 -O3 -g compilation failed to produce executable
FAIL: libgomp.fortran/vla3.f90 -Os (test for excess errors)
WARNING: libgomp.fortran/vla3.f90 -Os compilation failed to produce executable
FAIL: libgomp.fortran/vla4.f90 -O0 (test for excess errors)
WARNING: libgomp.fortran/vla4.f90 -O0 compilation failed to produce executable
FAIL: libgomp.fortran/vla4.f90 -O1 (test for excess errors)
WARNING: libgomp.fortran/vla4.f90 -O1 compilation failed to produce executable
FAIL: libgomp.fortran/vla4.f90 -O2 (test for excess errors)
WARNING: libgomp.fortran/vla4.f90 -O2 compilation failed to produce executable
FAIL: libgomp.fortran/vla4.f90 -O3 -fomit-frame-pointer (test for excess errors)
WARNING: libgomp.fortran/vla4.f90 -O3 -fomit-frame-pointer compilation failed to produce executable
FAIL: libgomp.fortran/vla4.f90 -O3 -fomit-frame-pointer -funroll-loops (test for excess errors)
WARNING: libgomp.fortran/vla4.f90 -O3 -fomit-frame-pointer -funroll-loops compilation failed to produce executable
FAIL: libgomp.fortran/vla4.f90 -O3 -fomit-frame-pointer -funroll-all-loops -finline-functions (test for excess errors)
WARNING: libgomp.fortran/vla4.f90 -O3 -fomit-frame-pointer -funroll-all-loops -finline-functions compilation failed to produce executable
FAIL: libgomp.fortran/vla4.f90 -O3 -g (test for excess errors)
WARNING: libgomp.fortran/vla4.f90 -O3 -g compilation failed to produce executable
FAIL: libgomp.fortran/vla4.f90 -Os (test for excess errors)
WARNING: libgomp.fortran/vla4.f90 -Os compilation failed to produce executable
FAIL: libgomp.fortran/vla5.f90 -O0 (test for excess errors)
WARNING: libgomp.fortran/vla5.f90 -O0 compilation failed to produce executable
FAIL: libgomp.fortran/vla5.f90 -O1 (test for excess errors)
WARNING: libgomp.fortran/vla5.f90 -O1 compilation failed to produce executable
FAIL: libgomp.fortran/vla5.f90 -O2 (test for excess errors)
WARNING: libgomp.fortran/vla5.f90 -O2 compilation failed to produce executable
FAIL: libgomp.fortran/vla5.f90 -O3 -fomit-frame-pointer (test for excess errors)
WARNING: libgomp.fortran/vla5.f90 -O3 -fomit-frame-pointer compilation failed to produce executable
FAIL: libgomp.fortran/vla5.f90 -O3 -fomit-frame-pointer -funroll-loops (test for excess errors)
WARNING: libgomp.fortran/vla5.f90 -O3 -fomit-frame-pointer -funroll-loops compilation failed to produce executable
FAIL: libgomp.fortran/vla5.f90 -O3 -fomit-frame-pointer -funroll-all-loops -finline-functions (test for excess errors)
WARNING: libgomp.fortran/vla5.f90 -O3 -fomit-frame-pointer -funroll-all-loops -finline-functions compilation failed to produce executable
FAIL: libgomp.fortran/vla5.f90 -O3 -g (test for excess errors)
WARNING: libgomp.fortran/vla5.f90 -O3 -g compilation failed to produce executable
FAIL: libgomp.fortran/vla5.f90 -Os (test for excess errors)
WARNING: libgomp.fortran/vla5.f90 -Os compilation failed to produce executable
FAIL: libgomp.fortran/vla6.f90 -O0 (test for excess errors)
WARNING: libgomp.fortran/vla6.f90 -O0 compilation failed to produce executable
FAIL: libgomp.fortran/vla6.f90 -O1 (test for excess errors)
WARNING: libgomp.fortran/vla6.f90 -O1 compilation failed to produce executable
FAIL: libgomp.fortran/vla6.f90 -O2 (test for excess errors)
WARNING: libgomp.fortran/vla6.f90 -O2 compilation failed to produce executable
FAIL: libgomp.fortran/vla6.f90 -O3 -fomit-frame-pointer (test for excess errors)
WARNING: libgomp.fortran/vla6.f90 -O3 -fomit-frame-pointer compilation failed to produce executable
FAIL: libgomp.fortran/vla6.f90 -O3 -fomit-frame-pointer -funroll-loops (test for excess errors)
WARNING: libgomp.fortran/vla6.f90 -O3 -fomit-frame-pointer -funroll-loops compilation failed to produce executable
FAIL: libgomp.fortran/vla6.f90 -O3 -fomit-frame-pointer -funroll-all-loops -finline-functions (test for excess errors)
WARNING: libgomp.fortran/vla6.f90 -O3 -fomit-frame-pointer -funroll-all-loops -finline-functions compilation failed to produce executable
FAIL: libgomp.fortran/vla6.f90 -O3 -g (test for excess errors)
WARNING: libgomp.fortran/vla6.f90 -O3 -g compilation failed to produce executable
FAIL: libgomp.fortran/vla6.f90 -Os (test for excess errors)
WARNING: libgomp.fortran/vla6.f90 -Os compilation failed to produce executable
FAIL: libgomp.fortran/vla7.f90 -O0 (test for excess errors)
WARNING: libgomp.fortran/vla7.f90 -O0 compilation failed to produce executable
FAIL: libgomp.fortran/vla7.f90 -O1 (test for excess errors)
WARNING: libgomp.fortran/vla7.f90 -O1 compilation failed to produce executable
FAIL: libgomp.fortran/vla7.f90 -O2 (test for excess errors)
WARNING: libgomp.fortran/vla7.f90 -O2 compilation failed to produce executable
FAIL: libgomp.fortran/vla7.f90 -O3 -fomit-frame-pointer (test for excess errors)
WARNING: libgomp.fortran/vla7.f90 -O3 -fomit-frame-pointer compilation failed to produce executable
FAIL: libgomp.fortran/vla7.f90 -O3 -fomit-frame-pointer -funroll-loops (test for excess errors)
WARNING: libgomp.fortran/vla7.f90 -O3 -fomit-frame-pointer -funroll-loops compilation failed to produce executable
FAIL: libgomp.fortran/vla7.f90 -O3 -fomit-frame-pointer -funroll-all-loops -finline-functions (test for excess errors)
WARNING: libgomp.fortran/vla7.f90 -O3 -fomit-frame-pointer -funroll-all-loops -finline-functions compilation failed to produce executable
FAIL: libgomp.fortran/vla7.f90 -O3 -g (test for excess errors)
WARNING: libgomp.fortran/vla7.f90 -O3 -g compilation failed to produce executable
FAIL: libgomp.fortran/vla7.f90 -Os (test for excess errors)
WARNING: libgomp.fortran/vla7.f90 -Os compilation failed to produce executable
=== libgomp Summary for unix ===
# of expected passes 564
# of unexpected failures 255
=== libgomp Summary ===
# of expected passes 1126
# of unexpected failures 511
=== libjava tests ===
Running target unix/-m32
=== libjava Summary for unix/-m32 ===
# of expected passes 4047
# of expected failures 10
# of untested testcases 8
Running target unix
=== libjava Summary for unix ===
# of expected passes 4047
# of expected failures 10
# of untested testcases 8
=== libjava Summary ===
# of expected passes 8094
# of expected failures 20
# of untested testcases 16
=== libmudflap tests ===
Running target unix/-m32
FAIL: libmudflap.cth/pass37-frag.c (-static -DSTATIC) execution test
FAIL: libmudflap.cth/pass37-frag.c (-static -DSTATIC) output pattern test
FAIL: libmudflap.cth/pass37-frag.c (-static -DSTATIC) (rerun 1) execution test
FAIL: libmudflap.cth/pass37-frag.c (-static -DSTATIC) (rerun 1) output pattern test
FAIL: libmudflap.cth/pass37-frag.c (-static -DSTATIC) (rerun 2) execution test
FAIL: libmudflap.cth/pass37-frag.c (-static -DSTATIC) (rerun 2) output pattern test
FAIL: libmudflap.cth/pass37-frag.c (-static -DSTATIC) (rerun 3) execution test
FAIL: libmudflap.cth/pass37-frag.c (-static -DSTATIC) (rerun 3) output pattern test
FAIL: libmudflap.cth/pass37-frag.c (-static -DSTATIC) (rerun 4) execution test
FAIL: libmudflap.cth/pass37-frag.c (-static -DSTATIC) (rerun 4) output pattern test
FAIL: libmudflap.cth/pass37-frag.c (-static -DSTATIC) (rerun 5) execution test
FAIL: libmudflap.cth/pass37-frag.c (-static -DSTATIC) (rerun 5) output pattern test
FAIL: libmudflap.cth/pass37-frag.c (-static -DSTATIC) (rerun 6) execution test
FAIL: libmudflap.cth/pass37-frag.c (-static -DSTATIC) (rerun 6) output pattern test
FAIL: libmudflap.cth/pass37-frag.c (-static -DSTATIC) (rerun 7) execution test
FAIL: libmudflap.cth/pass37-frag.c (-static -DSTATIC) (rerun 7) output pattern test
FAIL: libmudflap.cth/pass37-frag.c (-static -DSTATIC) (rerun 8) execution test
FAIL: libmudflap.cth/pass37-frag.c (-static -DSTATIC) (rerun 8) output pattern test
FAIL: libmudflap.cth/pass37-frag.c (-static -DSTATIC) (rerun 9) execution test
FAIL: libmudflap.cth/pass37-frag.c (-static -DSTATIC) (rerun 9) output pattern test
FAIL: libmudflap.cth/pass37-frag.c (-static -DSTATIC) (rerun 10) execution test
FAIL: libmudflap.cth/pass37-frag.c (-static -DSTATIC) (rerun 10) output pattern test
FAIL: libmudflap.cth/pass37-frag.c (-static -DSTATIC) (rerun 11) execution test
FAIL: libmudflap.cth/pass37-frag.c (-static -DSTATIC) (rerun 11) output pattern test
FAIL: libmudflap.cth/pass37-frag.c (-static -DSTATIC) (rerun 12) execution test
FAIL: libmudflap.cth/pass37-frag.c (-static -DSTATIC) (rerun 12) output pattern test
FAIL: libmudflap.cth/pass37-frag.c (-static -DSTATIC) (rerun 13) execution test
FAIL: libmudflap.cth/pass37-frag.c (-static -DSTATIC) (rerun 13) output pattern test
FAIL: libmudflap.cth/pass37-frag.c (-static -DSTATIC) (rerun 14) execution test
FAIL: libmudflap.cth/pass37-frag.c (-static -DSTATIC) (rerun 14) output pattern test
FAIL: libmudflap.cth/pass37-frag.c (-static -DSTATIC) (rerun 15) execution test
FAIL: libmudflap.cth/pass37-frag.c (-static -DSTATIC) (rerun 15) output pattern test
FAIL: libmudflap.cth/pass37-frag.c (-static -DSTATIC) (rerun 16) execution test
FAIL: libmudflap.cth/pass37-frag.c (-static -DSTATIC) (rerun 16) output pattern test
FAIL: libmudflap.cth/pass37-frag.c (-static -DSTATIC) (rerun 17) execution test
FAIL: libmudflap.cth/pass37-frag.c (-static -DSTATIC) (rerun 17) output pattern test
FAIL: libmudflap.cth/pass37-frag.c (-static -DSTATIC) (rerun 18) execution test
FAIL: libmudflap.cth/pass37-frag.c (-static -DSTATIC) (rerun 18) output pattern test
FAIL: libmudflap.cth/pass37-frag.c (-static -DSTATIC) (rerun 19) execution test
FAIL: libmudflap.cth/pass37-frag.c (-static -DSTATIC) (rerun 19) output pattern test
FAIL: libmudflap.cth/pass39-frag.c (-static -DSTATIC) execution test
FAIL: libmudflap.cth/pass39-frag.c (-static -DSTATIC) output pattern test
FAIL: libmudflap.cth/pass39-frag.c (-static -DSTATIC) (rerun 1) execution test
FAIL: libmudflap.cth/pass39-frag.c (-static -DSTATIC) (rerun 1) output pattern test
FAIL: libmudflap.cth/pass39-frag.c (-static -DSTATIC) (rerun 2) execution test
FAIL: libmudflap.cth/pass39-frag.c (-static -DSTATIC) (rerun 2) output pattern test
FAIL: libmudflap.cth/pass39-frag.c (-static -DSTATIC) (rerun 3) execution test
FAIL: libmudflap.cth/pass39-frag.c (-static -DSTATIC) (rerun 3) output pattern test
FAIL: libmudflap.cth/pass39-frag.c (-static -DSTATIC) (rerun 4) execution test
FAIL: libmudflap.cth/pass39-frag.c (-static -DSTATIC) (rerun 4) output pattern test
FAIL: libmudflap.cth/pass39-frag.c (-static -DSTATIC) (rerun 5) execution test
FAIL: libmudflap.cth/pass39-frag.c (-static -DSTATIC) (rerun 5) output pattern test
FAIL: libmudflap.cth/pass39-frag.c (-static -DSTATIC) (rerun 6) execution test
FAIL: libmudflap.cth/pass39-frag.c (-static -DSTATIC) (rerun 6) output pattern test
FAIL: libmudflap.cth/pass39-frag.c (-static -DSTATIC) (rerun 7) execution test
FAIL: libmudflap.cth/pass39-frag.c (-static -DSTATIC) (rerun 7) output pattern test
FAIL: libmudflap.cth/pass39-frag.c (-static -DSTATIC) (rerun 8) execution test
FAIL: libmudflap.cth/pass39-frag.c (-static -DSTATIC) (rerun 8) output pattern test
FAIL: libmudflap.cth/pass39-frag.c (-static -DSTATIC) (rerun 9) execution test
FAIL: libmudflap.cth/pass39-frag.c (-static -DSTATIC) (rerun 9) output pattern test
FAIL: libmudflap.cth/pass39-frag.c (-static -DSTATIC) (rerun 10) execution test
FAIL: libmudflap.cth/pass39-frag.c (-static -DSTATIC) (rerun 10) output pattern test
FAIL: libmudflap.cth/pass39-frag.c (-static -DSTATIC) (rerun 11) execution test
FAIL: libmudflap.cth/pass39-frag.c (-static -DSTATIC) (rerun 11) output pattern test
FAIL: libmudflap.cth/pass39-frag.c (-static -DSTATIC) (rerun 12) execution test
FAIL: libmudflap.cth/pass39-frag.c (-static -DSTATIC) (rerun 12) output pattern test
FAIL: libmudflap.cth/pass39-frag.c (-static -DSTATIC) (rerun 13) execution test
FAIL: libmudflap.cth/pass39-frag.c (-static -DSTATIC) (rerun 13) output pattern test
FAIL: libmudflap.cth/pass39-frag.c (-static -DSTATIC) (rerun 14) execution test
FAIL: libmudflap.cth/pass39-frag.c (-static -DSTATIC) (rerun 14) output pattern test
FAIL: libmudflap.cth/pass39-frag.c (-static -DSTATIC) (rerun 15) execution test
FAIL: libmudflap.cth/pass39-frag.c (-static -DSTATIC) (rerun 15) output pattern test
FAIL: libmudflap.cth/pass39-frag.c (-static -DSTATIC) (rerun 16) execution test
FAIL: libmudflap.cth/pass39-frag.c (-static -DSTATIC) (rerun 16) output pattern test
FAIL: libmudflap.cth/pass39-frag.c (-static -DSTATIC) (rerun 17) execution test
FAIL: libmudflap.cth/pass39-frag.c (-static -DSTATIC) (rerun 17) output pattern test
FAIL: libmudflap.cth/pass39-frag.c (-static -DSTATIC) (rerun 18) execution test
FAIL: libmudflap.cth/pass39-frag.c (-static -DSTATIC) (rerun 18) output pattern test
FAIL: libmudflap.cth/pass39-frag.c (-static -DSTATIC) (rerun 19) execution test
FAIL: libmudflap.cth/pass39-frag.c (-static -DSTATIC) (rerun 19) output pattern test
FAIL: libmudflap.cth/pass40-frag.c (-static -DSTATIC) execution test
FAIL: libmudflap.cth/pass40-frag.c (-static -DSTATIC) output pattern test
=== libmudflap Summary for unix/-m32 ===
# of expected passes 1707
# of unexpected failures 82
Running target unix
=== libmudflap Summary for unix ===
# of expected passes 1789
=== libmudflap Summary ===
# of expected passes 3496
# of unexpected failures 82
=== libstdc++ tests ===
Running target unix/-m32
FAIL: 22_locale/messages/members/char/1.cc execution test
FAIL: 22_locale/messages/members/char/2.cc execution test
FAIL: 22_locale/messages/members/char/wrapped_env.cc execution test
FAIL: 22_locale/messages/members/char/wrapped_locale.cc execution test
FAIL: 22_locale/messages_byname/named_equivalence.cc execution test
XPASS: 26_numerics/cmath/c99_classification_macros_c.cc (test for excess errors)
=== libstdc++ Summary for unix/-m32 ===
# of expected passes 4130
# of unexpected failures 5
# of unexpected successes 1
# of expected failures 12
Running target unix
XPASS: 26_numerics/cmath/c99_classification_macros_c.cc (test for excess errors)
XPASS: 27_io/fpos/14320-1.cc execution test
=== libstdc++ Summary for unix ===
# of expected passes 4135
# of unexpected successes 2
# of expected failures 11
=== libstdc++ Summary ===
# of expected passes 8265
# of unexpected failures 5
# of unexpected successes 3
# of expected failures 23
Compiler version: 4.2.0 20060215 (experimental)
Platform: x86_64-suse-linux-gnu
configure flags: --prefix=/opt/gcc/4.2-devel --enable-checking=yes,rtl --enable-threads=posix --enable-clocale=gnu --enable-__cxa_atexit --enable-shared --with-system-zlib x86_64-suse-linux-gnu --enable-languages=c,ada,c++,fortran,java,objc,treelang
Version of binutils: GNU ld version 2.16.91.0.2 20050720 (SuSE Linux)
Version of glibc (/lib/libc.so.6): 2.3.5 (20050802)
Version of glibc (/lib64/libc.so.6): 2.3.5 (20050802)