This is the mail archive of the gcc-testresults@gcc.gnu.org mailing list for the GCC project.


Index Nav: [Date Index] [Subject Index] [Author Index] [Thread Index]
Message Nav: [Date Prev] [Date Next] [Thread Prev] [Thread Next]
Other format: [Raw text]

Results for 4.0.2 20051125 (Red Hat 4.0.2-8.1) testsuite on alpha-redhat-linux-gnu


Hello list

Results from running 'make check':

I need to double the timeout to 600s for my system.
> config.guess
alphapca56-unknown-linux-gnu

This is FC4/RH9 all packages self build for alpha..

Regards
Tom


LAST_UPDATED: 
Native configuration is alpha-redhat-linux-gnu

		=== libjava tests ===


Running target unix
FAIL: gnu.testlet.java.awt.image.SinglePixelPackedSampleModel.getDataElements: uncaught exception at "(int, int, Object, DataBuffer(Byte))" number 5: java.lang.ArrayStoreException
FAIL: gnu.testlet.java.beans.Introspector.getBeanInfo: uncaught exception: java.lang.NoClassDefFoundError: gnu.testlet.java.beans.Introspector.getBeanInfoTestClass not found in gnu.gcj.runtime.SystemClassLoader{urls=[file:./,file:/home/rpmbuild/rpm/BUILD/gcc-4.0.2-20051126/libjava/testsuite/libjava.mauve/,file:/home/rpmbuild/rpm/BUILD/gcc-4.0.2-20051126/obj-alpha-redhat-linux/alpha-redhat-linux/libjava/testsuite/,file:/home/rpmbuild/rpm/BUILD/gcc-4.0.2-20051126/obj-alpha-redhat-linux/alpha-redhat-linux/libjava/testsuite/../libgcj-4.0.2.jar], parent=gnu.gcj.runtime.ExtensionClassLoader{urls=[], parent=null}}
FAIL: gnu.testlet.java.beans.Introspector.getBeanInfo2: uncaught exception: java.lang.NoClassDefFoundError: gnu.testlet.java.beans.Introspector.getBeanInfoTestClass not found in gnu.gcj.runtime.SystemClassLoader{urls=[file:./,file:/home/rpmbuild/rpm/BUILD/gcc-4.0.2-20051126/libjava/testsuite/libjava.mauve/,file:/home/rpmbuild/rpm/BUILD/gcc-4.0.2-20051126/obj-alpha-redhat-linux/alpha-redhat-linux/libjava/testsuite/,file:/home/rpmbuild/rpm/BUILD/gcc-4.0.2-20051126/obj-alpha-redhat-linux/alpha-redhat-linux/libjava/testsuite/../libgcj-4.0.2.jar], parent=gnu.gcj.runtime.ExtensionClassLoader{urls=[], parent=null}}
FAIL: gnu.testlet.java.beans.Introspector.getBeanInfo2_2: uncaught exception: java.lang.NoClassDefFoundError: gnu.testlet.java.beans.Introspector.getBeanInfo2_2TestClass not found in gnu.gcj.runtime.SystemClassLoader{urls=[file:./,file:/home/rpmbuild/rpm/BUILD/gcc-4.0.2-20051126/libjava/testsuite/libjava.mauve/,file:/home/rpmbuild/rpm/BUILD/gcc-4.0.2-20051126/obj-alpha-redhat-linux/alpha-redhat-linux/libjava/testsuite/,file:/home/rpmbuild/rpm/BUILD/gcc-4.0.2-20051126/obj-alpha-redhat-linux/alpha-redhat-linux/libjava/testsuite/../libgcj-4.0.2.jar], parent=gnu.gcj.runtime.ExtensionClassLoader{urls=[], parent=null}}
XPASS: gnu.testlet.java.beans.PropertyDescriptor.constructorTest2: new PropertyDescriptor(prop5) (check bindings) (number 3)
XPASS: gnu.testlet.java.beans.PropertyDescriptor.constructorTest2: new PropertyDescriptor(prop5) (check bindings) (number 5)
XPASS: gnu.testlet.java.beans.PropertyDescriptor.constructorTest2: new PropertyDescriptor(prop6) (check bindings) (number 3)
XPASS: gnu.testlet.java.beans.PropertyDescriptor.constructorTest2: new PropertyDescriptor(prop6) (check bindings) (number 5)
XPASS: gnu.testlet.java.io.ObjectInputOutput.ExtTest (number 2)
FAIL: gnu.testlet.java.io.ObjectInputOutput.OutputTest: gnu.testlet.java.io.ObjectInputOutput.Test\$CallDefault (number 1)
FAIL: gnu.testlet.java.io.ObjectInputOutput.OutputTest: gnu.testlet.java.io.ObjectInputOutput.Test\$NoCallDefault (number 1)
FAIL: gnu.testlet.java.io.ObjectInputOutput.OutputTest: gnu.testlet.java.io.ObjectInputOutput.Test\$HairyGraph (number 1)
FAIL: gnu.testlet.java.io.ObjectInputOutput.OutputTest: gnu.testlet.java.io.ObjectInputOutput.Test\$FinalField (number 1)
FAIL: gnu.testlet.java.io.ObjectInputOutput.OutputTest: gnu.testlet.java.io.ObjectInputOutput.Test\$BadField (number 1)

		=== libjava Summary ===

# of expected passes		10608
# of unexpected failures	9
# of unexpected successes	5
# of expected failures		58
# of untested testcases		8
		=== libstdc++ tests ===


Running target unix
XPASS: 22_locale/locale/cons/12658_thread-1.cc execution test
FAIL: 26_numerics/complex/13450.cc execution test
XPASS: 27_io/fpos/14320-1.cc execution test

		=== libstdc++ Summary ===

# of expected passes		3710
# of unexpected failures	1
# of unexpected successes	2
# of expected failures		12
		=== compile.exp tests ===


Running target unix

		=== compile.exp Summary ===

		=== gcc tests ===


Running target unix
ERROR: tcl error sourcing /home/rpmbuild/rpm/BUILD/gcc-4.0.2-20051126/gcc/testsuite/gcc.c-torture/compile/compile.exp.
ERROR: wrong # args: should be "gcc-dg-test-1 target_compile prog do_what extra_tool_flags"

		=== gcc Summary ===

/export/space/tmp/rpm/BUILD/gcc-4.0.2-20051126/obj-alpha-redhat-linux/gcc/xgcc  version 4.0.2 20051125 (Red Hat 4.0.2-8.1)

		=== g++ tests ===


Running target unix
XPASS: g++.old-deja/g++.other/init5.C execution test

		=== g++ Summary ===

# of expected passes		11403
# of unexpected successes	1
# of expected failures		68
# of unsupported tests		94
/export/space/tmp/rpm/BUILD/gcc-4.0.2-20051126/obj-alpha-redhat-linux/gcc/testsuite/../g++  version 4.0.2 20051125 (Red Hat 4.0.2-8.1)

		=== gcc tests ===


Running target unix
FAIL: gcc.dg/vect/pr18536.c (test for excess errors)
WARNING: gcc.dg/vect/pr18536.c compilation failed to produce executable
XPASS: gcc.dg/vect/vect-85.c scan-tree-dump-times vectorized 1 loops 1
XPASS: gcc.dg/vect/vect-86.c scan-tree-dump-times vectorized 1 loops 1
XPASS: gcc.dg/vect/vect-87.c scan-tree-dump-times vectorized 1 loops 1
XPASS: gcc.dg/vect/vect-87.c scan-tree-dump-times Alignment of access forced using peeling 1
XPASS: gcc.dg/vect/vect-88.c scan-tree-dump-times vectorized 1 loops 1
XPASS: gcc.dg/vect/vect-88.c scan-tree-dump-times Alignment of access forced using peeling 1

		=== gcc Summary ===

# of expected passes		35383
# of unexpected failures	1
# of unexpected successes	6
# of expected failures		88
# of untested testcases		28
# of unsupported tests		546
/export/space/tmp/rpm/BUILD/gcc-4.0.2-20051126/obj-alpha-redhat-linux/gcc/xgcc  version 4.0.2 20051125 (Red Hat 4.0.2-8.1)

		=== gfortran tests ===


Running target unix
FAIL: gfortran.dg/f2c_2.f90  -O0  execution test
FAIL: gfortran.dg/f2c_2.f90  -O1  execution test
FAIL: gfortran.dg/f2c_2.f90  -O2  execution test
FAIL: gfortran.dg/f2c_2.f90  -O3 -fomit-frame-pointer  execution test
FAIL: gfortran.dg/f2c_2.f90  -O3 -fomit-frame-pointer -funroll-loops  execution test
FAIL: gfortran.dg/f2c_2.f90  -O3 -fomit-frame-pointer -funroll-all-loops -finline-functions  execution test
FAIL: gfortran.dg/f2c_2.f90  -O3 -g  execution test
FAIL: gfortran.dg/f2c_2.f90  -Os  execution test
FAIL: gfortran.dg/g77/cabs.f  -O0  execution test
FAIL: gfortran.dg/g77/cabs.f  -O1  execution test
FAIL: gfortran.dg/g77/cabs.f  -O2  execution test
FAIL: gfortran.dg/g77/cabs.f  -O3 -fomit-frame-pointer  execution test
FAIL: gfortran.dg/g77/cabs.f  -O3 -fomit-frame-pointer -funroll-loops  execution test
FAIL: gfortran.dg/g77/cabs.f  -O3 -fomit-frame-pointer -funroll-all-loops -finline-functions  execution test
FAIL: gfortran.dg/g77/cabs.f  -O3 -g  execution test
FAIL: gfortran.dg/g77/cabs.f  -Os  execution test
FAIL: gfortran.dg/g77/f90-intrinsic-mathematical.f  -O0  execution test
FAIL: gfortran.dg/g77/f90-intrinsic-mathematical.f  -O1  execution test
FAIL: gfortran.dg/g77/f90-intrinsic-mathematical.f  -O2  execution test
FAIL: gfortran.dg/g77/f90-intrinsic-mathematical.f  -O3 -fomit-frame-pointer  execution test
FAIL: gfortran.dg/g77/f90-intrinsic-mathematical.f  -O3 -fomit-frame-pointer -funroll-loops  execution test
FAIL: gfortran.dg/g77/f90-intrinsic-mathematical.f  -O3 -fomit-frame-pointer -funroll-all-loops -finline-functions  execution test
FAIL: gfortran.dg/g77/f90-intrinsic-mathematical.f  -O3 -g  execution test
FAIL: gfortran.dg/g77/f90-intrinsic-mathematical.f  -Os  execution test
FAIL: gfortran.fortran-torture/execute/csqrt_1.f90 execution,  -O0 
FAIL: gfortran.fortran-torture/execute/csqrt_1.f90 execution,  -O1 
FAIL: gfortran.fortran-torture/execute/csqrt_1.f90 execution,  -O2 
FAIL: gfortran.fortran-torture/execute/csqrt_1.f90 execution,  -O3 -fomit-frame-pointer 
FAIL: gfortran.fortran-torture/execute/csqrt_1.f90 execution,  -O3 -fomit-frame-pointer -funroll-loops 
FAIL: gfortran.fortran-torture/execute/csqrt_1.f90 execution,  -O3 -fomit-frame-pointer -funroll-all-loops -finline-functions 
FAIL: gfortran.fortran-torture/execute/csqrt_1.f90 execution,  -O3 -g 
FAIL: gfortran.fortran-torture/execute/csqrt_1.f90 execution,  -Os 
FAIL: gfortran.fortran-torture/execute/intrinsic_abs.f90 execution,  -O0 
FAIL: gfortran.fortran-torture/execute/intrinsic_abs.f90 execution,  -O1 
FAIL: gfortran.fortran-torture/execute/intrinsic_abs.f90 execution,  -O2 
FAIL: gfortran.fortran-torture/execute/intrinsic_abs.f90 execution,  -O3 -fomit-frame-pointer 
FAIL: gfortran.fortran-torture/execute/intrinsic_abs.f90 execution,  -O3 -fomit-frame-pointer -funroll-loops 
FAIL: gfortran.fortran-torture/execute/intrinsic_abs.f90 execution,  -O3 -fomit-frame-pointer -funroll-all-loops -finline-functions 
FAIL: gfortran.fortran-torture/execute/intrinsic_abs.f90 execution,  -O3 -g 
FAIL: gfortran.fortran-torture/execute/intrinsic_abs.f90 execution,  -Os 
FAIL: gfortran.fortran-torture/execute/math.f90 execution,  -O0 
FAIL: gfortran.fortran-torture/execute/math.f90 execution,  -O1 
FAIL: gfortran.fortran-torture/execute/math.f90 execution,  -O2 
FAIL: gfortran.fortran-torture/execute/math.f90 execution,  -O3 -fomit-frame-pointer 
FAIL: gfortran.fortran-torture/execute/math.f90 execution,  -O3 -fomit-frame-pointer -funroll-loops 
FAIL: gfortran.fortran-torture/execute/math.f90 execution,  -O3 -fomit-frame-pointer -funroll-all-loops -finline-functions 
FAIL: gfortran.fortran-torture/execute/math.f90 execution,  -O3 -g 
FAIL: gfortran.fortran-torture/execute/math.f90 execution,  -Os 
FAIL: gfortran.fortran-torture/execute/power.f90 execution,  -O0 
FAIL: gfortran.fortran-torture/execute/power.f90 execution,  -O1 
FAIL: gfortran.fortran-torture/execute/power.f90 execution,  -O2 
FAIL: gfortran.fortran-torture/execute/power.f90 execution,  -O3 -fomit-frame-pointer 
FAIL: gfortran.fortran-torture/execute/power.f90 execution,  -O3 -fomit-frame-pointer -funroll-loops 
FAIL: gfortran.fortran-torture/execute/power.f90 execution,  -O3 -fomit-frame-pointer -funroll-all-loops -finline-functions 
FAIL: gfortran.fortran-torture/execute/power.f90 execution,  -O3 -g 
FAIL: gfortran.fortran-torture/execute/power.f90 execution,  -Os 

		=== gfortran Summary ===

# of expected passes		8713
# of unexpected failures	56
# of expected failures		1
# of unsupported tests		17
/export/space/tmp/rpm/BUILD/gcc-4.0.2-20051126/obj-alpha-redhat-linux/gcc/testsuite/../gfortran  version 4.0.2 20051125 (Red Hat 4.0.2-8.1)

		=== objc tests ===


Running target unix

		=== objc Summary ===

# of expected passes		1534
# of unsupported tests		11
/export/space/tmp/rpm/BUILD/gcc-4.0.2-20051126/obj-alpha-redhat-linux/gcc/xgcc  version 4.0.2 20051125 (Red Hat 4.0.2-8.1)


Compiler version: 4.0.2 20051125 (Red Hat 4.0.2-8.1) 
Platform: alpha-redhat-linux-gnu
configure flags: --prefix=/usr --mandir=/usr/share/man --infodir=/usr/share/info --enable-shared --enable-threads=posix --enable-checking=release --with-system-zlib --enable-__cxa_atexit --disable-libunwind-exceptions --enable-libgcj-multifile --enable-java-awt=gtk --with-java-home=/usr/lib/jvm/java-1.4.2-gcj-1.4.2.0/jre --host=alpha-redhat-linux --enable-languages=c,c++,f95,java,objc


Index Nav: [Date Index] [Subject Index] [Author Index] [Thread Index]
Message Nav: [Date Prev] [Date Next] [Thread Prev] [Thread Next]