This is the mail archive of the
gcc-testresults@gcc.gnu.org
mailing list for the GCC project.
Results for 4.2.0 20060213 (experimental) testsuite on i686-pc-linux-gnu
- From: Diego Novillo <dnovillo at redhat dot com>
- To: gcc-testresults at gcc dot gnu dot org
- Date: Mon, 13 Feb 2006 07:04:44 -0500
- Subject: Results for 4.2.0 20060213 (experimental) testsuite on i686-pc-linux-gnu
LAST_UPDATED:
Native configuration is i686-pc-linux-gnu
=== g++ tests ===
Running target unix
FAIL: g++.dg/init/ctor4.C (test for excess errors)
FAIL: g++.dg/parse/register1.C (test for excess errors)
FAIL: g++.old-deja/g++.brendan/warnings4.C (test for excess errors)
FAIL: g++.old-deja/g++.jason/overload34.C (test for excess errors)
FAIL: g++.old-deja/g++.mike/p11110.C (test for excess errors)
=== g++ Summary ===
# of expected passes 12053
# of unexpected failures 5
# of expected failures 66
# of unsupported tests 67
/notnfs/dnovillo/sbox/gcc/bld.toribio/gcc/testsuite/g++/../../g++ version 4.2.0 20060213 (experimental)
=== gcc tests ===
Running target unix
=== gcc Summary ===
# of expected passes 38923
# of expected failures 114
# of untested testcases 28
# of unsupported tests 268
/notnfs/dnovillo/sbox/gcc/bld.toribio/gcc/xgcc version 4.2.0 20060213 (experimental)
=== gfortran tests ===
Running target unix
=== gfortran Summary ===
# of expected passes 11623
# of expected failures 15
# of unsupported tests 16
/notnfs/dnovillo/sbox/gcc/bld.toribio/gcc/testsuite/gfortran/../../gfortran version 4.2.0 20060213 (experimental)
=== objc tests ===
Running target unix
=== objc Summary ===
# of expected passes 1745
# of expected failures 7
# of unsupported tests 23
/notnfs/dnovillo/sbox/gcc/bld.toribio/gcc/xgcc version 4.2.0 20060213 (experimental)
=== libffi tests ===
Running target unix
=== libffi Summary ===
# of expected passes 228
# of unsupported tests 2
=== libgomp tests ===
Running target unix
=== libgomp Summary ===
# of expected passes 131
=== libjava tests ===
Running target unix
FAIL: LargeFile execution - source compiled test
FAIL: LargeFile execution - gij test
FAIL: LargeFile execution - bytecode->native test
FAIL: LargeFile -O3 execution - source compiled test
FAIL: LargeFile execution - gij test
FAIL: LargeFile -O3 execution - bytecode->native test
=== libjava Summary ===
# of expected passes 4035
# of unexpected failures 6
# of expected failures 10
# of untested testcases 14
=== libmudflap tests ===
Running target unix
=== libmudflap Summary ===
# of expected passes 1789
=== libstdc++ tests ===
Running target unix
XPASS: 26_numerics/cmath/c99_classification_macros_c.cc (test for excess errors)
=== libstdc++ Summary ===
# of expected passes 1615
# of unexpected successes 1
# of expected failures 6
# of unsupported tests 4
Compiler version: 4.2.0 20060213 (experimental)
Platform: i686-pc-linux-gnu
configure flags: --prefix=/home/cygnus/dnovillo/perf/sbox/gcc/local.i686/inst.toribio --srcdir=/home/cygnus/dnovillo/perf/sbox/gcc/local.i686/src --enable-mpfr --with-gmp=/home/cygnus/dnovillo/i686 --disable-checking --enable-languages=c,c++,fortran,java,objc