This is the mail archive of the gcc-testresults@gcc.gnu.org mailing list for the GCC project.


Index Nav: [Date Index] [Subject Index] [Author Index] [Thread Index]
Message Nav: [Date Prev] [Date Next] [Thread Prev] [Thread Next]
Other format: [Raw text]

Results for 4.0.3 20060209 (prerelease) testsuite on hppa64-hp-hpux11.11


LAST_UPDATED: Thu Feb  9 02:24:20 UTC 2006 (revision 110784M)

Native configuration is hppa64-hp-hpux11.11

		=== g++ tests ===


Running target unix

		=== g++ Summary ===

# of expected passes		10844
# of expected failures		70
# of unsupported tests		109
/test/gnu/gcc-4.0/objdir/gcc/testsuite/../g++  version 4.0.3 20060209 (prerelease)

		=== gcc tests ===


Running target unix
FAIL: gcc.dg/20050922-1.c (test for excess errors)
WARNING: gcc.dg/20050922-1.c compilation failed to produce executable
XPASS: gcc.dg/funcorder.c scan-assembler-not link_error,%r
FAIL: gcc.dg/torture/asm-subreg-1.c  -O1  (test for excess errors)
FAIL: gcc.dg/torture/asm-subreg-1.c  -O2  (test for excess errors)
FAIL: gcc.dg/torture/asm-subreg-1.c  -O3 -fomit-frame-pointer  (test for excess errors)
FAIL: gcc.dg/torture/asm-subreg-1.c  -O3 -g  (test for excess errors)
FAIL: gcc.dg/torture/asm-subreg-1.c  -Os  (test for excess errors)

		=== gcc Summary ===

# of expected passes		33987
# of unexpected failures	6
# of unexpected successes	1
# of expected failures		71
# of untested testcases		28
# of unsupported tests		531
/test/gnu/gcc-4.0/objdir/gcc/xgcc  version 4.0.3 20060209 (prerelease)

		=== gfortran tests ===


Running target unix

		=== gfortran Summary ===

# of expected passes		8821
# of expected failures		1
# of unsupported tests		17
/test/gnu/gcc-4.0/objdir/gcc/testsuite/../gfortran  version 4.0.3 20060209 (prerelease)

		=== objc tests ===


Running target unix

		=== objc Summary ===

# of expected passes		1546
# of unsupported tests		11
/test/gnu/gcc-4.0/objdir/gcc/xgcc  version 4.0.3 20060209 (prerelease)

		=== libstdc++ tests ===


Running target unix
FAIL: ext/array_allocator/2.cc execution test

		=== libstdc++ Summary ===

# of expected passes		3675
# of unexpected failures	1
# of expected failures		12
# of unsupported tests		19

Compiler version: 4.0.3 20060209 (prerelease) 
Platform: hppa64-hp-hpux11.11
configure flags: --with-gnu-as --with-as=/opt/gnu64/bin/as --with-ld=/usr/ccs/bin/ld --enable-shared --disable-nls --with-local-prefix=/opt/gnu64 --prefix=/opt/gnu64/gcc/gcc-4.0.3 --host=hppa64-hp-hpux11.11 --enable-threads=posix --disable-libmudflap --with-gmp=/opt/gnu64/gcc/gcc-4.0.3 --enable-languages=c,c++,f95,java,objc


Index Nav: [Date Index] [Subject Index] [Author Index] [Thread Index]
Message Nav: [Date Prev] [Date Next] [Thread Prev] [Thread Next]