This is the mail archive of the gcc-testresults@gcc.gnu.org mailing list for the GCC project.


Index Nav: [Date Index] [Subject Index] [Author Index] [Thread Index]
Message Nav: [Date Prev] [Date Next] [Thread Prev] [Thread Next]
Other format: [Raw text]

Results for 4.2.0 20060207 (experimental) testsuite on x86_64-unknown-linux-gnu


LAST_UPDATED: 
Native configuration is x86_64-unknown-linux-gnu

		=== g++ tests ===


Running target unix
FAIL: g++.dg/init/ctor4.C (test for excess errors)
FAIL: g++.dg/parse/register1.C (test for excess errors)
FAIL: g++.old-deja/g++.brendan/warnings4.C (test for excess errors)
FAIL: g++.old-deja/g++.jason/overload34.C (test for excess errors)
FAIL: g++.old-deja/g++.mike/p11110.C (test for excess errors)

		=== g++ Summary ===

# of expected passes		11970
# of unexpected failures	5
# of expected failures		67
# of unsupported tests		96
/notnfs/dnovillo/sbox/gcc/bld.ton/gcc/testsuite/g++/../../g++  version 4.2.0 20060207 (experimental)

		=== gcc tests ===


Running target unix
WARNING: gcc.dg/torture/fp-int-convert-float128-timode.c  -O0  compilation failed to produce executable
WARNING: gcc.dg/torture/fp-int-convert-float128-timode.c  -O1  compilation failed to produce executable
WARNING: gcc.dg/torture/fp-int-convert-float128-timode.c  -O2  compilation failed to produce executable
WARNING: gcc.dg/torture/fp-int-convert-float128-timode.c  -O3 -fomit-frame-pointer  compilation failed to produce executable
WARNING: gcc.dg/torture/fp-int-convert-float128-timode.c  -O3 -g  compilation failed to produce executable
WARNING: gcc.dg/torture/fp-int-convert-float128-timode.c  -Os  compilation failed to produce executable
WARNING: gcc.dg/torture/fp-int-convert-float128.c  -O0  compilation failed to produce executable
WARNING: gcc.dg/torture/fp-int-convert-float128.c  -O1  compilation failed to produce executable
WARNING: gcc.dg/torture/fp-int-convert-float128.c  -O2  compilation failed to produce executable
WARNING: gcc.dg/torture/fp-int-convert-float128.c  -O3 -fomit-frame-pointer  compilation failed to produce executable
WARNING: gcc.dg/torture/fp-int-convert-float128.c  -O3 -g  compilation failed to produce executable
WARNING: gcc.dg/torture/fp-int-convert-float128.c  -Os  compilation failed to produce executable

		=== gcc Summary ===

# of expected passes		38736
# of expected failures		125
# of untested testcases		28
# of unsupported tests		378
/notnfs/dnovillo/sbox/gcc/bld.ton/gcc/xgcc  version 4.2.0 20060207 (experimental)

		=== gfortran tests ===


Running target unix

		=== gfortran Summary ===

# of expected passes		11545
# of expected failures		18
# of unsupported tests		16
/notnfs/dnovillo/sbox/gcc/bld.ton/gcc/testsuite/gfortran/../../gfortran  version 4.2.0 20060207 (experimental)

		=== objc tests ===


Running target unix

		=== objc Summary ===

# of expected passes		1745
# of expected failures		7
# of unsupported tests		23
/notnfs/dnovillo/sbox/gcc/bld.ton/gcc/xgcc  version 4.2.0 20060207 (experimental)

		=== libffi tests ===


Running target unix

		=== libffi Summary ===

# of expected passes		228
# of unsupported tests		2
		=== libgomp tests ===


Running target unix
FAIL: libgomp.c/appendix-a/a.18.1.c execution test
FAIL: libgomp.c/appendix-a/a.19.1.c execution test
FAIL: libgomp.c/appendix-a/a.21.1.c execution test
FAIL: libgomp.c/atomic-2.c (test for excess errors)
WARNING: libgomp.c/atomic-2.c compilation failed to produce executable
FAIL: libgomp.c/critical-1.c execution test
FAIL: libgomp.c/nestedfn-1.c execution test
FAIL: libgomp.c/nestedfn-3.c execution test
FAIL: libgomp.c/omp_hello.c execution test
FAIL: libgomp.c/omp_workshare4.c execution test
FAIL: libgomp.c/ordered-1.c execution test
FAIL: libgomp.c/pr24455.c execution test
FAIL: libgomp.c/reduction-2.c execution test
FAIL: libgomp.c/reduction-4.c execution test
FAIL: libgomp.c/single-1.c execution test

		=== libgomp Summary ===

# of expected passes		116
# of unexpected failures	14
		=== libjava tests ===


Running target unix
FAIL: PR9577 run
FAIL: simple run
FAIL: calls run
FAIL: field run
FAIL: findclass run
FAIL: iface run
FAIL: invoke execution - gij test
FAIL: jniutf run
FAIL: martin run
FAIL: pr23739 execution - gij test
FAIL: simple_int run
FAIL: PR16923 run
FAIL: ArrayStore -O3 execution - source compiled test
FAIL: ArrayStore2 execution - gij test
FAIL: ArrayStore2 -O3 execution - bytecode->native test
FAIL: Array_1 execution - source compiled test
FAIL: Array_1 -O3 execution - source compiled test
FAIL: Array_1 execution - gij test
FAIL: Class_1 execution - source compiled test
FAIL: CompareNaN execution - source compiled test
FAIL: Divide_1 execution - source compiled test
FAIL: EvaluationOrder -O3 execution - bytecode->native test
FAIL: ExtraClassLoader execution - source compiled test
FAIL: ExtraClassLoader execution - gij test
FAIL: ExtraClassLoader execution - bytecode->native test
FAIL: ExtraClassLoader -O3 execution - source compiled test
FAIL: FileHandleGcTest execution - source compiled test
FAIL: FileHandleGcTest execution - bytecode->native test
FAIL: FileHandleGcTest -O3 execution - source compiled test
FAIL: FileHandleGcTest -O3 execution - bytecode->native test
FAIL: Final execution - gij test
FAIL: G19990301_01 execution - bytecode->native test
FAIL: G19990301_01 execution - gij test
FAIL: G19990302_02 -O3 execution - source compiled test
FAIL: G19990303_01 execution - source compiled test
FAIL: G19990303_01 execution - gij test
FAIL: G19990304_01 execution - gij test
FAIL: G19990304_01 execution - bytecode->native test
FAIL: G19990310_01 execution - gij test
FAIL: II execution - source compiled test
FAIL: II execution - bytecode->native test
FAIL: II -O3 execution - source compiled test
FAIL: InterfaceDispatch -O3 execution - source compiled test
FAIL: InvokeInterface execution - source compiled test
FAIL: InvokeInterface -O3 execution - source compiled test
FAIL: InvokeInterface execution - gij test
FAIL: Invoke_1 -O3 execution - source compiled test
FAIL: Invoke_2 execution - bytecode->native test
FAIL: LargeFile execution - source compiled test
FAIL: LargeFile execution - gij test
FAIL: LargeFile execution - bytecode->native test
FAIL: LargeFile -O3 execution - source compiled test
FAIL: LargeFile execution - gij test
FAIL: LargeFile -O3 execution - bytecode->native test
FAIL: MathBuiltin execution - bytecode->native test
FAIL: Matrix4f -O3 execution - source compiled test
FAIL: N19990310_02 execution - source compiled test
FAIL: N19990310_02 execution - gij test
FAIL: N19990310_02 -O3 execution - source compiled test
FAIL: N19990310_3 execution - gij test
FAIL: N19990310_5 execution - source compiled test
FAIL: N19990310_5 execution - gij test
FAIL: Overflow execution - bytecode->native test
FAIL: Overflow execution - gij test
FAIL: Overflow -O3 execution - bytecode->native test
FAIL: PR12915 execution - gij test
FAIL: PR160 -O3 execution - bytecode->native test
FAIL: PR162 execution - bytecode->native test
FAIL: PR16867 execution - gij test
FAIL: PR16867 execution - bytecode->native test
FAIL: PR16867 -O3 execution - source compiled test
FAIL: PR19870 -O3 execution - source compiled test
FAIL: PR19870 -O3 execution - bytecode->native test
FAIL: PR19870_2 execution - gij test
FAIL: PR19921 execution - bytecode->native test
FAIL: PR20056 -O3 execution - source compiled test
FAIL: PR25535 -O3 execution - bytecode->native test
FAIL: PR260 execution - source compiled test
FAIL: PR260 execution - gij test
FAIL: PR3731 -O3 execution - source compiled test
FAIL: PR3731 -O3 execution - bytecode->native test
FAIL: PR56 -O3 execution - bytecode->native test
FAIL: PR6085 execution - gij test
FAIL: PR6085 -O3 execution - bytecode->native test
FAIL: PR6204 execution - gij test
FAIL: PR7482 execution - source compiled test
FAIL: PR7482 execution - gij test
FAIL: Process_2 execution - gij test
FAIL: Process_3 execution - bytecode->native test
FAIL: Process_4 execution - bytecode->native test
FAIL: Process_4 -O3 execution - source compiled test
FAIL: Process_5 -O3 execution - bytecode->native test
FAIL: Process_6 execution - source compiled test
FAIL: Serialization -O3 execution - bytecode->native test
FAIL: Shazam execution - bytecode->native test
FAIL: Shazam execution - gij test
FAIL: StaticConstructor execution - source compiled test
FAIL: StaticConstructor execution - bytecode->native test
FAIL: StringBuffer_1 -O3 execution - bytecode->native test
FAIL: SyncGlobal execution - bytecode->native test
FAIL: SyncTest -O3 execution - bytecode->native test
FAIL: Synch execution - gij test
FAIL: Synch -O3 execution - source compiled test
FAIL: Thread_Sleep -O3 execution - bytecode->native test
FAIL: Throw_1 -O3 execution - bytecode->native test
FAIL: Throw_2 -O3 execution - source compiled test
FAIL: anon -O3 execution - source compiled test
FAIL: anon2 execution - source compiled test
FAIL: anon2 -O3 execution - source compiled test
FAIL: anon2 execution - gij test
FAIL: anon3 execution - source compiled test
FAIL: anon3 execution - gij test
FAIL: anon4 execution - gij test
FAIL: anon_ctor_itf_arg execution - gij test
FAIL: anonarray2 -O3 execution - source compiled test
FAIL: assign -O3 execution - bytecode->native test
FAIL: assign2 execution - gij test
FAIL: bytearray -O3 execution - source compiled test
FAIL: direct_read execution - source compiled test
FAIL: direct_read execution - gij test
FAIL: direct_write execution - bytecode->native test
FAIL: direct_write execution - gij test
FAIL: emptystring -O3 execution - bytecode->native test
FAIL: err1 execution - source compiled test
FAIL: err11 execution - source compiled test
FAIL: err12 -O3 execution - source compiled test
FAIL: err3 -O3 execution - source compiled test
FAIL: err6 execution - source compiled test
FAIL: err7 execution - source compiled test
FAIL: err7 execution - gij test
FAIL: err7 -O3 execution - bytecode->native test
FAIL: err8 execution - source compiled test
FAIL: err8 -O3 execution - source compiled test
FAIL: err8 execution - gij test
FAIL: err9 -O3 execution - source compiled test
FAIL: final_int execution - gij test
FAIL: final_static_and_friend -O3 execution - source compiled test
FAIL: final_static_and_friend execution - gij test
FAIL: indirect execution - bytecode->native test
FAIL: indirect_read execution - gij test
FAIL: initexc execution - bytecode->native test
FAIL: initexc -O3 execution - bytecode->native test
FAIL: initfield -O3 execution - bytecode->native test
FAIL: inline execution - bytecode->native test
FAIL: inner3 execution - gij test
FAIL: inner3 execution - bytecode->native test
FAIL: inner3 -O3 execution - source compiled test
FAIL: inner4 -O3 execution - bytecode->native test
FAIL: inner_array execution - source compiled test
FAIL: inner_array execution - bytecode->native test
FAIL: inner_array -O3 execution - source compiled test
FAIL: inner_array execution - gij test
FAIL: instance execution - source compiled test
FAIL: instinit execution - gij test
FAIL: instinit -O3 execution - bytecode->native test
FAIL: invoke_from_inner -O3 execution - bytecode->native test
FAIL: invokethrow execution - source compiled test
FAIL: klass execution - gij test
FAIL: klass execution - bytecode->native test
FAIL: multiple_finit execution - source compiled test
FAIL: negzero execution - source compiled test
FAIL: nested_with_ctor -O3 execution - bytecode->native test
FAIL: newarray_overflow execution - gij test
FAIL: newarray_overflow execution - bytecode->native test
FAIL: override execution - source compiled test
FAIL: override execution - bytecode->native test
FAIL: pr109 execution - gij test
FAIL: pr13107 execution - source compiled test
FAIL: pr13107_2 -O3 execution - bytecode->native test
FAIL: pr16789 execution - gij test
FAIL: pr17536 execution - source compiled test
FAIL: pr17536 execution - gij test
FAIL: pr179 execution - bytecode->native test
FAIL: pr179 -O3 execution - source compiled test
FAIL: pr21785 execution - source compiled test
FAIL: pr25676 execution - source compiled test
FAIL: pr25676 -O3 execution - source compiled test
FAIL: pr6388 execution - gij test
FAIL: pr83 execution - gij test
FAIL: pr8676 execution - gij test
FAIL: pr8676 execution - gij test
FAIL: pr8823 execution - gij test
FAIL: pr8823 execution - bytecode->native test
FAIL: pr8823 -O3 execution - source compiled test
FAIL: pr8945 execution - source compiled test
FAIL: pr8945 execution - bytecode->native test
FAIL: search_outer execution - gij test
FAIL: shatest execution - source compiled test
FAIL: shatest -O3 execution - source compiled test
FAIL: tp execution - gij test
FAIL: update_outer execution - source compiled test
FAIL: update_outer -O3 execution - bytecode->native test
FAIL: utf8concat execution - source compiled test
FAIL: utf8concat execution - bytecode->native test
FAIL: utf8concat -O3 execution - bytecode->native test
FAIL: verify execution - bytecode->native test

		=== libjava Summary ===

# of expected passes		3651
# of unexpected failures	196
# of expected failures		10
# of untested testcases		204
		=== libmudflap tests ===


Running target unix

		=== libmudflap Summary ===

# of expected passes		1789
		=== libstdc++ tests ===


Running target unix
XPASS: 26_numerics/cmath/c99_classification_macros_c.cc (test for excess errors)
XPASS: 27_io/fpos/14320-1.cc execution test

		=== libstdc++ Summary ===

# of expected passes		4104
# of unexpected successes	2
# of expected failures		11
# of unsupported tests		4

Compiler version: 4.2.0 20060207 (experimental) 
Platform: x86_64-unknown-linux-gnu
configure flags: --prefix=/home/cygnus/dnovillo/perf/sbox/gcc/local.x86_64/inst.ton --srcdir=/home/cygnus/dnovillo/perf/sbox/gcc/local.x86_64/src --enable-mpfr --disable-multilib --with-gmp=/home/cygnus/dnovillo/x86_64 --enable-languages=c,c++,fortran,java,objc


Index Nav: [Date Index] [Subject Index] [Author Index] [Thread Index]
Message Nav: [Date Prev] [Date Next] [Thread Prev] [Thread Next]